20.171.207.162 - - [17/Jul/2025:12:08:25 -0400] "GET /de9ca2/?edit=libdcrypt_openssl.so&path=%2Flib64%2Fdovecot HTTP/1.1" 200 1627 "-" "Mozilla/5.0 AppleWebKit/537.36 (KHTML, like Gecko; compatible; GPTBot/1.2; +https://openai.com/gptbot)"
20.171.207.162 - - [17/Jul/2025:12:08:26 -0400] "GET /de9ca2/?edit=sample_data.sql&path=%2Fvar%2Fsoftaculous%2Fconc8 HTTP/1.1" 200 99350 "-" "Mozilla/5.0 AppleWebKit/537.36 (KHTML, like Gecko; compatible; GPTBot/1.2; +https://openai.com/gptbot)"
20.171.207.162 - - [17/Jul/2025:12:08:27 -0400] "GET /de9ca2/?edit=dovecot.index.log&path=%2Fhome%2Fkatmhsmi%2Fmail%2F.Sent HTTP/1.1" 200 785 "-" "Mozilla/5.0 AppleWebKit/537.36 (KHTML, like Gecko; compatible; GPTBot/1.2; +https://openai.com/gptbot)"
20.171.207.162 - - [17/Jul/2025:12:08:28 -0400] "GET /de9ca2/?path=%2Flib64%2Fqt5%2Fplugins HTTP/1.1" 200 817 "-" "Mozilla/5.0 AppleWebKit/537.36 (KHTML, like Gecko; compatible; GPTBot/1.2; +https://openai.com/gptbot)"
20.171.207.162 - - [17/Jul/2025:12:08:30 -0400] "GET /de9ca2/?edit=ncurses.h&path=%2Fusr%2Finclude%2Fncurses HTTP/1.1" 200 21154 "-" "Mozilla/5.0 AppleWebKit/537.36 (KHTML, like Gecko; compatible; GPTBot/1.2; +https://openai.com/gptbot)"
20.171.207.162 - - [17/Jul/2025:12:08:31 -0400] "GET /de9ca2/?path=%2Fopt%2Falt%2Ftests%2Falt-php82-pecl-xhprof-tideways_5.0.4-2.el8 HTTP/1.1" 200 659 "-" "Mozilla/5.0 AppleWebKit/537.36 (KHTML, like Gecko; compatible; GPTBot/1.2; +https://openai.com/gptbot)"
20.171.207.162 - - [17/Jul/2025:12:08:32 -0400] "GET /de9ca2/?edit=_config.php&path=%2Fvar%2Fsoftaculous%2Fmagento2 HTTP/1.1" 200 2945 "-" "Mozilla/5.0 AppleWebKit/537.36 (KHTML, like Gecko; compatible; GPTBot/1.2; +https://openai.com/gptbot)"
20.171.207.162 - - [17/Jul/2025:12:08:33 -0400] "GET /de9ca2/?path=%2Flib64%2Fcmake%2F.. HTTP/1.1" 200 20323 "-" "Mozilla/5.0 AppleWebKit/537.36 (KHTML, like Gecko; compatible; GPTBot/1.2; +https://openai.com/gptbot)"
20.171.207.162 - - [17/Jul/2025:12:08:34 -0400] "GET /de9ca2/?edit=net-lib.sh&path=%2Flib%2Fdracut%2Fmodules.d%2F40network HTTP/1.1" 200 7848 "-" "Mozilla/5.0 AppleWebKit/537.36 (KHTML, like Gecko; compatible; GPTBot/1.2; +https://openai.com/gptbot)"
20.171.207.162 - - [17/Jul/2025:12:08:35 -0400] "GET /de9ca2/?path=%2Fvar%2Fsoftaculous%2Fuauctions%2Fimages HTTP/1.1" 200 699 "-" "Mozilla/5.0 AppleWebKit/537.36 (KHTML, like Gecko; compatible; GPTBot/1.2; +https://openai.com/gptbot)"
20.171.207.162 - - [17/Jul/2025:12:08:36 -0400] "GET /de9ca2/?path=%2Fvar%2Fsoftaculous%2Fsupercali%2Fimages HTTP/1.1" 200 700 "-" "Mozilla/5.0 AppleWebKit/537.36 (KHTML, like Gecko; compatible; GPTBot/1.2; +https://openai.com/gptbot)"
20.171.207.162 - - [17/Jul/2025:12:08:38 -0400] "GET /de9ca2/?path=%2Fhome%2Fkatmhsmi%2F.cphorde%2F.. HTTP/1.1" 200 1182 "-" "Mozilla/5.0 AppleWebKit/537.36 (KHTML, like Gecko; compatible; GPTBot/1.2; +https://openai.com/gptbot)"
20.171.207.162 - - [17/Jul/2025:12:08:39 -0400] "GET /de9ca2/?edit=mysqld-err.log&path=%2Fvar%2Flib%2Fmysql HTTP/1.1" 200 16877 "-" "Mozilla/5.0 AppleWebKit/537.36 (KHTML, like Gecko; compatible; GPTBot/1.2; +https://openai.com/gptbot)"
20.171.207.162 - - [17/Jul/2025:12:08:40 -0400] "GET /de9ca2/?edit=dvb-fe-xc5000c-4.1.30.7.fw&path=%2Flib%2Ffirmware HTTP/1.1" 200 5911 "-" "Mozilla/5.0 AppleWebKit/537.36 (KHTML, like Gecko; compatible; GPTBot/1.2; +https://openai.com/gptbot)"
20.171.207.162 - - [17/Jul/2025:12:08:41 -0400] "GET /de9ca2/?edit=big5hkscs.py&path=%2Flib64%2Fpython3.6%2Fencodings HTTP/1.1" 200 2521 "-" "Mozilla/5.0 AppleWebKit/537.36 (KHTML, like Gecko; compatible; GPTBot/1.2; +https://openai.com/gptbot)"
20.171.207.162 - - [17/Jul/2025:12:08:42 -0400] "GET /de9ca2/?path=%2Fopt%2Falt%2Ftests%2Falt-php82-pecl-xhprof-tideways_5.0.4-2.el8%2Ftests HTTP/1.1" 200 924 "-" "Mozilla/5.0 AppleWebKit/537.36 (KHTML, like Gecko; compatible; GPTBot/1.2; +https://openai.com/gptbot)"
20.171.207.162 - - [17/Jul/2025:12:08:43 -0400] "GET /de9ca2/?edit=libQt5MultimediaWidgets.so.5.15&path=%2Fusr%2Flib64 HTTP/1.1" 200 20451 "-" "Mozilla/5.0 AppleWebKit/537.36 (KHTML, like Gecko; compatible; GPTBot/1.2; +https://openai.com/gptbot)"
66.249.74.96 - - [17/Jul/2025:12:08:44 -0400] "GET /second137034342.html HTTP/1.1" 301 0 "-" "Mozilla/5.0 (Linux; Android 6.0.1; Nexus 5X Build/MMB29P) AppleWebKit/537.36 (KHTML, like Gecko) Chrome/137.0.7151.103 Mobile Safari/537.36 (compatible; Googlebot/2.1; +http://www.google.com/bot.html)"
66.249.74.96 - - [17/Jul/2025:12:08:44 -0400] "GET /shed205008032.html HTTP/1.1" 301 0 "-" "Mozilla/5.0 (Linux; Android 6.0.1; Nexus 5X Build/MMB29P) AppleWebKit/537.36 (KHTML, like Gecko) Chrome/137.0.7151.103 Mobile Safari/537.36 (compatible; Googlebot/2.1; +http://www.google.com/bot.html)"
66.249.65.196 - - [17/Jul/2025:12:08:44 -0400] "GET /second137034342.html HTTP/1.1" 404 4119 "-" "Mozilla/5.0 (Linux; Android 6.0.1; Nexus 5X Build/MMB29P) AppleWebKit/537.36 (KHTML, like Gecko) Chrome/137.0.7151.103 Mobile Safari/537.36 (compatible; Googlebot/2.1; +http://www.google.com/bot.html)"
66.249.65.197 - - [17/Jul/2025:12:08:44 -0400] "GET /shed205008032.html HTTP/1.1" 404 4119 "-" "Mozilla/5.0 (Linux; Android 6.0.1; Nexus 5X Build/MMB29P) AppleWebKit/537.36 (KHTML, like Gecko) Chrome/137.0.7151.103 Mobile Safari/537.36 (compatible; Googlebot/2.1; +http://www.google.com/bot.html)"
20.171.207.162 - - [17/Jul/2025:12:08:45 -0400] "GET /de9ca2/?edit=shift_jisx0213.py&path=%2Flib64%2Fpython3.8%2Fencodings HTTP/1.1" 200 2553 "-" "Mozilla/5.0 AppleWebKit/537.36 (KHTML, like Gecko; compatible; GPTBot/1.2; +https://openai.com/gptbot)"
20.171.207.162 - - [17/Jul/2025:12:08:46 -0400] "GET /de9ca2/?edit=shift_jisx0213.pyo&path=%2Flib64%2Fpython2.7%2Fencodings HTTP/1.1" 200 3749 "-" "Mozilla/5.0 AppleWebKit/537.36 (KHTML, like Gecko; compatible; GPTBot/1.2; +https://openai.com/gptbot)"
20.171.207.162 - - [17/Jul/2025:12:08:47 -0400] "GET /de9ca2/?edit=shift_jisx0213.py&path=%2Flib64%2Fpython3.6%2Fencodings HTTP/1.1" 200 2534 "-" "Mozilla/5.0 AppleWebKit/537.36 (KHTML, like Gecko; compatible; GPTBot/1.2; +https://openai.com/gptbot)"
20.171.207.162 - - [17/Jul/2025:12:08:48 -0400] "GET /de9ca2/?edit=shift_jisx0213.pyc&path=%2Flib64%2Fpython2.7%2Fencodings HTTP/1.1" 200 3804 "-" "Mozilla/5.0 AppleWebKit/537.36 (KHTML, like Gecko; compatible; GPTBot/1.2; +https://openai.com/gptbot)"
20.171.207.162 - - [17/Jul/2025:12:08:49 -0400] "GET /de9ca2/?edit=shift_jisx0213.py&path=%2Flib64%2Fpython2.7%2Fencodings HTTP/1.1" 200 4207 "-" "Mozilla/5.0 AppleWebKit/537.36 (KHTML, like Gecko; compatible; GPTBot/1.2; +https://openai.com/gptbot)"
20.171.207.162 - - [17/Jul/2025:12:08:50 -0400] "GET /de9ca2/?path=%2Flib64%2Fpython3.8%2Fctypes%2Fmacholib HTTP/1.1" 200 791 "-" "Mozilla/5.0 AppleWebKit/537.36 (KHTML, like Gecko; compatible; GPTBot/1.2; +https://openai.com/gptbot)"
20.171.207.162 - - [17/Jul/2025:12:08:51 -0400] "GET /de9ca2/?path=%2Flib64%2Fpython3.6%2Fctypes%2Fmacholib HTTP/1.1" 200 791 "-" "Mozilla/5.0 AppleWebKit/537.36 (KHTML, like Gecko; compatible; GPTBot/1.2; +https://openai.com/gptbot)"
20.171.207.162 - - [17/Jul/2025:12:08:53 -0400] "GET /de9ca2/?path=%2Fvar%2Fsoftaculous%2Fselfoss%2Fimages HTTP/1.1" 200 700 "-" "Mozilla/5.0 AppleWebKit/537.36 (KHTML, like Gecko; compatible; GPTBot/1.2; +https://openai.com/gptbot)"
20.171.207.162 - - [17/Jul/2025:12:08:54 -0400] "GET /de9ca2/?path=%2Flib%2Ffirmware%2Fnetronome%2Fflower HTTP/1.1" 200 927 "-" "Mozilla/5.0 AppleWebKit/537.36 (KHTML, like Gecko; compatible; GPTBot/1.2; +https://openai.com/gptbot)"
20.171.207.162 - - [17/Jul/2025:12:08:55 -0400] "GET /de9ca2/?path=%2Fvar%2Fsoftaculous%2Fsmf%2Flanguages HTTP/1.1" 200 1192 "-" "Mozilla/5.0 AppleWebKit/537.36 (KHTML, like Gecko; compatible; GPTBot/1.2; +https://openai.com/gptbot)"
20.171.207.162 - - [17/Jul/2025:12:08:56 -0400] "GET /de9ca2/?path=%2Fvar%2Fsoftaculous%2Fomekas%2Fimages HTTP/1.1" 200 698 "-" "Mozilla/5.0 AppleWebKit/537.36 (KHTML, like Gecko; compatible; GPTBot/1.2; +https://openai.com/gptbot)"
20.171.207.162 - - [17/Jul/2025:12:08:57 -0400] "GET /de9ca2/?path=%2Fvar%2Fsoftaculous%2Fcszcms%2Fimages HTTP/1.1" 200 696 "-" "Mozilla/5.0 AppleWebKit/537.36 (KHTML, like Gecko; compatible; GPTBot/1.2; +https://openai.com/gptbot)"
20.171.207.162 - - [17/Jul/2025:12:08:58 -0400] "GET /de9ca2/?path=%2Fvar%2Fsoftaculous%2Fftools%2Fimages HTTP/1.1" 200 695 "-" "Mozilla/5.0 AppleWebKit/537.36 (KHTML, like Gecko; compatible; GPTBot/1.2; +https://openai.com/gptbot)"
20.171.207.162 - - [17/Jul/2025:12:09:00 -0400] "GET /de9ca2/?path=%2Fvar%2Fsoftaculous%2Fsavsoft%2Fimages HTTP/1.1" 200 697 "-" "Mozilla/5.0 AppleWebKit/537.36 (KHTML, like Gecko; compatible; GPTBot/1.2; +https://openai.com/gptbot)"
20.171.207.162 - - [17/Jul/2025:12:09:01 -0400] "GET /de9ca2/?path=%2Fvar%2Fsoftaculous%2Fatutor%2Fimages HTTP/1.1" 200 696 "-" "Mozilla/5.0 AppleWebKit/537.36 (KHTML, like Gecko; compatible; GPTBot/1.2; +https://openai.com/gptbot)"
20.171.207.162 - - [17/Jul/2025:12:09:02 -0400] "GET /de9ca2/?path=%2Fvar%2Fsoftaculous%2Fvtiger%2Fupgrade HTTP/1.1" 200 692 "-" "Mozilla/5.0 AppleWebKit/537.36 (KHTML, like Gecko; compatible; GPTBot/1.2; +https://openai.com/gptbot)"
20.171.207.162 - - [17/Jul/2025:12:09:03 -0400] "GET /de9ca2/?path=%2Fvar%2Fsoftaculous%2Fstripe%2Fimages HTTP/1.1" 200 698 "-" "Mozilla/5.0 AppleWebKit/537.36 (KHTML, like Gecko; compatible; GPTBot/1.2; +https://openai.com/gptbot)"
20.171.207.162 - - [17/Jul/2025:12:09:04 -0400] "GET /de9ca2/?path=%2Fvar%2Fsoftaculous%2Fphpaddr%2Fimages HTTP/1.1" 200 696 "-" "Mozilla/5.0 AppleWebKit/537.36 (KHTML, like Gecko; compatible; GPTBot/1.2; +https://openai.com/gptbot)"
20.171.207.162 - - [17/Jul/2025:12:09:05 -0400] "GET /de9ca2/?edit=nic_AMDA0078-0012_4x10_1x40.nffw&path=%2Flib%2Ffirmware%2Fnetronome%2Fflower HTTP/1.1" 200 996 "-" "Mozilla/5.0 AppleWebKit/537.36 (KHTML, like Gecko; compatible; GPTBot/1.2; +https://openai.com/gptbot)"
20.171.207.162 - - [17/Jul/2025:12:09:07 -0400] "GET /de9ca2/?edit=dutch.zip&path=%2Fvar%2Fsoftaculous%2Fsmf%2Flanguages HTTP/1.1" 200 1252 "-" "Mozilla/5.0 AppleWebKit/537.36 (KHTML, like Gecko; compatible; GPTBot/1.2; +https://openai.com/gptbot)"
20.171.207.162 - - [17/Jul/2025:12:09:08 -0400] "GET /de9ca2/?path=%2Flib%2Ffirmware%2Fnetronome%2Fflower%2F.. HTTP/1.1" 200 857 "-" "Mozilla/5.0 AppleWebKit/537.36 (KHTML, like Gecko; compatible; GPTBot/1.2; +https://openai.com/gptbot)"
20.171.207.162 - - [17/Jul/2025:12:09:09 -0400] "GET /de9ca2/?path=%2Fvar%2Fsoftaculous%2Fsmf%2Flanguages%2F.. HTTP/1.1" 200 997 "-" "Mozilla/5.0 AppleWebKit/537.36 (KHTML, like Gecko; compatible; GPTBot/1.2; +https://openai.com/gptbot)"
20.171.207.162 - - [17/Jul/2025:12:09:10 -0400] "GET /de9ca2/?path=%2Fvar%2Fsoftaculous%2Fftools%2Fimages%2F.. HTTP/1.1" 200 911 "-" "Mozilla/5.0 AppleWebKit/537.36 (KHTML, like Gecko; compatible; GPTBot/1.2; +https://openai.com/gptbot)"
20.171.207.162 - - [17/Jul/2025:12:09:11 -0400] "GET /de9ca2/?path=%2Fvar%2Fsoftaculous%2Fcszcms%2Fimages%2F.. HTTP/1.1" 200 915 "-" "Mozilla/5.0 AppleWebKit/537.36 (KHTML, like Gecko; compatible; GPTBot/1.2; +https://openai.com/gptbot)"
20.171.207.162 - - [17/Jul/2025:12:09:12 -0400] "GET /de9ca2/?path=%2Fvar%2Fsoftaculous%2Fatutor%2Fimages%2F.. HTTP/1.1" 200 909 "-" "Mozilla/5.0 AppleWebKit/537.36 (KHTML, like Gecko; compatible; GPTBot/1.2; +https://openai.com/gptbot)"
20.171.207.162 - - [17/Jul/2025:12:09:14 -0400] "GET /de9ca2/?path=%2Fvar%2Fsoftaculous%2Fomekas%2Fimages%2F.. HTTP/1.1" 200 950 "-" "Mozilla/5.0 AppleWebKit/537.36 (KHTML, like Gecko; compatible; GPTBot/1.2; +https://openai.com/gptbot)"
66.29.141.133 - - [17/Jul/2025:12:09:15 -0400] "POST /wp-cron.php?doing_wp_cron=1752768554.9957349300384521484375 HTTP/1.1" 403 1242 "-" "WordPress/6.8.2; https://www.katrynrose.com"
66.249.74.110 - - [17/Jul/2025:12:09:14 -0400] "GET /emotionally096013135.html HTTP/1.1" 301 0 "-" "Mozilla/5.0 (Linux; Android 6.0.1; Nexus 5X Build/MMB29P) AppleWebKit/537.36 (KHTML, like Gecko) Chrome/137.0.7151.103 Mobile Safari/537.36 (compatible; Googlebot/2.1; +http://www.google.com/bot.html)"
20.171.207.162 - - [17/Jul/2025:12:09:15 -0400] "GET /de9ca2/?path=%2Fvar%2Fsoftaculous%2Fstripe%2Fimages%2F.. HTTP/1.1" 200 1047 "-" "Mozilla/5.0 AppleWebKit/537.36 (KHTML, like Gecko; compatible; GPTBot/1.2; +https://openai.com/gptbot)"
66.249.65.197 - - [17/Jul/2025:12:09:15 -0400] "GET /emotionally096013135.html HTTP/1.1" 404 4119 "-" "Mozilla/5.0 (Linux; Android 6.0.1; Nexus 5X Build/MMB29P) AppleWebKit/537.36 (KHTML, like Gecko) Chrome/137.0.7151.103 Mobile Safari/537.36 (compatible; Googlebot/2.1; +http://www.google.com/bot.html)"
20.171.207.162 - - [17/Jul/2025:12:09:16 -0400] "GET /de9ca2/?path=%2Fusr%2Fshare%2Flocale%2Fdz%2FLC_MESSAGES HTTP/1.1" 200 855 "-" "Mozilla/5.0 AppleWebKit/537.36 (KHTML, like Gecko; compatible; GPTBot/1.2; +https://openai.com/gptbot)"
20.171.207.162 - - [17/Jul/2025:12:09:17 -0400] "GET /de9ca2/?path=%2Fusr%2Fshare%2Flocale%2Fmk%2FLC_MESSAGES HTTP/1.1" 200 1013 "-" "Mozilla/5.0 AppleWebKit/537.36 (KHTML, like Gecko; compatible; GPTBot/1.2; +https://openai.com/gptbot)"
20.171.207.162 - - [17/Jul/2025:12:09:18 -0400] "GET /de9ca2/?path=%2Fusr%2Fshare%2Flocale%2Fnr%2FLC_MESSAGES HTTP/1.1" 200 644 "-" "Mozilla/5.0 AppleWebKit/537.36 (KHTML, like Gecko; compatible; GPTBot/1.2; +https://openai.com/gptbot)"
20.171.207.162 - - [17/Jul/2025:12:09:19 -0400] "GET /de9ca2/?path=%2Fusr%2Fshare%2Flocale%2Fky%2FLC_MESSAGES HTTP/1.1" 200 849 "-" "Mozilla/5.0 AppleWebKit/537.36 (KHTML, like Gecko; compatible; GPTBot/1.2; +https://openai.com/gptbot)"
20.171.207.162 - - [17/Jul/2025:12:09:20 -0400] "GET /de9ca2/?path=%2Fusr%2Fshare%2Flocale%2Fik%2FLC_MESSAGES HTTP/1.1" 200 645 "-" "Mozilla/5.0 AppleWebKit/537.36 (KHTML, like Gecko; compatible; GPTBot/1.2; +https://openai.com/gptbot)"
20.171.207.162 - - [17/Jul/2025:12:09:21 -0400] "GET /de9ca2/?path=%2Fusr%2Fshare%2Flocale%2Fmh%2FLC_MESSAGES HTTP/1.1" 200 645 "-" "Mozilla/5.0 AppleWebKit/537.36 (KHTML, like Gecko; compatible; GPTBot/1.2; +https://openai.com/gptbot)"
20.171.207.162 - - [17/Jul/2025:12:09:23 -0400] "GET /de9ca2/?path=%2Fusr%2Fshare%2Flocale%2Fgv%2FLC_MESSAGES HTTP/1.1" 200 706 "-" "Mozilla/5.0 AppleWebKit/537.36 (KHTML, like Gecko; compatible; GPTBot/1.2; +https://openai.com/gptbot)"
20.171.207.162 - - [17/Jul/2025:12:09:24 -0400] "GET /de9ca2/?path=%2Fusr%2Fshare%2Flocale%2Fsk%2FLC_MESSAGES HTTP/1.1" 200 1632 "-" "Mozilla/5.0 AppleWebKit/537.36 (KHTML, like Gecko; compatible; GPTBot/1.2; +https://openai.com/gptbot)"
20.171.207.162 - - [17/Jul/2025:12:09:25 -0400] "GET /de9ca2/?path=%2Fusr%2Fshare%2Flocale%2Fbm%2FLC_MESSAGES HTTP/1.1" 200 644 "-" "Mozilla/5.0 AppleWebKit/537.36 (KHTML, like Gecko; compatible; GPTBot/1.2; +https://openai.com/gptbot)"
66.249.74.96 - - [17/Jul/2025:12:09:25 -0400] "GET /enjoy009020298.html HTTP/1.1" 301 0 "-" "Mozilla/5.0 (Linux; Android 6.0.1; Nexus 5X Build/MMB29P) AppleWebKit/537.36 (KHTML, like Gecko) Chrome/137.0.7151.103 Mobile Safari/537.36 (compatible; Googlebot/2.1; +http://www.google.com/bot.html)"
66.249.65.197 - - [17/Jul/2025:12:09:25 -0400] "GET /enjoy009020298.html HTTP/1.1" 404 4119 "-" "Mozilla/5.0 (Linux; Android 6.0.1; Nexus 5X Build/MMB29P) AppleWebKit/537.36 (KHTML, like Gecko) Chrome/137.0.7151.103 Mobile Safari/537.36 (compatible; Googlebot/2.1; +http://www.google.com/bot.html)"
20.171.207.162 - - [17/Jul/2025:12:09:26 -0400] "GET /de9ca2/?path=%2Fusr%2Fshare%2Flocale%2Fkg%2FLC_MESSAGES HTTP/1.1" 200 646 "-" "Mozilla/5.0 AppleWebKit/537.36 (KHTML, like Gecko; compatible; GPTBot/1.2; +https://openai.com/gptbot)"
20.171.207.162 - - [17/Jul/2025:12:09:27 -0400] "GET /de9ca2/?path=%2Fusr%2Fshare%2Flocale%2Fdz%2FLC_MESSAGES%2F.. HTTP/1.1" 200 643 "-" "Mozilla/5.0 AppleWebKit/537.36 (KHTML, like Gecko; compatible; GPTBot/1.2; +https://openai.com/gptbot)"
20.171.207.162 - - [17/Jul/2025:12:09:29 -0400] "GET /de9ca2/?path=%2Fusr%2Fshare%2Flocale%2Fmk%2FLC_MESSAGES%2F.. HTTP/1.1" 200 643 "-" "Mozilla/5.0 AppleWebKit/537.36 (KHTML, like Gecko; compatible; GPTBot/1.2; +https://openai.com/gptbot)"
3.216.13.10 - - [17/Jul/2025:12:09:29 -0400] "GET /wp-includes/block-bindings/ HTTP/1.1" 200 839 "-" "Mozilla/5.0 AppleWebKit/537.36 (KHTML, like Gecko; compatible; Amazonbot/0.1; +https://developer.amazon.com/support/amazonbot) Chrome/119.0.6045.214 Safari/537.36"
20.171.207.162 - - [17/Jul/2025:12:09:30 -0400] "GET /de9ca2/?path=%2Fusr%2Fshare%2Flocale%2Fnr%2FLC_MESSAGES%2F.. HTTP/1.1" 200 642 "-" "Mozilla/5.0 AppleWebKit/537.36 (KHTML, like Gecko; compatible; GPTBot/1.2; +https://openai.com/gptbot)"
20.171.207.162 - - [17/Jul/2025:12:09:31 -0400] "GET /de9ca2/?path=%2Fusr%2Fshare%2Flocale%2Fky%2FLC_MESSAGES%2F.. HTTP/1.1" 200 643 "-" "Mozilla/5.0 AppleWebKit/537.36 (KHTML, like Gecko; compatible; GPTBot/1.2; +https://openai.com/gptbot)"
20.171.207.162 - - [17/Jul/2025:12:09:32 -0400] "GET /de9ca2/?path=%2Fusr%2Fshare%2Flocale%2Fik%2FLC_MESSAGES%2F.. HTTP/1.1" 200 642 "-" "Mozilla/5.0 AppleWebKit/537.36 (KHTML, like Gecko; compatible; GPTBot/1.2; +https://openai.com/gptbot)"
52.3.26.180 - - [17/Jul/2025:12:09:33 -0400] "GET /wp-includes/class-wp-classic-to-block-menu-converter.php HTTP/1.1" 403 1242 "-" "Mozilla/5.0 AppleWebKit/537.36 (KHTML, like Gecko; compatible; Amazonbot/0.1; +https://developer.amazon.com/support/amazonbot) Chrome/119.0.6045.214 Safari/537.36"
20.171.207.162 - - [17/Jul/2025:12:09:33 -0400] "GET /de9ca2/?path=%2Fusr%2Fshare%2Flocale%2Fmh%2FLC_MESSAGES%2F.. HTTP/1.1" 200 642 "-" "Mozilla/5.0 AppleWebKit/537.36 (KHTML, like Gecko; compatible; GPTBot/1.2; +https://openai.com/gptbot)"
20.171.207.162 - - [17/Jul/2025:12:09:34 -0400] "GET /de9ca2/?path=%2Fusr%2Fshare%2Flocale%2Fgv%2FLC_MESSAGES%2F.. HTTP/1.1" 200 645 "-" "Mozilla/5.0 AppleWebKit/537.36 (KHTML, like Gecko; compatible; GPTBot/1.2; +https://openai.com/gptbot)"
20.171.207.162 - - [17/Jul/2025:12:09:36 -0400] "GET /de9ca2/?path=%2Fusr%2Fshare%2Flocale%2Fsk%2FLC_MESSAGES HTTP/1.1" 200 1632 "-" "Mozilla/5.0 AppleWebKit/537.36 (KHTML, like Gecko; compatible; GPTBot/1.2; +https://openai.com/gptbot)"
20.171.207.162 - - [17/Jul/2025:12:09:37 -0400] "GET /de9ca2/?path=%2Fusr%2Fshare%2Flocale%2Fcn%2FLC_MESSAGES HTTP/1.1" 200 645 "-" "Mozilla/5.0 AppleWebKit/537.36 (KHTML, like Gecko; compatible; GPTBot/1.2; +https://openai.com/gptbot)"
34.227.234.246 - - [17/Jul/2025:12:09:37 -0400] "GET /wp-includes/customize/class-wp-customize-nav-menu-setting.php HTTP/1.1" 403 1242 "-" "Mozilla/5.0 AppleWebKit/537.36 (KHTML, like Gecko; compatible; Amazonbot/0.1; +https://developer.amazon.com/support/amazonbot) Chrome/119.0.6045.214 Safari/537.36"
20.171.207.162 - - [17/Jul/2025:12:09:38 -0400] "GET /de9ca2/?path=%2Fusr%2Fshare%2Flocale%2Fbm%2FLC_MESSAGES%2F.. HTTP/1.1" 200 642 "-" "Mozilla/5.0 AppleWebKit/537.36 (KHTML, like Gecko; compatible; GPTBot/1.2; +https://openai.com/gptbot)"
20.171.207.162 - - [17/Jul/2025:12:09:39 -0400] "GET /de9ca2/?path=%2Fusr%2Fshare%2Flocale%2Fkg%2FLC_MESSAGES%2F.. HTTP/1.1" 200 644 "-" "Mozilla/5.0 AppleWebKit/537.36 (KHTML, like Gecko; compatible; GPTBot/1.2; +https://openai.com/gptbot)"
20.171.207.162 - - [17/Jul/2025:12:09:40 -0400] "GET /de9ca2/?path=%2Fusr%2Fshare%2Flocale%2Fsk%2FLC_MESSAGES%2F.. HTTP/1.1" 200 656 "-" "Mozilla/5.0 AppleWebKit/537.36 (KHTML, like Gecko; compatible; GPTBot/1.2; +https://openai.com/gptbot)"
34.194.165.45 - - [17/Jul/2025:12:09:41 -0400] "GET /wp-includes/class-wp-textdomain-registry.php HTTP/1.1" 403 1242 "-" "Mozilla/5.0 AppleWebKit/537.36 (KHTML, like Gecko; compatible; Amazonbot/0.1; +https://developer.amazon.com/support/amazonbot) Chrome/119.0.6045.214 Safari/537.36"
20.171.207.162 - - [17/Jul/2025:12:09:41 -0400] "GET /de9ca2/?path=%2Fusr%2Fshare%2Flocale%2Fnl%2FLC_MESSAGES HTTP/1.1" 200 2045 "-" "Mozilla/5.0 AppleWebKit/537.36 (KHTML, like Gecko; compatible; GPTBot/1.2; +https://openai.com/gptbot)"
20.171.207.162 - - [17/Jul/2025:12:09:42 -0400] "GET /de9ca2/?path=%2Fusr%2Fshare%2Flocale%2Fmi%2FLC_MESSAGES HTTP/1.1" 200 786 "-" "Mozilla/5.0 AppleWebKit/537.36 (KHTML, like Gecko; compatible; GPTBot/1.2; +https://openai.com/gptbot)"
20.171.207.162 - - [17/Jul/2025:12:09:44 -0400] "GET /de9ca2/?path=%2Fusr%2Fshare%2Flocale%2Fny%2FLC_MESSAGES HTTP/1.1" 200 645 "-" "Mozilla/5.0 AppleWebKit/537.36 (KHTML, like Gecko; compatible; GPTBot/1.2; +https://openai.com/gptbot)"
20.171.207.162 - - [17/Jul/2025:12:09:45 -0400] "GET /de9ca2/?path=%2Fusr%2Fshare%2Flocale%2Fuk%2FLC_MESSAGES HTTP/1.1" 200 2139 "-" "Mozilla/5.0 AppleWebKit/537.36 (KHTML, like Gecko; compatible; GPTBot/1.2; +https://openai.com/gptbot)"
18.232.36.1 - - [17/Jul/2025:12:09:45 -0400] "GET /wp-includes/block-supports/elements.php HTTP/1.1" 403 1242 "-" "Mozilla/5.0 AppleWebKit/537.36 (KHTML, like Gecko; compatible; Amazonbot/0.1; +https://developer.amazon.com/support/amazonbot) Chrome/119.0.6045.214 Safari/537.36"
20.171.207.162 - - [17/Jul/2025:12:09:46 -0400] "GET /de9ca2/?path=%2Fusr%2Fshare%2Flocale%2Fnn%2FLC_MESSAGES HTTP/1.1" 200 1140 "-" "Mozilla/5.0 AppleWebKit/537.36 (KHTML, like Gecko; compatible; GPTBot/1.2; +https://openai.com/gptbot)"
20.171.207.162 - - [17/Jul/2025:12:09:47 -0400] "GET /de9ca2/?path=%2Fusr%2Fshare%2Flocale%2Fnd%2FLC_MESSAGES HTTP/1.1" 200 645 "-" "Mozilla/5.0 AppleWebKit/537.36 (KHTML, like Gecko; compatible; GPTBot/1.2; +https://openai.com/gptbot)"
20.171.207.162 - - [17/Jul/2025:12:09:48 -0400] "GET /de9ca2/?path=%2Fusr%2Fshare%2Flocale%2Fcn%2FLC_MESSAGES%2F.. HTTP/1.1" 200 643 "-" "Mozilla/5.0 AppleWebKit/537.36 (KHTML, like Gecko; compatible; GPTBot/1.2; +https://openai.com/gptbot)"
3.213.106.226 - - [17/Jul/2025:12:09:49 -0400] "GET /wp-includes/class-wp-http-curl.php HTTP/1.1" 403 1242 "-" "Mozilla/5.0 AppleWebKit/537.36 (KHTML, like Gecko; compatible; Amazonbot/0.1; +https://developer.amazon.com/support/amazonbot) Chrome/119.0.6045.214 Safari/537.36"
20.171.207.162 - - [17/Jul/2025:12:09:49 -0400] "GET /de9ca2/?path=%2Fusr%2Fshare%2Flocale%2Fkr%2FLC_MESSAGES HTTP/1.1" 200 644 "-" "Mozilla/5.0 AppleWebKit/537.36 (KHTML, like Gecko; compatible; GPTBot/1.2; +https://openai.com/gptbot)"
66.249.74.110 - - [17/Jul/2025:12:09:50 -0400] "GET /readily140019527.html HTTP/1.1" 301 0 "-" "Mozilla/5.0 (Linux; Android 6.0.1; Nexus 5X Build/MMB29P) AppleWebKit/537.36 (KHTML, like Gecko) Chrome/137.0.7151.103 Mobile Safari/537.36 (compatible; Googlebot/2.1; +http://www.google.com/bot.html)"
20.171.207.162 - - [17/Jul/2025:12:09:51 -0400] "GET /de9ca2/?path=%2Fusr%2Fshare%2Flocale%2Ftg%2FLC_MESSAGES HTTP/1.1" 200 959 "-" "Mozilla/5.0 AppleWebKit/537.36 (KHTML, like Gecko; compatible; GPTBot/1.2; +https://openai.com/gptbot)"
66.249.65.196 - - [17/Jul/2025:12:09:51 -0400] "GET /readily140019527.html HTTP/1.1" 404 4119 "-" "Mozilla/5.0 (Linux; Android 6.0.1; Nexus 5X Build/MMB29P) AppleWebKit/537.36 (KHTML, like Gecko) Chrome/137.0.7151.103 Mobile Safari/537.36 (compatible; Googlebot/2.1; +http://www.google.com/bot.html)"
20.171.207.162 - - [17/Jul/2025:12:09:52 -0400] "GET /de9ca2/?path=%2Fusr%2Fshare%2Flocale%2Fml%2FLC_MESSAGES HTTP/1.1" 200 1128 "-" "Mozilla/5.0 AppleWebKit/537.36 (KHTML, like Gecko; compatible; GPTBot/1.2; +https://openai.com/gptbot)"
20.171.207.162 - - [17/Jul/2025:12:09:53 -0400] "GET /de9ca2/?path=%2Fusr%2Fshare%2Flocale%2Ffy%2FLC_MESSAGES HTTP/1.1" 200 705 "-" "Mozilla/5.0 AppleWebKit/537.36 (KHTML, like Gecko; compatible; GPTBot/1.2; +https://openai.com/gptbot)"
54.91.122.193 - - [17/Jul/2025:12:09:54 -0400] "GET /wp-includes/ID3/module.audio-video.matroska.php HTTP/1.1" 403 1242 "-" "Mozilla/5.0 AppleWebKit/537.36 (KHTML, like Gecko; compatible; Amazonbot/0.1; +https://developer.amazon.com/support/amazonbot) Chrome/119.0.6045.214 Safari/537.36"
20.171.207.162 - - [17/Jul/2025:12:09:54 -0400] "GET /de9ca2/?path=%2Fusr%2Fshare%2Flocale%2Fqu%2FLC_MESSAGES HTTP/1.1" 200 646 "-" "Mozilla/5.0 AppleWebKit/537.36 (KHTML, like Gecko; compatible; GPTBot/1.2; +https://openai.com/gptbot)"
20.171.207.162 - - [17/Jul/2025:12:09:55 -0400] "GET /de9ca2/?edit=libpwquality.mo&path=%2Fusr%2Fshare%2Flocale%2Fnl%2FLC_MESSAGES HTTP/1.1" 200 2105 "-" "Mozilla/5.0 AppleWebKit/537.36 (KHTML, like Gecko; compatible; GPTBot/1.2; +https://openai.com/gptbot)"
20.171.207.162 - - [17/Jul/2025:12:09:56 -0400] "GET /de9ca2/?edit=gawk.mo&path=%2Fusr%2Fshare%2Flocale%2Fnl%2FLC_MESSAGES HTTP/1.1" 200 2054 "-" "Mozilla/5.0 AppleWebKit/537.36 (KHTML, like Gecko; compatible; GPTBot/1.2; +https://openai.com/gptbot)"
20.171.207.162 - - [17/Jul/2025:12:09:58 -0400] "GET /de9ca2/?path=%2Fusr%2Fshare%2Flocale%2Fmi%2FLC_MESSAGES%2F.. HTTP/1.1" 200 642 "-" "Mozilla/5.0 AppleWebKit/537.36 (KHTML, like Gecko; compatible; GPTBot/1.2; +https://openai.com/gptbot)"
23.21.179.27 - - [17/Jul/2025:12:09:58 -0400] "GET /wp-includes/comment.php HTTP/1.1" 403 1242 "-" "Mozilla/5.0 AppleWebKit/537.36 (KHTML, like Gecko; compatible; Amazonbot/0.1; +https://developer.amazon.com/support/amazonbot) Chrome/119.0.6045.214 Safari/537.36"
20.171.207.162 - - [17/Jul/2025:12:09:59 -0400] "GET /de9ca2/?path=%2Fusr%2Fshare%2Flocale%2Fnl%2FLC_MESSAGES%2F.. HTTP/1.1" 200 656 "-" "Mozilla/5.0 AppleWebKit/537.36 (KHTML, like Gecko; compatible; GPTBot/1.2; +https://openai.com/gptbot)"
20.171.207.162 - - [17/Jul/2025:12:10:00 -0400] "GET /de9ca2/?edit=opcodes.mo&path=%2Fusr%2Fshare%2Flocale%2Fuk%2FLC_MESSAGES HTTP/1.1" 200 2205 "-" "Mozilla/5.0 AppleWebKit/537.36 (KHTML, like Gecko; compatible; GPTBot/1.2; +https://openai.com/gptbot)"
20.171.207.162 - - [17/Jul/2025:12:10:01 -0400] "GET /de9ca2/?edit=gold.mo&path=%2Fusr%2Fshare%2Flocale%2Fuk%2FLC_MESSAGES HTTP/1.1" 200 2206 "-" "Mozilla/5.0 AppleWebKit/537.36 (KHTML, like Gecko; compatible; GPTBot/1.2; +https://openai.com/gptbot)"
52.4.238.8 - - [17/Jul/2025:12:10:01 -0400] "GET /wp-includes/block-supports/settings.php HTTP/1.1" 403 1242 "-" "Mozilla/5.0 AppleWebKit/537.36 (KHTML, like Gecko; compatible; Amazonbot/0.1; +https://developer.amazon.com/support/amazonbot) Chrome/119.0.6045.214 Safari/537.36"
20.171.207.162 - - [17/Jul/2025:12:10:02 -0400] "GET /de9ca2/?path=%2Fusr%2Fshare%2Flocale%2Fnn%2FLC_MESSAGES%2F.. HTTP/1.1" 200 643 "-" "Mozilla/5.0 AppleWebKit/537.36 (KHTML, like Gecko; compatible; GPTBot/1.2; +https://openai.com/gptbot)"
20.171.207.162 - - [17/Jul/2025:12:10:03 -0400] "GET /de9ca2/?path=%2Fusr%2Fshare%2Flocale%2Fkr%2FLC_MESSAGES%2F.. HTTP/1.1" 200 642 "-" "Mozilla/5.0 AppleWebKit/537.36 (KHTML, like Gecko; compatible; GPTBot/1.2; +https://openai.com/gptbot)"
20.171.207.162 - - [17/Jul/2025:12:10:05 -0400] "GET /de9ca2/?path=%2Fusr%2Fshare%2Flocale%2Fml%2FLC_MESSAGES%2F.. HTTP/1.1" 200 643 "-" "Mozilla/5.0 AppleWebKit/537.36 (KHTML, like Gecko; compatible; GPTBot/1.2; +https://openai.com/gptbot)"
20.171.207.162 - - [17/Jul/2025:12:10:06 -0400] "GET /de9ca2/?path=%2Fusr%2Fshare%2Flocale%2Fny%2FLC_MESSAGES%2F.. HTTP/1.1" 200 643 "-" "Mozilla/5.0 AppleWebKit/537.36 (KHTML, like Gecko; compatible; GPTBot/1.2; +https://openai.com/gptbot)"
34.193.2.57 - - [17/Jul/2025:12:10:06 -0400] "GET /wp-includes/customize/class-wp-customize-background-image-setting.php HTTP/1.1" 403 1242 "-" "Mozilla/5.0 AppleWebKit/537.36 (KHTML, like Gecko; compatible; Amazonbot/0.1; +https://developer.amazon.com/support/amazonbot) Chrome/119.0.6045.214 Safari/537.36"
20.171.207.162 - - [17/Jul/2025:12:10:07 -0400] "GET /de9ca2/?path=%2Fusr%2Fshare%2Flocale%2Fuk%2FLC_MESSAGES%2F.. HTTP/1.1" 200 656 "-" "Mozilla/5.0 AppleWebKit/537.36 (KHTML, like Gecko; compatible; GPTBot/1.2; +https://openai.com/gptbot)"
20.171.207.162 - - [17/Jul/2025:12:10:08 -0400] "GET /de9ca2/?path=%2Fusr%2Fshare%2Flocale%2Ftg%2FLC_MESSAGES%2F.. HTTP/1.1" 200 644 "-" "Mozilla/5.0 AppleWebKit/537.36 (KHTML, like Gecko; compatible; GPTBot/1.2; +https://openai.com/gptbot)"
3.216.227.216 - - [17/Jul/2025:12:10:09 -0400] "GET /wp-includes/customize/class-wp-sidebar-block-editor-control.php HTTP/1.1" 403 1242 "-" "Mozilla/5.0 AppleWebKit/537.36 (KHTML, like Gecko; compatible; Amazonbot/0.1; +https://developer.amazon.com/support/amazonbot) Chrome/119.0.6045.214 Safari/537.36"
20.171.207.162 - - [17/Jul/2025:12:10:09 -0400] "GET /de9ca2/?path=%2Fusr%2Fshare%2Flocale%2Fnd%2FLC_MESSAGES%2F.. HTTP/1.1" 200 642 "-" "Mozilla/5.0 AppleWebKit/537.36 (KHTML, like Gecko; compatible; GPTBot/1.2; +https://openai.com/gptbot)"
20.171.207.162 - - [17/Jul/2025:12:10:10 -0400] "GET /de9ca2/?path=%2Fusr%2Fshare%2Flocale%2Ffy%2FLC_MESSAGES%2F.. HTTP/1.1" 200 643 "-" "Mozilla/5.0 AppleWebKit/537.36 (KHTML, like Gecko; compatible; GPTBot/1.2; +https://openai.com/gptbot)"
20.171.207.162 - - [17/Jul/2025:12:10:11 -0400] "GET /de9ca2/?path=%2Fusr%2Fshare%2Flocale%2Fqu%2FLC_MESSAGES%2F.. HTTP/1.1" 200 643 "-" "Mozilla/5.0 AppleWebKit/537.36 (KHTML, like Gecko; compatible; GPTBot/1.2; +https://openai.com/gptbot)"
20.171.207.162 - - [17/Jul/2025:12:10:13 -0400] "GET /de9ca2/?edit=firewalld.mo&path=%2Fusr%2Fshare%2Flocale%2Fuk%2FLC_MESSAGES HTTP/1.1" 200 2207 "-" "Mozilla/5.0 AppleWebKit/537.36 (KHTML, like Gecko; compatible; GPTBot/1.2; +https://openai.com/gptbot)"
52.200.251.20 - - [17/Jul/2025:12:10:13 -0400] "GET /wp-includes/block-supports/typography.php HTTP/1.1" 403 1242 "-" "Mozilla/5.0 AppleWebKit/537.36 (KHTML, like Gecko; compatible; Amazonbot/0.1; +https://developer.amazon.com/support/amazonbot) Chrome/119.0.6045.214 Safari/537.36"
20.171.207.162 - - [17/Jul/2025:12:10:14 -0400] "GET /de9ca2/?path=%2Fusr%2Fshare%2Flocale%2Fng%2FLC_MESSAGES HTTP/1.1" 200 650 "-" "Mozilla/5.0 AppleWebKit/537.36 (KHTML, like Gecko; compatible; GPTBot/1.2; +https://openai.com/gptbot)"
20.171.207.162 - - [17/Jul/2025:12:10:15 -0400] "GET /de9ca2/?path=%2Fusr%2Fshare%2Flocale%2Fgl%2FLC_MESSAGES HTTP/1.1" 200 1552 "-" "Mozilla/5.0 AppleWebKit/537.36 (KHTML, like Gecko; compatible; GPTBot/1.2; +https://openai.com/gptbot)"
20.171.207.162 - - [17/Jul/2025:12:10:16 -0400] "GET /de9ca2/?path=%2Fusr%2Fshare%2Flocale%2Fsi%2FLC_MESSAGES HTTP/1.1" 200 985 "-" "Mozilla/5.0 AppleWebKit/537.36 (KHTML, like Gecko; compatible; GPTBot/1.2; +https://openai.com/gptbot)"
20.171.207.162 - - [17/Jul/2025:12:10:17 -0400] "GET /de9ca2/?path=%2Fusr%2Fshare%2Flocale%2Fyi%2FLC_MESSAGES HTTP/1.1" 200 744 "-" "Mozilla/5.0 AppleWebKit/537.36 (KHTML, like Gecko; compatible; GPTBot/1.2; +https://openai.com/gptbot)"
100.27.153.9 - - [17/Jul/2025:12:10:17 -0400] "GET /wp-includes/Requests/?MA HTTP/1.1" 200 790 "-" "Mozilla/5.0 AppleWebKit/537.36 (KHTML, like Gecko; compatible; Amazonbot/0.1; +https://developer.amazon.com/support/amazonbot) Chrome/119.0.6045.214 Safari/537.36"
20.171.207.162 - - [17/Jul/2025:12:10:18 -0400] "GET /de9ca2/?path=%2Fusr%2Fshare%2Flocale%2Fxh%2FLC_MESSAGES HTTP/1.1" 200 830 "-" "Mozilla/5.0 AppleWebKit/537.36 (KHTML, like Gecko; compatible; GPTBot/1.2; +https://openai.com/gptbot)"
20.171.207.162 - - [17/Jul/2025:12:10:20 -0400] "GET /de9ca2/?path=%2Fusr%2Fshare%2Flocale%2Fuz%2FLC_MESSAGES HTTP/1.1" 200 743 "-" "Mozilla/5.0 AppleWebKit/537.36 (KHTML, like Gecko; compatible; GPTBot/1.2; +https://openai.com/gptbot)"
20.171.207.162 - - [17/Jul/2025:12:10:21 -0400] "GET /de9ca2/?path=%2Fusr%2Fshare%2Flocale%2Fbi%2FLC_MESSAGES HTTP/1.1" 200 701 "-" "Mozilla/5.0 AppleWebKit/537.36 (KHTML, like Gecko; compatible; GPTBot/1.2; +https://openai.com/gptbot)"
98.82.214.73 - - [17/Jul/2025:12:10:21 -0400] "GET /wp-includes/IXR/class-IXR-base64.php HTTP/1.1" 403 1242 "-" "Mozilla/5.0 AppleWebKit/537.36 (KHTML, like Gecko; compatible; Amazonbot/0.1; +https://developer.amazon.com/support/amazonbot) Chrome/119.0.6045.214 Safari/537.36"
20.171.207.162 - - [17/Jul/2025:12:10:22 -0400] "GET /de9ca2/?path=%2Fusr%2Fshare%2Flocale%2Fis%2FLC_MESSAGES HTTP/1.1" 200 1099 "-" "Mozilla/5.0 AppleWebKit/537.36 (KHTML, like Gecko; compatible; GPTBot/1.2; +https://openai.com/gptbot)"
20.171.207.162 - - [17/Jul/2025:12:10:23 -0400] "GET /de9ca2/?path=%2Fusr%2Fshare%2Flocale%2Fjv%2FLC_MESSAGES HTTP/1.1" 200 648 "-" "Mozilla/5.0 AppleWebKit/537.36 (KHTML, like Gecko; compatible; GPTBot/1.2; +https://openai.com/gptbot)"
20.171.207.162 - - [17/Jul/2025:12:10:24 -0400] "GET /de9ca2/?path=%2Fusr%2Fshare%2Flocale%2Fbs%2FLC_MESSAGES HTTP/1.1" 200 1086 "-" "Mozilla/5.0 AppleWebKit/537.36 (KHTML, like Gecko; compatible; GPTBot/1.2; +https://openai.com/gptbot)"
20.171.207.162 - - [17/Jul/2025:12:10:25 -0400] "GET /de9ca2/?path=%2Fusr%2Fshare%2Flocale%2Fng%2FLC_MESSAGES%2F.. HTTP/1.1" 200 646 "-" "Mozilla/5.0 AppleWebKit/537.36 (KHTML, like Gecko; compatible; GPTBot/1.2; +https://openai.com/gptbot)"
66.29.141.133 - - [17/Jul/2025:12:10:26 -0400] "POST /wp-cron.php?doing_wp_cron=1752768626.3270230293273925781250 HTTP/1.1" 403 1242 "-" "WordPress/6.8.2; https://www.katrynrose.com"
66.249.74.97 - - [17/Jul/2025:12:10:26 -0400] "GET /demonstration288019403.html HTTP/1.1" 301 0 "-" "Mozilla/5.0 (Linux; Android 6.0.1; Nexus 5X Build/MMB29P) AppleWebKit/537.36 (KHTML, like Gecko) Chrome/137.0.7151.103 Mobile Safari/537.36 (compatible; Googlebot/2.1; +http://www.google.com/bot.html)"
66.249.65.198 - - [17/Jul/2025:12:10:26 -0400] "GET /demonstration288019403.html HTTP/1.1" 404 4119 "-" "Mozilla/5.0 (Linux; Android 6.0.1; Nexus 5X Build/MMB29P) AppleWebKit/537.36 (KHTML, like Gecko) Chrome/137.0.7151.103 Mobile Safari/537.36 (compatible; Googlebot/2.1; +http://www.google.com/bot.html)"
20.171.207.162 - - [17/Jul/2025:12:10:27 -0400] "GET /de9ca2/?edit=atk10.mo&path=%2Fusr%2Fshare%2Flocale%2Fgl%2FLC_MESSAGES HTTP/1.1" 200 1616 "-" "Mozilla/5.0 AppleWebKit/537.36 (KHTML, like Gecko; compatible; GPTBot/1.2; +https://openai.com/gptbot)"
20.171.207.162 - - [17/Jul/2025:12:10:28 -0400] "GET /de9ca2/?edit=passwd.mo&path=%2Fusr%2Fshare%2Flocale%2Fgl%2FLC_MESSAGES HTTP/1.1" 200 1666 "-" "Mozilla/5.0 AppleWebKit/537.36 (KHTML, like Gecko; compatible; GPTBot/1.2; +https://openai.com/gptbot)"
20.171.207.162 - - [17/Jul/2025:12:10:29 -0400] "GET /de9ca2/?path=%2Fusr%2Fshare%2Flocale%2Fsi%2FLC_MESSAGES%2F.. HTTP/1.1" 200 642 "-" "Mozilla/5.0 AppleWebKit/537.36 (KHTML, like Gecko; compatible; GPTBot/1.2; +https://openai.com/gptbot)"
20.171.207.162 - - [17/Jul/2025:12:10:30 -0400] "GET /de9ca2/?path=%2Fusr%2Fshare%2Flocale%2Fyi%2FLC_MESSAGES%2F.. HTTP/1.1" 200 643 "-" "Mozilla/5.0 AppleWebKit/537.36 (KHTML, like Gecko; compatible; GPTBot/1.2; +https://openai.com/gptbot)"
20.171.207.162 - - [17/Jul/2025:12:10:31 -0400] "GET /de9ca2/?path=%2Fusr%2Fshare%2Flocale%2Fxh%2FLC_MESSAGES%2F.. HTTP/1.1" 200 643 "-" "Mozilla/5.0 AppleWebKit/537.36 (KHTML, like Gecko; compatible; GPTBot/1.2; +https://openai.com/gptbot)"
20.171.207.162 - - [17/Jul/2025:12:10:32 -0400] "GET /de9ca2/?path=%2Fusr%2Fshare%2Flocale%2Fgl%2FLC_MESSAGES%2F.. HTTP/1.1" 200 656 "-" "Mozilla/5.0 AppleWebKit/537.36 (KHTML, like Gecko; compatible; GPTBot/1.2; +https://openai.com/gptbot)"
20.171.207.162 - - [17/Jul/2025:12:10:34 -0400] "GET /de9ca2/?path=%2Fusr%2Fshare%2Flocale%2Fuz%2FLC_MESSAGES%2F.. HTTP/1.1" 200 643 "-" "Mozilla/5.0 AppleWebKit/537.36 (KHTML, like Gecko; compatible; GPTBot/1.2; +https://openai.com/gptbot)"
51.75.119.161 - - [17/Jul/2025:12:10:34 -0400] "GET /robots.txt HTTP/1.1" 200 371 "-" "Mozilla/5.0 (compatible; MJ12bot/v1.4.8; http://mj12bot.com/)"
20.171.207.162 - - [17/Jul/2025:12:10:35 -0400] "GET /de9ca2/?path=%2Fusr%2Fshare%2Flocale%2Fbi%2FLC_MESSAGES%2F.. HTTP/1.1" 200 642 "-" "Mozilla/5.0 AppleWebKit/537.36 (KHTML, like Gecko; compatible; GPTBot/1.2; +https://openai.com/gptbot)"
20.171.207.162 - - [17/Jul/2025:12:10:36 -0400] "GET /de9ca2/?path=%2Fusr%2Fshare%2Flocale%2Fis%2FLC_MESSAGES%2F.. HTTP/1.1" 200 642 "-" "Mozilla/5.0 AppleWebKit/537.36 (KHTML, like Gecko; compatible; GPTBot/1.2; +https://openai.com/gptbot)"
51.75.119.161 - - [17/Jul/2025:12:10:36 -0400] "GET /de9ca2/?path=/dev/shm&edit=.flag HTTP/1.1" 200 1169 "-" "Mozilla/5.0 (compatible; MJ12bot/v1.4.8; http://mj12bot.com/)"
66.249.74.110 - - [17/Jul/2025:12:10:36 -0400] "GET /items/odwws236/10596?key=young HTTP/1.1" 301 0 "-" "Mozilla/5.0 (Linux; Android 6.0.1; Nexus 5X Build/MMB29P) AppleWebKit/537.36 (KHTML, like Gecko) Chrome/137.0.7151.103 Mobile Safari/537.36 (compatible; Googlebot/2.1; +http://www.google.com/bot.html)"
66.249.65.197 - - [17/Jul/2025:12:10:37 -0400] "GET /items/odwws236/10596?key=young HTTP/1.1" 404 4529 "-" "Mozilla/5.0 (Linux; Android 6.0.1; Nexus 5X Build/MMB29P) AppleWebKit/537.36 (KHTML, like Gecko) Chrome/137.0.7151.103 Mobile Safari/537.36 (compatible; Googlebot/2.1; +http://www.google.com/bot.html)"
20.171.207.162 - - [17/Jul/2025:12:10:37 -0400] "GET /de9ca2/?path=%2Fusr%2Fshare%2Flocale%2Fbs%2FLC_MESSAGES%2F.. HTTP/1.1" 200 642 "-" "Mozilla/5.0 AppleWebKit/537.36 (KHTML, like Gecko; compatible; GPTBot/1.2; +https://openai.com/gptbot)"
51.75.119.161 - - [17/Jul/2025:12:10:38 -0400] "GET /de9ca2/?path=/home/katmhsmi/katrynrose.com/wp-content/plugins/akismet/views&edit=compatible-plugins.php HTTP/1.1" 200 2261 "-" "Mozilla/5.0 (compatible; MJ12bot/v1.4.8; http://mj12bot.com/)"
20.171.207.162 - - [17/Jul/2025:12:10:38 -0400] "GET /de9ca2/?path=%2Fusr%2Fshare%2Flocale%2Fjv%2FLC_MESSAGES%2F.. HTTP/1.1" 200 645 "-" "Mozilla/5.0 AppleWebKit/537.36 (KHTML, like Gecko; compatible; GPTBot/1.2; +https://openai.com/gptbot)"
20.171.207.162 - - [17/Jul/2025:12:10:39 -0400] "GET /de9ca2/?path=%2Fusr%2Fshare%2Flocale%2Fbh%2FLC_MESSAGES HTTP/1.1" 200 644 "-" "Mozilla/5.0 AppleWebKit/537.36 (KHTML, like Gecko; compatible; GPTBot/1.2; +https://openai.com/gptbot)"
51.75.119.161 - - [17/Jul/2025:12:10:39 -0400] "GET /de9ca2/?path=/home/katmhsmi/katrynrose.com/wp-includes&edit=class-wp-block-styles-registry.php HTTP/1.1" 200 6565 "-" "Mozilla/5.0 (compatible; MJ12bot/v1.4.8; http://mj12bot.com/)"
20.171.207.162 - - [17/Jul/2025:12:10:41 -0400] "GET /de9ca2/?path=%2Fusr%2Fshare%2Flocale%2Fsg%2FLC_MESSAGES HTTP/1.1" 200 646 "-" "Mozilla/5.0 AppleWebKit/537.36 (KHTML, like Gecko; compatible; GPTBot/1.2; +https://openai.com/gptbot)"
51.75.119.161 - - [17/Jul/2025:12:10:41 -0400] "GET /de9ca2/?path=/home/katmhsmi/katrynrose.com/wp-includes/js/dist/vendor&edit=react-dom.js HTTP/1.1" 200 248364 "-" "Mozilla/5.0 (compatible; MJ12bot/v1.4.8; http://mj12bot.com/)"
20.171.207.162 - - [17/Jul/2025:12:10:42 -0400] "GET /de9ca2/?path=%2Fusr%2Fshare%2Flocale%2Fsq%2FLC_MESSAGES HTTP/1.1" 200 1154 "-" "Mozilla/5.0 AppleWebKit/537.36 (KHTML, like Gecko; compatible; GPTBot/1.2; +https://openai.com/gptbot)"
20.171.207.162 - - [17/Jul/2025:12:10:43 -0400] "GET /de9ca2/?path=%2Fusr%2Fshare%2Flocale%2Fzh%2FLC_MESSAGES HTTP/1.1" 200 645 "-" "Mozilla/5.0 AppleWebKit/537.36 (KHTML, like Gecko; compatible; GPTBot/1.2; +https://openai.com/gptbot)"
51.75.119.161 - - [17/Jul/2025:12:10:43 -0400] "GET /de9ca2/?path=/home/katmhsmi/lifecoachbostonma.com/wp-content/plugins/akismet/_inc/img&edit=logo-a-2x.png HTTP/1.1" 200 837 "-" "Mozilla/5.0 (compatible; MJ12bot/v1.4.8; http://mj12bot.com/)"
20.171.207.162 - - [17/Jul/2025:12:10:44 -0400] "GET /de9ca2/?path=%2Fusr%2Fshare%2Flocale%2Fno%2FLC_MESSAGES HTTP/1.1" 200 716 "-" "Mozilla/5.0 AppleWebKit/537.36 (KHTML, like Gecko; compatible; GPTBot/1.2; +https://openai.com/gptbot)"
51.75.119.161 - - [17/Jul/2025:12:10:45 -0400] "GET /de9ca2/?path=/home/katmhsmi/lifecoachbostonma.com/wp-content/plugins/akismet/_inc/img&edit=logo-full-2x.png HTTP/1.1" 200 836 "-" "Mozilla/5.0 (compatible; MJ12bot/v1.4.8; http://mj12bot.com/)"
20.171.207.162 - - [17/Jul/2025:12:10:45 -0400] "GET /de9ca2/?path=%2Fusr%2Fshare%2Flocale%2Fsm%2FLC_MESSAGES HTTP/1.1" 200 645 "-" "Mozilla/5.0 AppleWebKit/537.36 (KHTML, like Gecko; compatible; GPTBot/1.2; +https://openai.com/gptbot)"
51.75.119.161 - - [17/Jul/2025:12:10:46 -0400] "GET /de9ca2/?path=/home/katmhsmi/lifecoachbostonma.com/wp-content/plugins/litespeed-cache/assets/css/fonts&edit=litespeedfont.eot HTTP/1.1" 200 878 "-" "Mozilla/5.0 (compatible; MJ12bot/v1.4.8; http://mj12bot.com/)"
20.171.207.162 - - [17/Jul/2025:12:10:46 -0400] "GET /de9ca2/?path=%2Fusr%2Fshare%2Flocale%2Fgd%2FLC_MESSAGES HTTP/1.1" 200 741 "-" "Mozilla/5.0 AppleWebKit/537.36 (KHTML, like Gecko; compatible; GPTBot/1.2; +https://openai.com/gptbot)"
20.171.207.162 - - [17/Jul/2025:12:10:48 -0400] "GET /de9ca2/?path=%2Fusr%2Fshare%2Flocale%2Frw%2FLC_MESSAGES HTTP/1.1" 200 1007 "-" "Mozilla/5.0 AppleWebKit/537.36 (KHTML, like Gecko; compatible; GPTBot/1.2; +https://openai.com/gptbot)"
51.75.119.161 - - [17/Jul/2025:12:10:48 -0400] "GET /de9ca2/?path=/home/katmhsmi/lifecoachbostonma.com/wp-content/plugins/litespeed-cache/assets/css/fonts&edit=litespeedfont.svg HTTP/1.1" 200 3204 "-" "Mozilla/5.0 (compatible; MJ12bot/v1.4.8; http://mj12bot.com/)"
20.171.207.162 - - [17/Jul/2025:12:10:49 -0400] "GET /de9ca2/?path=%2Fusr%2Fshare%2Flocale%2Fyo%2FLC_MESSAGES HTTP/1.1" 200 728 "-" "Mozilla/5.0 AppleWebKit/537.36 (KHTML, like Gecko; compatible; GPTBot/1.2; +https://openai.com/gptbot)"
51.75.119.161 - - [17/Jul/2025:12:10:49 -0400] "GET /de9ca2/?path=/home/katmhsmi/lifecoachbostonma.com/wp-content/plugins/litespeed-cache/assets/img/icons&edit=img_optm.svg HTTP/1.1" 200 3741 "-" "Mozilla/5.0 (compatible; MJ12bot/v1.4.8; http://mj12bot.com/)"
20.171.207.162 - - [17/Jul/2025:12:10:50 -0400] "GET /de9ca2/?path=%2Fusr%2Fshare%2Flocale%2Ffi%2FLC_MESSAGES HTTP/1.1" 200 1931 "-" "Mozilla/5.0 AppleWebKit/537.36 (KHTML, like Gecko; compatible; GPTBot/1.2; +https://openai.com/gptbot)"
51.75.119.161 - - [17/Jul/2025:12:10:51 -0400] "GET /de9ca2/?path=/home/katmhsmi/lifecoachbostonma.com/wp-content/plugins/litespeed-cache/assets/img/icons&edit=img_webp_disabled.svg HTTP/1.1" 200 2932 "-" "Mozilla/5.0 (compatible; MJ12bot/v1.4.8; http://mj12bot.com/)"
20.171.207.162 - - [17/Jul/2025:12:10:51 -0400] "GET /de9ca2/?path=%2Fusr%2Fshare%2Flocale%2Fbh%2FLC_MESSAGES%2F.. HTTP/1.1" 200 642 "-" "Mozilla/5.0 AppleWebKit/537.36 (KHTML, like Gecko; compatible; GPTBot/1.2; +https://openai.com/gptbot)"
20.171.207.162 - - [17/Jul/2025:12:10:52 -0400] "GET /de9ca2/?path=%2Fusr%2Fshare%2Flocale%2Fsg%2FLC_MESSAGES%2F.. HTTP/1.1" 200 643 "-" "Mozilla/5.0 AppleWebKit/537.36 (KHTML, like Gecko; compatible; GPTBot/1.2; +https://openai.com/gptbot)"
51.75.119.161 - - [17/Jul/2025:12:10:52 -0400] "GET /de9ca2/?path=/home/katmhsmi/lifecoachbostonma.com/wp-content/plugins/litespeed-cache/assets/img/icons&edit=trash_comment.svg HTTP/1.1" 200 3942 "-" "Mozilla/5.0 (compatible; MJ12bot/v1.4.8; http://mj12bot.com/)"
20.171.207.162 - - [17/Jul/2025:12:10:53 -0400] "GET /de9ca2/?path=%2Fusr%2Fshare%2Flocale%2Fsq%2FLC_MESSAGES%2F.. HTTP/1.1" 200 643 "-" "Mozilla/5.0 AppleWebKit/537.36 (KHTML, like Gecko; compatible; GPTBot/1.2; +https://openai.com/gptbot)"
51.75.119.161 - - [17/Jul/2025:12:10:54 -0400] "GET /de9ca2/?path=/home/katmhsmi/lifecoachbostonma.com/wp-content/themes/twentytwentyone/assets/sass/05-blocks/audio&edit=_style.scss HTTP/1.1" 200 919 "-" "Mozilla/5.0 (compatible; MJ12bot/v1.4.8; http://mj12bot.com/)"
20.171.207.162 - - [17/Jul/2025:12:10:54 -0400] "GET /de9ca2/?path=%2Fusr%2Fshare%2Flocale%2Fzh%2FLC_MESSAGES%2F.. HTTP/1.1" 200 643 "-" "Mozilla/5.0 AppleWebKit/537.36 (KHTML, like Gecko; compatible; GPTBot/1.2; +https://openai.com/gptbot)"
51.75.119.161 - - [17/Jul/2025:12:10:56 -0400] "GET /de9ca2/?path=/home/katmhsmi/lifecoachbostonma.com/wp-content/themes/twentytwentyone/assets/sass/05-blocks/audio/.. HTTP/1.1" 200 1123 "-" "Mozilla/5.0 (compatible; MJ12bot/v1.4.8; http://mj12bot.com/)"
20.171.207.162 - - [17/Jul/2025:12:10:56 -0400] "GET /de9ca2/?path=%2Fusr%2Fshare%2Flocale%2Fno%2FLC_MESSAGES%2F.. HTTP/1.1" 200 643 "-" "Mozilla/5.0 AppleWebKit/537.36 (KHTML, like Gecko; compatible; GPTBot/1.2; +https://openai.com/gptbot)"
20.171.207.162 - - [17/Jul/2025:12:10:57 -0400] "GET /de9ca2/?path=%2Fusr%2Fshare%2Flocale%2Fsm%2FLC_MESSAGES%2F.. HTTP/1.1" 200 642 "-" "Mozilla/5.0 AppleWebKit/537.36 (KHTML, like Gecko; compatible; GPTBot/1.2; +https://openai.com/gptbot)"
51.75.119.161 - - [17/Jul/2025:12:10:57 -0400] "GET /de9ca2/?path=/home/katmhsmi/lifecoachbostonma.com/wp-content/themes/twentytwentyone/assets/sass/05-blocks/button&edit=_editor.scss HTTP/1.1" 200 1471 "-" "Mozilla/5.0 (compatible; MJ12bot/v1.4.8; http://mj12bot.com/)"
20.171.207.162 - - [17/Jul/2025:12:10:58 -0400] "GET /de9ca2/?path=%2Fusr%2Fshare%2Flocale%2Fgd%2FLC_MESSAGES%2F.. HTTP/1.1" 200 643 "-" "Mozilla/5.0 AppleWebKit/537.36 (KHTML, like Gecko; compatible; GPTBot/1.2; +https://openai.com/gptbot)"
51.75.119.161 - - [17/Jul/2025:12:10:59 -0400] "GET /de9ca2/?path=/home/katmhsmi/lifecoachbostonma.com/wp-content/themes/twentytwentyone/assets/sass/05-blocks/file&edit=_style.scss HTTP/1.1" 200 959 "-" "Mozilla/5.0 (compatible; MJ12bot/v1.4.8; http://mj12bot.com/)"
20.171.207.162 - - [17/Jul/2025:12:10:59 -0400] "GET /de9ca2/?edit=glib20.mo&path=%2Fusr%2Fshare%2Flocale%2Frw%2FLC_MESSAGES HTTP/1.1" 200 1070 "-" "Mozilla/5.0 AppleWebKit/537.36 (KHTML, like Gecko; compatible; GPTBot/1.2; +https://openai.com/gptbot)"
51.75.119.161 - - [17/Jul/2025:12:11:00 -0400] "GET /de9ca2/?path=/home/katmhsmi/lifecoachbostonma.com/wp-content/themes/twentytwentyone/assets/sass/05-blocks/latest-comments/.. HTTP/1.1" 200 1123 "-" "Mozilla/5.0 (compatible; MJ12bot/v1.4.8; http://mj12bot.com/)"
20.171.207.162 - - [17/Jul/2025:12:11:00 -0400] "GET /de9ca2/?edit=parted.mo&path=%2Fusr%2Fshare%2Flocale%2Frw%2FLC_MESSAGES HTTP/1.1" 200 1068 "-" "Mozilla/5.0 AppleWebKit/537.36 (KHTML, like Gecko; compatible; GPTBot/1.2; +https://openai.com/gptbot)"
20.171.207.162 - - [17/Jul/2025:12:11:01 -0400] "GET /de9ca2/?path=%2Fusr%2Fshare%2Flocale%2Frw%2FLC_MESSAGES%2F.. HTTP/1.1" 200 642 "-" "Mozilla/5.0 AppleWebKit/537.36 (KHTML, like Gecko; compatible; GPTBot/1.2; +https://openai.com/gptbot)"
51.75.119.161 - - [17/Jul/2025:12:11:02 -0400] "GET /de9ca2/?path=/home/katmhsmi/lifecoachbostonma.com/wp-content/uploads/2024/11/.. HTTP/1.1" 200 736 "-" "Mozilla/5.0 (compatible; MJ12bot/v1.4.8; http://mj12bot.com/)"
20.171.207.162 - - [17/Jul/2025:12:11:03 -0400] "GET /de9ca2/?edit=gettext-tools.mo&path=%2Fusr%2Fshare%2Flocale%2Ffi%2FLC_MESSAGES HTTP/1.1" 200 2050 "-" "Mozilla/5.0 AppleWebKit/537.36 (KHTML, like Gecko; compatible; GPTBot/1.2; +https://openai.com/gptbot)"
51.75.119.161 - - [17/Jul/2025:12:11:03 -0400] "GET /de9ca2/?path=/home/katmhsmi/lifecoachbostonma.com/wp-content/uploads/2025/01/.. HTTP/1.1" 200 714 "-" "Mozilla/5.0 (compatible; MJ12bot/v1.4.8; http://mj12bot.com/)"
20.171.207.162 - - [17/Jul/2025:12:11:04 -0400] "GET /de9ca2/?path=%2Fusr%2Fshare%2Flocale%2Ffi%2FLC_MESSAGES%2F.. HTTP/1.1" 200 655 "-" "Mozilla/5.0 AppleWebKit/537.36 (KHTML, like Gecko; compatible; GPTBot/1.2; +https://openai.com/gptbot)"
51.75.119.161 - - [17/Jul/2025:12:11:05 -0400] "GET /de9ca2/?path=/home/katmhsmi/lifecoachbostonma.com/wp-content/uploads/2025/02/.. HTTP/1.1" 200 714 "-" "Mozilla/5.0 (compatible; MJ12bot/v1.4.8; http://mj12bot.com/)"
20.171.207.162 - - [17/Jul/2025:12:11:05 -0400] "GET /de9ca2/?path=%2Fusr%2Fshare%2Flocale%2Fyo%2FLC_MESSAGES%2F.. HTTP/1.1" 200 644 "-" "Mozilla/5.0 AppleWebKit/537.36 (KHTML, like Gecko; compatible; GPTBot/1.2; +https://openai.com/gptbot)"
20.171.207.162 - - [17/Jul/2025:12:11:06 -0400] "GET /de9ca2/?path=%2Fusr%2Fshare%2Flocale%2Fmn%2FLC_MESSAGES HTTP/1.1" 200 887 "-" "Mozilla/5.0 AppleWebKit/537.36 (KHTML, like Gecko; compatible; GPTBot/1.2; +https://openai.com/gptbot)"
51.75.119.161 - - [17/Jul/2025:12:11:07 -0400] "GET /de9ca2/?path=/home/katmhsmi/lifecoachbostonma.com/wp-content/uploads/2025/03/.. HTTP/1.1" 200 714 "-" "Mozilla/5.0 (compatible; MJ12bot/v1.4.8; http://mj12bot.com/)"
20.171.207.162 - - [17/Jul/2025:12:11:07 -0400] "GET /de9ca2/?path=%2Fusr%2Fshare%2Flocale%2Fsv%2FLC_MESSAGES HTTP/1.1" 200 2302 "-" "Mozilla/5.0 AppleWebKit/537.36 (KHTML, like Gecko; compatible; GPTBot/1.2; +https://openai.com/gptbot)"
51.75.119.161 - - [17/Jul/2025:12:11:08 -0400] "GET /de9ca2/?path=/home/katmhsmi/lifecoachbostonma.com/wp-content/uploads/2025/04/.. HTTP/1.1" 200 714 "-" "Mozilla/5.0 (compatible; MJ12bot/v1.4.8; http://mj12bot.com/)"
20.171.207.162 - - [17/Jul/2025:12:11:09 -0400] "GET /de9ca2/?path=%2Fusr%2Fshare%2Flocale%2Fbg%2FLC_MESSAGES HTTP/1.1" 200 1548 "-" "Mozilla/5.0 AppleWebKit/537.36 (KHTML, like Gecko; compatible; GPTBot/1.2; +https://openai.com/gptbot)"
20.171.207.162 - - [17/Jul/2025:12:11:10 -0400] "GET /de9ca2/?path=%2Fusr%2Fshare%2Flocale%2Fiu%2FLC_MESSAGES HTTP/1.1" 200 704 "-" "Mozilla/5.0 AppleWebKit/537.36 (KHTML, like Gecko; compatible; GPTBot/1.2; +https://openai.com/gptbot)"
51.75.119.161 - - [17/Jul/2025:12:11:10 -0400] "GET /de9ca2/?path=/home/katmhsmi/lifecoachbostonma.com/wp-content/uploads/2025/05/.. HTTP/1.1" 200 714 "-" "Mozilla/5.0 (compatible; MJ12bot/v1.4.8; http://mj12bot.com/)"
20.171.207.162 - - [17/Jul/2025:12:11:11 -0400] "GET /de9ca2/?path=%2Fusr%2Fshare%2Flocale%2Fzu%2FLC_MESSAGES HTTP/1.1" 200 832 "-" "Mozilla/5.0 AppleWebKit/537.36 (KHTML, like Gecko; compatible; GPTBot/1.2; +https://openai.com/gptbot)"
51.75.119.161 - - [17/Jul/2025:12:11:11 -0400] "GET /de9ca2/?path=/home/katmhsmi/lifecoachbostonma.com/wp-content/uploads/2025/06/.. HTTP/1.1" 200 714 "-" "Mozilla/5.0 (compatible; MJ12bot/v1.4.8; http://mj12bot.com/)"
20.171.207.162 - - [17/Jul/2025:12:11:12 -0400] "GET /de9ca2/?path=%2Fusr%2Fshare%2Flocale%2Fms%2FLC_MESSAGES HTTP/1.1" 200 1217 "-" "Mozilla/5.0 AppleWebKit/537.36 (KHTML, like Gecko; compatible; GPTBot/1.2; +https://openai.com/gptbot)"
51.75.119.161 - - [17/Jul/2025:12:11:13 -0400] "GET /de9ca2/?path=/home/katmhsmi/lifecoachbostonma.com/wp-includes/Requests/Exception/HTTP&edit=304.php HTTP/1.1" 200 1231 "-" "Mozilla/5.0 (compatible; MJ12bot/v1.4.8; http://mj12bot.com/)"
20.171.207.162 - - [17/Jul/2025:12:11:13 -0400] "GET /de9ca2/?path=%2Fusr%2Fshare%2Flocale%2Fhi%2FLC_MESSAGES HTTP/1.1" 200 1117 "-" "Mozilla/5.0 AppleWebKit/537.36 (KHTML, like Gecko; compatible; GPTBot/1.2; +https://openai.com/gptbot)"
20.171.207.162 - - [17/Jul/2025:12:11:14 -0400] "GET /de9ca2/?path=%2Fusr%2Fshare%2Flocale%2Fbo%2FLC_MESSAGES HTTP/1.1" 200 718 "-" "Mozilla/5.0 AppleWebKit/537.36 (KHTML, like Gecko; compatible; GPTBot/1.2; +https://openai.com/gptbot)"
