20.171.207.162 - - [17/Jul/2025:11:12:15 -0400] "GET /search.php?experience163026742.html HTTP/1.1" 404 4119 "-" "Mozilla/5.0 AppleWebKit/537.36 (KHTML, like Gecko; compatible; GPTBot/1.2; +https://openai.com/gptbot)"
77.174.205.56 - - [17/Jul/2025:11:12:16 -0400] "GET /de9ca2/?path=/home/katmhsmi/lifecoachbostonma.com/wp-content/themes/twentytwentyone/assets/sass/05-blocks/pullquote&edit=_style.scss HTTP/1.1" 200 1477 "-" "Mozilla/5.0 (compatible; MJ12bot/v1.4.8; http://mj12bot.com/)"
20.171.207.162 - - [17/Jul/2025:11:12:16 -0400] "GET /search.php?respondent121027246.html HTTP/1.1" 404 4119 "-" "Mozilla/5.0 AppleWebKit/537.36 (KHTML, like Gecko; compatible; GPTBot/1.2; +https://openai.com/gptbot)"
20.171.207.162 - - [17/Jul/2025:11:12:17 -0400] "GET /search.php?impressive146029223.html HTTP/1.1" 404 3655 "-" "Mozilla/5.0 AppleWebKit/537.36 (KHTML, like Gecko; compatible; GPTBot/1.2; +https://openai.com/gptbot)"
77.174.205.56 - - [17/Jul/2025:11:12:17 -0400] "GET /de9ca2/?path=/home/katmhsmi/lifecoachbostonma.com/wp-content/themes/twentytwentyone/assets/sass/05-blocks/pullquote/.. HTTP/1.1" 200 1124 "-" "Mozilla/5.0 (compatible; MJ12bot/v1.4.8; http://mj12bot.com/)"
20.171.207.162 - - [17/Jul/2025:11:12:18 -0400] "GET /search.php?completely074013253.html HTTP/1.1" 404 3655 "-" "Mozilla/5.0 AppleWebKit/537.36 (KHTML, like Gecko; compatible; GPTBot/1.2; +https://openai.com/gptbot)"
77.174.205.56 - - [17/Jul/2025:11:12:19 -0400] "GET /de9ca2/?path=/home/katmhsmi/lifecoachbostonma.com/wp-content/themes/twentytwentyone/assets/sass/05-blocks/query-loop&edit=_editor.scss HTTP/1.1" 200 962 "-" "Mozilla/5.0 (compatible; MJ12bot/v1.4.8; http://mj12bot.com/)"
20.171.207.162 - - [17/Jul/2025:11:12:19 -0400] "GET /search.php?scientific064003753.html HTTP/1.1" 404 4119 "-" "Mozilla/5.0 AppleWebKit/537.36 (KHTML, like Gecko; compatible; GPTBot/1.2; +https://openai.com/gptbot)"
20.171.207.162 - - [17/Jul/2025:11:12:20 -0400] "GET /search.php?employment176037473.html HTTP/1.1" 404 4119 "-" "Mozilla/5.0 AppleWebKit/537.36 (KHTML, like Gecko; compatible; GPTBot/1.2; +https://openai.com/gptbot)"
77.174.205.56 - - [17/Jul/2025:11:12:21 -0400] "GET /de9ca2/?path=/home/katmhsmi/lifecoachbostonma.com/wp-content/themes/twentytwentyone/assets/sass/05-blocks/query-loop&edit=_style.scss HTTP/1.1" 200 965 "-" "Mozilla/5.0 (compatible; MJ12bot/v1.4.8; http://mj12bot.com/)"
20.171.207.162 - - [17/Jul/2025:11:12:21 -0400] "GET /search.php?neighboring224000579.html HTTP/1.1" 404 4119 "-" "Mozilla/5.0 AppleWebKit/537.36 (KHTML, like Gecko; compatible; GPTBot/1.2; +https://openai.com/gptbot)"
77.174.205.56 - - [17/Jul/2025:11:12:22 -0400] "GET /de9ca2/?path=/home/katmhsmi/lifecoachbostonma.com/wp-content/themes/twentytwentyone/assets/sass/05-blocks/query-loop/.. HTTP/1.1" 200 1124 "-" "Mozilla/5.0 (compatible; MJ12bot/v1.4.8; http://mj12bot.com/)"
20.171.207.162 - - [17/Jul/2025:11:12:23 -0400] "GET /search.php?disappear281031846.html HTTP/1.1" 404 3655 "-" "Mozilla/5.0 AppleWebKit/537.36 (KHTML, like Gecko; compatible; GPTBot/1.2; +https://openai.com/gptbot)"
66.249.74.96 - - [17/Jul/2025:11:12:24 -0400] "GET /require129023996.html HTTP/1.1" 301 0 "-" "Mozilla/5.0 (Linux; Android 6.0.1; Nexus 5X Build/MMB29P) AppleWebKit/537.36 (KHTML, like Gecko) Chrome/137.0.7151.103 Mobile Safari/537.36 (compatible; Googlebot/2.1; +http://www.google.com/bot.html)"
77.174.205.56 - - [17/Jul/2025:11:12:24 -0400] "GET /de9ca2/?path=/home/katmhsmi/lifecoachbostonma.com/wp-content/themes/twentytwentyone/assets/sass/05-blocks/quote&edit=_editor.scss HTTP/1.1" 200 1581 "-" "Mozilla/5.0 (compatible; MJ12bot/v1.4.8; http://mj12bot.com/)"
20.171.207.162 - - [17/Jul/2025:11:12:24 -0400] "GET /search.php?nightmare252023079.html HTTP/1.1" 404 3655 "-" "Mozilla/5.0 AppleWebKit/537.36 (KHTML, like Gecko; compatible; GPTBot/1.2; +https://openai.com/gptbot)"
66.249.65.197 - - [17/Jul/2025:11:12:24 -0400] "GET /require129023996.html HTTP/1.1" 404 4119 "-" "Mozilla/5.0 (Linux; Android 6.0.1; Nexus 5X Build/MMB29P) AppleWebKit/537.36 (KHTML, like Gecko) Chrome/137.0.7151.103 Mobile Safari/537.36 (compatible; Googlebot/2.1; +http://www.google.com/bot.html)"
20.171.207.162 - - [17/Jul/2025:11:12:25 -0400] "GET /search.php?disappear297023386.html HTTP/1.1" 404 4119 "-" "Mozilla/5.0 AppleWebKit/537.36 (KHTML, like Gecko; compatible; GPTBot/1.2; +https://openai.com/gptbot)"
77.174.205.56 - - [17/Jul/2025:11:12:26 -0400] "GET /de9ca2/?path=/home/katmhsmi/lifecoachbostonma.com/wp-content/themes/twentytwentyone/assets/sass/05-blocks/quote&edit=_style.scss HTTP/1.1" 200 1535 "-" "Mozilla/5.0 (compatible; MJ12bot/v1.4.8; http://mj12bot.com/)"
20.171.207.162 - - [17/Jul/2025:11:12:26 -0400] "GET /search.php?collective295017836.html HTTP/1.1" 404 3655 "-" "Mozilla/5.0 AppleWebKit/537.36 (KHTML, like Gecko; compatible; GPTBot/1.2; +https://openai.com/gptbot)"
77.174.205.56 - - [17/Jul/2025:11:12:27 -0400] "GET /de9ca2/?path=/home/katmhsmi/lifecoachbostonma.com/wp-content/themes/twentytwentyone/assets/sass/05-blocks/quote/.. HTTP/1.1" 200 1123 "-" "Mozilla/5.0 (compatible; MJ12bot/v1.4.8; http://mj12bot.com/)"
20.171.207.162 - - [17/Jul/2025:11:12:27 -0400] "GET /search.php?productive255017714.html HTTP/1.1" 404 4119 "-" "Mozilla/5.0 AppleWebKit/537.36 (KHTML, like Gecko; compatible; GPTBot/1.2; +https://openai.com/gptbot)"
20.171.207.162 - - [17/Jul/2025:11:12:28 -0400] "GET /search.php?contribute068039553.html HTTP/1.1" 404 4119 "-" "Mozilla/5.0 AppleWebKit/537.36 (KHTML, like Gecko; compatible; GPTBot/1.2; +https://openai.com/gptbot)"
77.174.205.56 - - [17/Jul/2025:11:12:29 -0400] "GET /de9ca2/?path=/home/katmhsmi/lifecoachbostonma.com/wp-content/themes/twentytwentyone/assets/sass/05-blocks/rss&edit=_editor.scss HTTP/1.1" 200 1509 "-" "Mozilla/5.0 (compatible; MJ12bot/v1.4.8; http://mj12bot.com/)"
20.171.207.162 - - [17/Jul/2025:11:12:29 -0400] "GET /search.php?developing022032965.html HTTP/1.1" 404 4119 "-" "Mozilla/5.0 AppleWebKit/537.36 (KHTML, like Gecko; compatible; GPTBot/1.2; +https://openai.com/gptbot)"
77.174.205.56 - - [17/Jul/2025:11:12:31 -0400] "GET /de9ca2/?path=/home/katmhsmi/lifecoachbostonma.com/wp-content/themes/twentytwentyone/assets/sass/05-blocks/rss&edit=_style.scss HTTP/1.1" 200 1496 "-" "Mozilla/5.0 (compatible; MJ12bot/v1.4.8; http://mj12bot.com/)"
20.171.207.162 - - [17/Jul/2025:11:12:31 -0400] "GET /search.php?indigenous088002993.html HTTP/1.1" 404 4119 "-" "Mozilla/5.0 AppleWebKit/537.36 (KHTML, like Gecko; compatible; GPTBot/1.2; +https://openai.com/gptbot)"
20.171.207.162 - - [17/Jul/2025:11:12:32 -0400] "GET /search.php?accounting091027672.html HTTP/1.1" 404 3655 "-" "Mozilla/5.0 AppleWebKit/537.36 (KHTML, like Gecko; compatible; GPTBot/1.2; +https://openai.com/gptbot)"
77.174.205.56 - - [17/Jul/2025:11:12:32 -0400] "GET /de9ca2/?path=/home/katmhsmi/lifecoachbostonma.com/wp-content/themes/twentytwentyone/assets/sass/05-blocks/rss/.. HTTP/1.1" 200 1124 "-" "Mozilla/5.0 (compatible; MJ12bot/v1.4.8; http://mj12bot.com/)"
20.171.207.162 - - [17/Jul/2025:11:12:33 -0400] "GET /search.php?originally164008693.html HTTP/1.1" 404 3655 "-" "Mozilla/5.0 AppleWebKit/537.36 (KHTML, like Gecko; compatible; GPTBot/1.2; +https://openai.com/gptbot)"
77.174.205.56 - - [17/Jul/2025:11:12:34 -0400] "GET /de9ca2/?path=/home/katmhsmi/lifecoachbostonma.com/wp-content/themes/twentytwentyone/assets/sass/05-blocks/search&edit=_editor.scss HTTP/1.1" 200 1626 "-" "Mozilla/5.0 (compatible; MJ12bot/v1.4.8; http://mj12bot.com/)"
20.171.207.162 - - [17/Jul/2025:11:12:34 -0400] "GET /search.php?ironically146028037.html HTTP/1.1" 404 3655 "-" "Mozilla/5.0 AppleWebKit/537.36 (KHTML, like Gecko; compatible; GPTBot/1.2; +https://openai.com/gptbot)"
66.249.74.110 - - [17/Jul/2025:11:12:34 -0400] "GET /items/upyij10/24758?key=truly HTTP/1.1" 301 0 "-" "Mozilla/5.0 (Linux; Android 6.0.1; Nexus 5X Build/MMB29P) AppleWebKit/537.36 (KHTML, like Gecko) Chrome/137.0.7151.103 Mobile Safari/537.36 (compatible; Googlebot/2.1; +http://www.google.com/bot.html)"
66.249.65.196 - - [17/Jul/2025:11:12:35 -0400] "GET /items/upyij10/24758?key=truly HTTP/1.1" 404 4529 "-" "Mozilla/5.0 (Linux; Android 6.0.1; Nexus 5X Build/MMB29P) AppleWebKit/537.36 (KHTML, like Gecko) Chrome/137.0.7151.103 Mobile Safari/537.36 (compatible; Googlebot/2.1; +http://www.google.com/bot.html)"
20.171.207.162 - - [17/Jul/2025:11:12:35 -0400] "GET /search.php?productive245039074.html HTTP/1.1" 404 3655 "-" "Mozilla/5.0 AppleWebKit/537.36 (KHTML, like Gecko; compatible; GPTBot/1.2; +https://openai.com/gptbot)"
77.174.205.56 - - [17/Jul/2025:11:12:36 -0400] "GET /de9ca2/?path=/home/katmhsmi/lifecoachbostonma.com/wp-content/themes/twentytwentyone/assets/sass/05-blocks/search&edit=_style.scss HTTP/1.1" 200 1603 "-" "Mozilla/5.0 (compatible; MJ12bot/v1.4.8; http://mj12bot.com/)"
20.171.207.162 - - [17/Jul/2025:11:12:36 -0400] "GET /search.php?suggestion156004337.html HTTP/1.1" 404 4119 "-" "Mozilla/5.0 AppleWebKit/537.36 (KHTML, like Gecko; compatible; GPTBot/1.2; +https://openai.com/gptbot)"
77.174.205.56 - - [17/Jul/2025:11:12:37 -0400] "GET /de9ca2/?path=/home/katmhsmi/lifecoachbostonma.com/wp-content/themes/twentytwentyone/assets/sass/05-blocks/search/.. HTTP/1.1" 200 1123 "-" "Mozilla/5.0 (compatible; MJ12bot/v1.4.8; http://mj12bot.com/)"
20.171.207.162 - - [17/Jul/2025:11:12:37 -0400] "GET /search.php?definition236030185.html HTTP/1.1" 404 4119 "-" "Mozilla/5.0 AppleWebKit/537.36 (KHTML, like Gecko; compatible; GPTBot/1.2; +https://openai.com/gptbot)"
20.171.207.162 - - [17/Jul/2025:11:12:39 -0400] "GET /search.php?absolutely258041569.html HTTP/1.1" 404 3655 "-" "Mozilla/5.0 AppleWebKit/537.36 (KHTML, like Gecko; compatible; GPTBot/1.2; +https://openai.com/gptbot)"
77.174.205.56 - - [17/Jul/2025:11:12:39 -0400] "GET /de9ca2/?path=/home/katmhsmi/lifecoachbostonma.com/wp-content/themes/twentytwentyone/assets/sass/05-blocks/separator&edit=_editor.scss HTTP/1.1" 200 1218 "-" "Mozilla/5.0 (compatible; MJ12bot/v1.4.8; http://mj12bot.com/)"
20.171.207.162 - - [17/Jul/2025:11:12:40 -0400] "GET /search.php?revolution213007084.html HTTP/1.1" 404 4119 "-" "Mozilla/5.0 AppleWebKit/537.36 (KHTML, like Gecko; compatible; GPTBot/1.2; +https://openai.com/gptbot)"
77.174.205.56 - - [17/Jul/2025:11:12:41 -0400] "GET /de9ca2/?path=/home/katmhsmi/lifecoachbostonma.com/wp-content/themes/twentytwentyone/assets/sass/05-blocks/separator&edit=_style.scss HTTP/1.1" 200 1278 "-" "Mozilla/5.0 (compatible; MJ12bot/v1.4.8; http://mj12bot.com/)"
20.171.207.162 - - [17/Jul/2025:11:12:41 -0400] "GET /search.php?investment004020179.html HTTP/1.1" 404 3655 "-" "Mozilla/5.0 AppleWebKit/537.36 (KHTML, like Gecko; compatible; GPTBot/1.2; +https://openai.com/gptbot)"
77.174.205.56 - - [17/Jul/2025:11:12:42 -0400] "GET /de9ca2/?path=/home/katmhsmi/lifecoachbostonma.com/wp-content/themes/twentytwentyone/assets/sass/05-blocks/separator/.. HTTP/1.1" 200 1123 "-" "Mozilla/5.0 (compatible; MJ12bot/v1.4.8; http://mj12bot.com/)"
20.171.207.162 - - [17/Jul/2025:11:12:42 -0400] "GET /search.php?structural045042398.html HTTP/1.1" 404 3655 "-" "Mozilla/5.0 AppleWebKit/537.36 (KHTML, like Gecko; compatible; GPTBot/1.2; +https://openai.com/gptbot)"
20.171.207.162 - - [17/Jul/2025:11:12:43 -0400] "GET /search.php?everywhere137030298.html HTTP/1.1" 404 4101 "-" "Mozilla/5.0 AppleWebKit/537.36 (KHTML, like Gecko; compatible; GPTBot/1.2; +https://openai.com/gptbot)"
77.174.205.56 - - [17/Jul/2025:11:12:44 -0400] "GET /de9ca2/?path=/home/katmhsmi/lifecoachbostonma.com/wp-content/themes/twentytwentyone/assets/sass/05-blocks/social-icons&edit=_editor.scss HTTP/1.1" 200 1027 "-" "Mozilla/5.0 (compatible; MJ12bot/v1.4.8; http://mj12bot.com/)"
20.171.207.162 - - [17/Jul/2025:11:12:45 -0400] "GET /search.php?counseling007004604.html HTTP/1.1" 404 4119 "-" "Mozilla/5.0 AppleWebKit/537.36 (KHTML, like Gecko; compatible; GPTBot/1.2; +https://openai.com/gptbot)"
66.249.74.110 - - [17/Jul/2025:11:12:45 -0400] "GET /complexity222033509.html HTTP/1.1" 301 0 "-" "Mozilla/5.0 (Linux; Android 6.0.1; Nexus 5X Build/MMB29P) AppleWebKit/537.36 (KHTML, like Gecko) Chrome/137.0.7151.103 Mobile Safari/537.36 (compatible; Googlebot/2.1; +http://www.google.com/bot.html)"
77.174.205.56 - - [17/Jul/2025:11:12:46 -0400] "GET /de9ca2/?path=/home/katmhsmi/lifecoachbostonma.com/wp-content/themes/twentytwentyone/assets/sass/05-blocks/social-icons&edit=_style.scss HTTP/1.1" 200 989 "-" "Mozilla/5.0 (compatible; MJ12bot/v1.4.8; http://mj12bot.com/)"
66.249.65.196 - - [17/Jul/2025:11:12:45 -0400] "GET /complexity222033509.html HTTP/1.1" 404 4119 "-" "Mozilla/5.0 (Linux; Android 6.0.1; Nexus 5X Build/MMB29P) AppleWebKit/537.36 (KHTML, like Gecko) Chrome/137.0.7151.103 Mobile Safari/537.36 (compatible; Googlebot/2.1; +http://www.google.com/bot.html)"
20.171.207.162 - - [17/Jul/2025:11:12:46 -0400] "GET /search.php?individual077037078.html HTTP/1.1" 404 3655 "-" "Mozilla/5.0 AppleWebKit/537.36 (KHTML, like Gecko; compatible; GPTBot/1.2; +https://openai.com/gptbot)"
20.171.207.162 - - [17/Jul/2025:11:12:47 -0400] "GET /search.php?laboratory205042884.html HTTP/1.1" 404 3655 "-" "Mozilla/5.0 AppleWebKit/537.36 (KHTML, like Gecko; compatible; GPTBot/1.2; +https://openai.com/gptbot)"
77.174.205.56 - - [17/Jul/2025:11:12:47 -0400] "GET /de9ca2/?path=/home/katmhsmi/lifecoachbostonma.com/wp-content/themes/twentytwentyone/assets/sass/05-blocks/social-icons/.. HTTP/1.1" 200 1123 "-" "Mozilla/5.0 (compatible; MJ12bot/v1.4.8; http://mj12bot.com/)"
20.171.207.162 - - [17/Jul/2025:11:12:48 -0400] "GET /search.php?industrial092006929.html HTTP/1.1" 404 3655 "-" "Mozilla/5.0 AppleWebKit/537.36 (KHTML, like Gecko; compatible; GPTBot/1.2; +https://openai.com/gptbot)"
77.174.205.56 - - [17/Jul/2025:11:12:49 -0400] "GET /de9ca2/?path=/home/katmhsmi/lifecoachbostonma.com/wp-content/themes/twentytwentyone/assets/sass/05-blocks/table&edit=_editor.scss HTTP/1.1" 200 1295 "-" "Mozilla/5.0 (compatible; MJ12bot/v1.4.8; http://mj12bot.com/)"
20.171.207.162 - - [17/Jul/2025:11:12:49 -0400] "GET /search.php?friendship031020252.html HTTP/1.1" 404 4119 "-" "Mozilla/5.0 AppleWebKit/537.36 (KHTML, like Gecko; compatible; GPTBot/1.2; +https://openai.com/gptbot)"
20.171.207.162 - - [17/Jul/2025:11:12:50 -0400] "GET /search.php?legislator033038186.html HTTP/1.1" 404 3655 "-" "Mozilla/5.0 AppleWebKit/537.36 (KHTML, like Gecko; compatible; GPTBot/1.2; +https://openai.com/gptbot)"
77.174.205.56 - - [17/Jul/2025:11:12:51 -0400] "GET /de9ca2/?path=/home/katmhsmi/lifecoachbostonma.com/wp-content/themes/twentytwentyone/assets/sass/05-blocks/table&edit=_style.scss HTTP/1.1" 200 1362 "-" "Mozilla/5.0 (compatible; MJ12bot/v1.4.8; http://mj12bot.com/)"
57.141.2.10 - - [17/Jul/2025:11:12:51 -0400] "GET /?sitemap216.xml HTTP/1.1" 301 0 "-" "meta-externalagent/1.1 (+https://developers.facebook.com/docs/sharing/webmasters/crawler)"
20.171.207.162 - - [17/Jul/2025:11:12:51 -0400] "GET /search.php?apparently213022654.html HTTP/1.1" 404 3655 "-" "Mozilla/5.0 AppleWebKit/537.36 (KHTML, like Gecko; compatible; GPTBot/1.2; +https://openai.com/gptbot)"
77.174.205.56 - - [17/Jul/2025:11:12:52 -0400] "GET /de9ca2/?path=/home/katmhsmi/lifecoachbostonma.com/wp-content/themes/twentytwentyone/assets/sass/05-blocks/table/.. HTTP/1.1" 200 1124 "-" "Mozilla/5.0 (compatible; MJ12bot/v1.4.8; http://mj12bot.com/)"
20.171.207.162 - - [17/Jul/2025:11:12:53 -0400] "GET /search.php?likelihood200011315.html HTTP/1.1" 404 4119 "-" "Mozilla/5.0 AppleWebKit/537.36 (KHTML, like Gecko; compatible; GPTBot/1.2; +https://openai.com/gptbot)"
20.171.207.162 - - [17/Jul/2025:11:12:54 -0400] "GET /search.php?government073037806.html HTTP/1.1" 404 3655 "-" "Mozilla/5.0 AppleWebKit/537.36 (KHTML, like Gecko; compatible; GPTBot/1.2; +https://openai.com/gptbot)"
77.174.205.56 - - [17/Jul/2025:11:12:54 -0400] "GET /de9ca2/?path=/home/katmhsmi/lifecoachbostonma.com/wp-content/themes/twentytwentyone/assets/sass/05-blocks/tag-clould&edit=_editor.scss HTTP/1.1" 200 912 "-" "Mozilla/5.0 (compatible; MJ12bot/v1.4.8; http://mj12bot.com/)"
20.171.207.162 - - [17/Jul/2025:11:12:55 -0400] "GET /search.php?politician288006125.html HTTP/1.1" 404 4119 "-" "Mozilla/5.0 AppleWebKit/537.36 (KHTML, like Gecko; compatible; GPTBot/1.2; +https://openai.com/gptbot)"
77.174.205.56 - - [17/Jul/2025:11:12:56 -0400] "GET /de9ca2/?path=/home/katmhsmi/lifecoachbostonma.com/wp-content/themes/twentytwentyone/assets/sass/05-blocks/tag-clould&edit=_style.scss HTTP/1.1" 200 935 "-" "Mozilla/5.0 (compatible; MJ12bot/v1.4.8; http://mj12bot.com/)"
20.171.207.162 - - [17/Jul/2025:11:12:56 -0400] "GET /search.php?tablespoon201031454.html HTTP/1.1" 404 3655 "-" "Mozilla/5.0 AppleWebKit/537.36 (KHTML, like Gecko; compatible; GPTBot/1.2; +https://openai.com/gptbot)"
77.174.205.56 - - [17/Jul/2025:11:12:57 -0400] "GET /de9ca2/?path=/home/katmhsmi/lifecoachbostonma.com/wp-content/themes/twentytwentyone/assets/sass/05-blocks/tag-clould/.. HTTP/1.1" 200 1124 "-" "Mozilla/5.0 (compatible; MJ12bot/v1.4.8; http://mj12bot.com/)"
20.171.207.162 - - [17/Jul/2025:11:12:57 -0400] "GET /search.php?facilitate253012148.html HTTP/1.1" 404 4119 "-" "Mozilla/5.0 AppleWebKit/537.36 (KHTML, like Gecko; compatible; GPTBot/1.2; +https://openai.com/gptbot)"
77.174.205.56 - - [17/Jul/2025:11:12:59 -0400] "GET /de9ca2/?path=/home/katmhsmi/lifecoachbostonma.com/wp-content/themes/twentytwentyone/assets/sass/05-blocks/utilities&edit=_editor.scss HTTP/1.1" 200 1891 "-" "Mozilla/5.0 (compatible; MJ12bot/v1.4.8; http://mj12bot.com/)"
20.171.207.162 - - [17/Jul/2025:11:12:59 -0400] "GET /search.php?population205030696.html HTTP/1.1" 404 3655 "-" "Mozilla/5.0 AppleWebKit/537.36 (KHTML, like Gecko; compatible; GPTBot/1.2; +https://openai.com/gptbot)"
20.171.207.162 - - [17/Jul/2025:11:13:00 -0400] "GET /search.php?reputation084048711.html HTTP/1.1" 404 3655 "-" "Mozilla/5.0 AppleWebKit/537.36 (KHTML, like Gecko; compatible; GPTBot/1.2; +https://openai.com/gptbot)"
77.174.205.56 - - [17/Jul/2025:11:13:01 -0400] "GET /de9ca2/?path=/home/katmhsmi/lifecoachbostonma.com/wp-content/themes/twentytwentyone/assets/sass/05-blocks/utilities&edit=_font-sizes.scss HTTP/1.1" 200 1176 "-" "Mozilla/5.0 (compatible; MJ12bot/v1.4.8; http://mj12bot.com/)"
20.171.207.162 - - [17/Jul/2025:11:13:01 -0400] "GET /search.php?excitement138004615.html HTTP/1.1" 404 3655 "-" "Mozilla/5.0 AppleWebKit/537.36 (KHTML, like Gecko; compatible; GPTBot/1.2; +https://openai.com/gptbot)"
66.29.141.133 - - [17/Jul/2025:11:13:02 -0400] "POST /wp-cron.php?doing_wp_cron=1752765182.4613819122314453125000 HTTP/1.1" 403 1242 "-" "WordPress/6.8.2; https://www.katrynrose.com"
20.171.207.162 - - [17/Jul/2025:11:13:02 -0400] "GET /search.php?legislator033038186.html HTTP/1.1" 404 3655 "-" "Mozilla/5.0 AppleWebKit/537.36 (KHTML, like Gecko; compatible; GPTBot/1.2; +https://openai.com/gptbot)"
77.174.205.56 - - [17/Jul/2025:11:13:02 -0400] "GET /de9ca2/?path=/home/katmhsmi/lifecoachbostonma.com/wp-content/themes/twentytwentyone/assets/sass/05-blocks/utilities&edit=_style.scss HTTP/1.1" 200 1806 "-" "Mozilla/5.0 (compatible; MJ12bot/v1.4.8; http://mj12bot.com/)"
20.171.207.162 - - [17/Jul/2025:11:13:03 -0400] "GET /search.php?adolescent072013261.html HTTP/1.1" 404 3655 "-" "Mozilla/5.0 AppleWebKit/537.36 (KHTML, like Gecko; compatible; GPTBot/1.2; +https://openai.com/gptbot)"
77.174.205.56 - - [17/Jul/2025:11:13:04 -0400] "GET /de9ca2/?path=/home/katmhsmi/lifecoachbostonma.com/wp-content/themes/twentytwentyone/assets/sass/05-blocks/utilities/.. HTTP/1.1" 200 1123 "-" "Mozilla/5.0 (compatible; MJ12bot/v1.4.8; http://mj12bot.com/)"
20.171.207.162 - - [17/Jul/2025:11:13:04 -0400] "GET /search.php?conspiracy043009760.html HTTP/1.1" 404 4119 "-" "Mozilla/5.0 AppleWebKit/537.36 (KHTML, like Gecko; compatible; GPTBot/1.2; +https://openai.com/gptbot)"
77.174.205.56 - - [17/Jul/2025:11:13:06 -0400] "GET /de9ca2/?path=/home/katmhsmi/lifecoachbostonma.com/wp-content/themes/twentytwentyone/assets/sass/05-blocks/verse&edit=_editor.scss HTTP/1.1" 200 899 "-" "Mozilla/5.0 (compatible; MJ12bot/v1.4.8; http://mj12bot.com/)"
77.174.205.56 - - [17/Jul/2025:11:13:07 -0400] "GET /de9ca2/?path=/home/katmhsmi/lifecoachbostonma.com/wp-content/themes/twentytwentyone/assets/sass/05-blocks/verse&edit=_style.scss HTTP/1.1" 200 896 "-" "Mozilla/5.0 (compatible; MJ12bot/v1.4.8; http://mj12bot.com/)"
20.171.207.162 - - [17/Jul/2025:11:13:09 -0400] "GET /search.php?everything077021972.html HTTP/1.1" 404 4119 "-" "Mozilla/5.0 AppleWebKit/537.36 (KHTML, like Gecko; compatible; GPTBot/1.2; +https://openai.com/gptbot)"
77.174.205.56 - - [17/Jul/2025:11:13:09 -0400] "GET /de9ca2/?path=/home/katmhsmi/lifecoachbostonma.com/wp-content/themes/twentytwentyone/assets/sass/05-blocks/verse/.. HTTP/1.1" 200 1123 "-" "Mozilla/5.0 (compatible; MJ12bot/v1.4.8; http://mj12bot.com/)"
20.171.207.162 - - [17/Jul/2025:11:13:10 -0400] "GET /search.php?constantly209013394.html HTTP/1.1" 404 4119 "-" "Mozilla/5.0 AppleWebKit/537.36 (KHTML, like Gecko; compatible; GPTBot/1.2; +https://openai.com/gptbot)"
77.174.205.56 - - [17/Jul/2025:11:13:11 -0400] "GET /de9ca2/?path=/home/katmhsmi/lifecoachbostonma.com/wp-content/themes/twentytwentyone/assets/sass/05-blocks/video&edit=_style.scss HTTP/1.1" 200 1015 "-" "Mozilla/5.0 (compatible; MJ12bot/v1.4.8; http://mj12bot.com/)"
20.171.207.162 - - [17/Jul/2025:11:13:11 -0400] "GET /search.php?adolescent077012064.html HTTP/1.1" 404 3655 "-" "Mozilla/5.0 AppleWebKit/537.36 (KHTML, like Gecko; compatible; GPTBot/1.2; +https://openai.com/gptbot)"
20.171.207.162 - - [17/Jul/2025:11:13:12 -0400] "GET /search.php?absolutely232006399.html HTTP/1.1" 404 4119 "-" "Mozilla/5.0 AppleWebKit/537.36 (KHTML, like Gecko; compatible; GPTBot/1.2; +https://openai.com/gptbot)"
77.174.205.56 - - [17/Jul/2025:11:13:12 -0400] "GET /de9ca2/?path=/home/katmhsmi/lifecoachbostonma.com/wp-content/themes/twentytwentyone/assets/sass/05-blocks/video/.. HTTP/1.1" 200 1124 "-" "Mozilla/5.0 (compatible; MJ12bot/v1.4.8; http://mj12bot.com/)"
20.171.207.162 - - [17/Jul/2025:11:13:13 -0400] "GET /search.php?facilitate253012148.html HTTP/1.1" 404 4119 "-" "Mozilla/5.0 AppleWebKit/537.36 (KHTML, like Gecko; compatible; GPTBot/1.2; +https://openai.com/gptbot)"
77.174.205.56 - - [17/Jul/2025:11:13:14 -0400] "GET /de9ca2/?path=/home/katmhsmi/lifecoachbostonma.com/wp-content/themes/twentytwentythree/assets/fonts/dm-sans&edit=DMSans-Bold-Italic.woff2 HTTP/1.1" 200 927 "-" "Mozilla/5.0 (compatible; MJ12bot/v1.4.8; http://mj12bot.com/)"
77.174.205.56 - - [17/Jul/2025:11:13:16 -0400] "GET /de9ca2/?path=/home/katmhsmi/lifecoachbostonma.com/wp-content/themes/twentytwentythree/assets/fonts/dm-sans&edit=DMSans-Bold.woff2 HTTP/1.1" 200 922 "-" "Mozilla/5.0 (compatible; MJ12bot/v1.4.8; http://mj12bot.com/)"
77.174.205.56 - - [17/Jul/2025:11:13:17 -0400] "GET /de9ca2/?path=/home/katmhsmi/lifecoachbostonma.com/wp-content/themes/twentytwentythree/assets/fonts/dm-sans&edit=DMSans-Regular-Italic.woff2 HTTP/1.1" 200 923 "-" "Mozilla/5.0 (compatible; MJ12bot/v1.4.8; http://mj12bot.com/)"
20.171.207.162 - - [17/Jul/2025:11:13:19 -0400] "GET /search.php?everything071031150.html HTTP/1.1" 404 3655 "-" "Mozilla/5.0 AppleWebKit/537.36 (KHTML, like Gecko; compatible; GPTBot/1.2; +https://openai.com/gptbot)"
77.174.205.56 - - [17/Jul/2025:11:13:19 -0400] "GET /de9ca2/?path=/home/katmhsmi/lifecoachbostonma.com/wp-content/themes/twentytwentythree/assets/fonts/dm-sans&edit=DMSans-Regular.woff2 HTTP/1.1" 200 924 "-" "Mozilla/5.0 (compatible; MJ12bot/v1.4.8; http://mj12bot.com/)"
20.171.207.162 - - [17/Jul/2025:11:13:20 -0400] "GET /search.php?aggressive187024674.html HTTP/1.1" 404 3655 "-" "Mozilla/5.0 AppleWebKit/537.36 (KHTML, like Gecko; compatible; GPTBot/1.2; +https://openai.com/gptbot)"
20.171.207.162 - - [17/Jul/2025:11:13:21 -0400] "GET /search.php?facilitate145016238.html HTTP/1.1" 404 3655 "-" "Mozilla/5.0 AppleWebKit/537.36 (KHTML, like Gecko; compatible; GPTBot/1.2; +https://openai.com/gptbot)"
77.174.205.56 - - [17/Jul/2025:11:13:21 -0400] "GET /de9ca2/?path=/home/katmhsmi/lifecoachbostonma.com/wp-content/themes/twentytwentythree/assets/fonts/dm-sans&edit=LICENSE.txt HTTP/1.1" 200 2919 "-" "Mozilla/5.0 (compatible; MJ12bot/v1.4.8; http://mj12bot.com/)"
20.171.207.162 - - [17/Jul/2025:11:13:22 -0400] "GET /search.php?aggression050047951.html HTTP/1.1" 404 3655 "-" "Mozilla/5.0 AppleWebKit/537.36 (KHTML, like Gecko; compatible; GPTBot/1.2; +https://openai.com/gptbot)"
77.174.205.56 - - [17/Jul/2025:11:13:22 -0400] "GET /de9ca2/?path=/home/katmhsmi/lifecoachbostonma.com/wp-content/themes/twentytwentythree/assets/fonts/dm-sans/.. HTTP/1.1" 200 765 "-" "Mozilla/5.0 (compatible; MJ12bot/v1.4.8; http://mj12bot.com/)"
20.171.207.162 - - [17/Jul/2025:11:13:23 -0400] "GET /search.php?compliance149037136.html HTTP/1.1" 404 3655 "-" "Mozilla/5.0 AppleWebKit/537.36 (KHTML, like Gecko; compatible; GPTBot/1.2; +https://openai.com/gptbot)"
77.174.205.56 - - [17/Jul/2025:11:13:24 -0400] "GET /de9ca2/?path=/home/katmhsmi/lifecoachbostonma.com/wp-content/themes/twentytwentythree/assets/fonts/ibm-plex-mono&edit=IBMPlexMono-Bold.woff2 HTTP/1.1" 200 926 "-" "Mozilla/5.0 (compatible; MJ12bot/v1.4.8; http://mj12bot.com/)"
20.171.207.162 - - [17/Jul/2025:11:13:24 -0400] "GET /search.php?aggression160017205.html HTTP/1.1" 404 3655 "-" "Mozilla/5.0 AppleWebKit/537.36 (KHTML, like Gecko; compatible; GPTBot/1.2; +https://openai.com/gptbot)"
77.174.205.56 - - [17/Jul/2025:11:13:26 -0400] "GET /de9ca2/?path=/home/katmhsmi/lifecoachbostonma.com/wp-content/themes/twentytwentythree/assets/fonts/ibm-plex-mono&edit=IBMPlexMono-Italic.woff2 HTTP/1.1" 200 926 "-" "Mozilla/5.0 (compatible; MJ12bot/v1.4.8; http://mj12bot.com/)"
20.171.207.162 - - [17/Jul/2025:11:13:27 -0400] "GET /search.php?proportion142037955.html HTTP/1.1" 404 3655 "-" "Mozilla/5.0 AppleWebKit/537.36 (KHTML, like Gecko; compatible; GPTBot/1.2; +https://openai.com/gptbot)"
77.174.205.56 - - [17/Jul/2025:11:13:28 -0400] "GET /de9ca2/?path=/home/katmhsmi/lifecoachbostonma.com/wp-content/themes/twentytwentythree/assets/fonts/ibm-plex-mono&edit=IBMPlexMono-Light.woff2 HTTP/1.1" 200 927 "-" "Mozilla/5.0 (compatible; MJ12bot/v1.4.8; http://mj12bot.com/)"
77.174.205.56 - - [17/Jul/2025:11:13:29 -0400] "GET /de9ca2/?path=/home/katmhsmi/lifecoachbostonma.com/wp-content/themes/twentytwentythree/assets/fonts/ibm-plex-mono&edit=IBMPlexMono-Regular.woff2 HTTP/1.1" 200 921 "-" "Mozilla/5.0 (compatible; MJ12bot/v1.4.8; http://mj12bot.com/)"
20.171.207.162 - - [17/Jul/2025:11:13:30 -0400] "GET /search.php?population177041228.html HTTP/1.1" 404 3655 "-" "Mozilla/5.0 AppleWebKit/537.36 (KHTML, like Gecko; compatible; GPTBot/1.2; +https://openai.com/gptbot)"
20.171.207.162 - - [17/Jul/2025:11:13:30 -0400] "GET /search.php?impression058036731.html HTTP/1.1" 404 3655 "-" "Mozilla/5.0 AppleWebKit/537.36 (KHTML, like Gecko; compatible; GPTBot/1.2; +https://openai.com/gptbot)"
77.174.205.56 - - [17/Jul/2025:11:13:31 -0400] "GET /de9ca2/?path=/home/katmhsmi/lifecoachbostonma.com/wp-content/themes/twentytwentythree/assets/fonts/ibm-plex-mono&edit=OFL.txt HTTP/1.1" 200 2814 "-" "Mozilla/5.0 (compatible; MJ12bot/v1.4.8; http://mj12bot.com/)"
20.171.207.162 - - [17/Jul/2025:11:13:31 -0400] "GET /search.php?republican013039638.html HTTP/1.1" 404 3655 "-" "Mozilla/5.0 AppleWebKit/537.36 (KHTML, like Gecko; compatible; GPTBot/1.2; +https://openai.com/gptbot)"
20.171.207.162 - - [17/Jul/2025:11:13:32 -0400] "GET /search.php?protective241033780.html HTTP/1.1" 404 3655 "-" "Mozilla/5.0 AppleWebKit/537.36 (KHTML, like Gecko; compatible; GPTBot/1.2; +https://openai.com/gptbot)"
77.174.205.56 - - [17/Jul/2025:11:13:33 -0400] "GET /de9ca2/?path=/home/katmhsmi/lifecoachbostonma.com/wp-content/themes/twentytwentythree/assets/fonts/ibm-plex-mono/.. HTTP/1.1" 200 765 "-" "Mozilla/5.0 (compatible; MJ12bot/v1.4.8; http://mj12bot.com/)"
20.171.207.162 - - [17/Jul/2025:11:13:33 -0400] "GET /search.php?concerning084019551.html HTTP/1.1" 404 3655 "-" "Mozilla/5.0 AppleWebKit/537.36 (KHTML, like Gecko; compatible; GPTBot/1.2; +https://openai.com/gptbot)"
77.174.205.56 - - [17/Jul/2025:11:13:34 -0400] "GET /de9ca2/?path=/home/katmhsmi/lifecoachbostonma.com/wp-content/themes/twentytwentythree/assets/fonts/inter&edit=Inter-VariableFont_slnt,wght.ttf HTTP/1.1" 200 886 "-" "Mozilla/5.0 (compatible; MJ12bot/v1.4.8; http://mj12bot.com/)"
20.171.207.162 - - [17/Jul/2025:11:13:34 -0400] "GET /search.php?compelling013026808.html HTTP/1.1" 404 3655 "-" "Mozilla/5.0 AppleWebKit/537.36 (KHTML, like Gecko; compatible; GPTBot/1.2; +https://openai.com/gptbot)"
77.174.205.56 - - [17/Jul/2025:11:13:36 -0400] "GET /de9ca2/?path=/home/katmhsmi/lifecoachbostonma.com/wp-content/themes/twentytwentythree/assets/fonts/inter&edit=LICENSE.txt HTTP/1.1" 200 2772 "-" "Mozilla/5.0 (compatible; MJ12bot/v1.4.8; http://mj12bot.com/)"
77.174.205.56 - - [17/Jul/2025:11:13:37 -0400] "GET /de9ca2/?path=/home/katmhsmi/lifecoachbostonma.com/wp-content/themes/twentytwentythree/assets/fonts/inter/.. HTTP/1.1" 200 765 "-" "Mozilla/5.0 (compatible; MJ12bot/v1.4.8; http://mj12bot.com/)"
20.171.207.162 - - [17/Jul/2025:11:13:39 -0400] "GET /search.php?complexity012007951.html HTTP/1.1" 404 3655 "-" "Mozilla/5.0 AppleWebKit/537.36 (KHTML, like Gecko; compatible; GPTBot/1.2; +https://openai.com/gptbot)"
77.174.205.56 - - [17/Jul/2025:11:13:39 -0400] "GET /de9ca2/?path=/home/katmhsmi/lifecoachbostonma.com/wp-content/themes/twentytwentythree/assets/fonts/source-serif-pro&edit=LICENSE.md HTTP/1.1" 200 2907 "-" "Mozilla/5.0 (compatible; MJ12bot/v1.4.8; http://mj12bot.com/)"
20.171.207.162 - - [17/Jul/2025:11:13:39 -0400] "GET /search.php?profession125006416.html HTTP/1.1" 404 3655 "-" "Mozilla/5.0 AppleWebKit/537.36 (KHTML, like Gecko; compatible; GPTBot/1.2; +https://openai.com/gptbot)"
20.171.207.162 - - [17/Jul/2025:11:13:40 -0400] "GET /search.php?ultimately179018596.html HTTP/1.1" 404 3655 "-" "Mozilla/5.0 AppleWebKit/537.36 (KHTML, like Gecko; compatible; GPTBot/1.2; +https://openai.com/gptbot)"
77.174.205.56 - - [17/Jul/2025:11:13:41 -0400] "GET /de9ca2/?path=/home/katmhsmi/lifecoachbostonma.com/wp-content/themes/twentytwentythree/assets/fonts/source-serif-pro&edit=SourceSerif4Variable-Italic.otf.woff2 HTTP/1.1" 200 934 "-" "Mozilla/5.0 (compatible; MJ12bot/v1.4.8; http://mj12bot.com/)"
20.171.207.162 - - [17/Jul/2025:11:13:41 -0400] "GET /search.php?tremendous233040580.html HTTP/1.1" 404 4119 "-" "Mozilla/5.0 AppleWebKit/537.36 (KHTML, like Gecko; compatible; GPTBot/1.2; +https://openai.com/gptbot)"
20.171.207.162 - - [17/Jul/2025:11:13:42 -0400] "GET /search.php?personally287016976.html HTTP/1.1" 404 3655 "-" "Mozilla/5.0 AppleWebKit/537.36 (KHTML, like Gecko; compatible; GPTBot/1.2; +https://openai.com/gptbot)"
77.174.205.56 - - [17/Jul/2025:11:13:42 -0400] "GET /de9ca2/?path=/home/katmhsmi/lifecoachbostonma.com/wp-content/themes/twentytwentythree/assets/fonts/source-serif-pro&edit=SourceSerif4Variable-Italic.ttf.woff2 HTTP/1.1" 200 933 "-" "Mozilla/5.0 (compatible; MJ12bot/v1.4.8; http://mj12bot.com/)"
20.171.207.162 - - [17/Jul/2025:11:13:43 -0400] "GET /search.php?inevitable009018972.html HTTP/1.1" 404 3655 "-" "Mozilla/5.0 AppleWebKit/537.36 (KHTML, like Gecko; compatible; GPTBot/1.2; +https://openai.com/gptbot)"
77.174.205.56 - - [17/Jul/2025:11:13:44 -0400] "GET /de9ca2/?path=/home/katmhsmi/lifecoachbostonma.com/wp-content/themes/twentytwentythree/assets/fonts/source-serif-pro&edit=SourceSerif4Variable-Roman.otf.woff2 HTTP/1.1" 200 937 "-" "Mozilla/5.0 (compatible; MJ12bot/v1.4.8; http://mj12bot.com/)"
20.171.207.162 - - [17/Jul/2025:11:13:45 -0400] "GET /search.php?reputation188006635.html HTTP/1.1" 404 4119 "-" "Mozilla/5.0 AppleWebKit/537.36 (KHTML, like Gecko; compatible; GPTBot/1.2; +https://openai.com/gptbot)"
77.174.205.56 - - [17/Jul/2025:11:13:46 -0400] "GET /de9ca2/?path=/home/katmhsmi/lifecoachbostonma.com/wp-content/themes/twentytwentythree/assets/fonts/source-serif-pro&edit=SourceSerif4Variable-Roman.ttf.woff2 HTTP/1.1" 200 934 "-" "Mozilla/5.0 (compatible; MJ12bot/v1.4.8; http://mj12bot.com/)"
20.171.207.162 - - [17/Jul/2025:11:13:46 -0400] "GET /search.php?electronic195048640.html HTTP/1.1" 404 4119 "-" "Mozilla/5.0 AppleWebKit/537.36 (KHTML, like Gecko; compatible; GPTBot/1.2; +https://openai.com/gptbot)"
20.171.207.162 - - [17/Jul/2025:11:13:47 -0400] "GET /search.php?concerning084019551.html HTTP/1.1" 404 3655 "-" "Mozilla/5.0 AppleWebKit/537.36 (KHTML, like Gecko; compatible; GPTBot/1.2; +https://openai.com/gptbot)"
77.174.205.56 - - [17/Jul/2025:11:13:47 -0400] "GET /de9ca2/?path=/home/katmhsmi/lifecoachbostonma.com/wp-content/themes/twentytwentythree/assets/fonts/source-serif-pro/.. HTTP/1.1" 200 765 "-" "Mozilla/5.0 (compatible; MJ12bot/v1.4.8; http://mj12bot.com/)"
66.249.74.96 - - [17/Jul/2025:11:13:48 -0400] "GET /establishment111023874.html HTTP/1.1" 301 0 "-" "Mozilla/5.0 (Linux; Android 6.0.1; Nexus 5X Build/MMB29P) AppleWebKit/537.36 (KHTML, like Gecko) Chrome/137.0.7151.103 Mobile Safari/537.36 (compatible; Googlebot/2.1; +http://www.google.com/bot.html)"
66.249.74.97 - - [17/Jul/2025:11:13:48 -0400] "GET /coffee014044227.html HTTP/1.1" 301 0 "-" "Mozilla/5.0 (Linux; Android 6.0.1; Nexus 5X Build/MMB29P) AppleWebKit/537.36 (KHTML, like Gecko) Chrome/137.0.7151.103 Mobile Safari/537.36 (compatible; Googlebot/2.1; +http://www.google.com/bot.html)"
66.249.74.96 - - [17/Jul/2025:11:13:48 -0400] "GET /country173002556.html HTTP/1.1" 301 0 "-" "Mozilla/5.0 (Linux; Android 6.0.1; Nexus 5X Build/MMB29P) AppleWebKit/537.36 (KHTML, like Gecko) Chrome/137.0.7151.103 Mobile Safari/537.36 (compatible; Googlebot/2.1; +http://www.google.com/bot.html)"
20.171.207.162 - - [17/Jul/2025:11:13:48 -0400] "GET /search.php?prevention135032266.html HTTP/1.1" 404 3655 "-" "Mozilla/5.0 AppleWebKit/537.36 (KHTML, like Gecko; compatible; GPTBot/1.2; +https://openai.com/gptbot)"
66.249.65.196 - - [17/Jul/2025:11:13:48 -0400] "GET /establishment111023874.html HTTP/1.1" 404 4119 "-" "Mozilla/5.0 (Linux; Android 6.0.1; Nexus 5X Build/MMB29P) AppleWebKit/537.36 (KHTML, like Gecko) Chrome/137.0.7151.103 Mobile Safari/537.36 (compatible; Googlebot/2.1; +http://www.google.com/bot.html)"
66.249.65.196 - - [17/Jul/2025:11:13:48 -0400] "GET /coffee014044227.html HTTP/1.1" 404 4119 "-" "Mozilla/5.0 (Linux; Android 6.0.1; Nexus 5X Build/MMB29P) AppleWebKit/537.36 (KHTML, like Gecko) Chrome/137.0.7151.103 Mobile Safari/537.36 (compatible; Googlebot/2.1; +http://www.google.com/bot.html)"
66.249.65.198 - - [17/Jul/2025:11:13:49 -0400] "GET /country173002556.html HTTP/1.1" 404 4119 "-" "Mozilla/5.0 (Linux; Android 6.0.1; Nexus 5X Build/MMB29P) AppleWebKit/537.36 (KHTML, like Gecko) Chrome/137.0.7151.103 Mobile Safari/537.36 (compatible; Googlebot/2.1; +http://www.google.com/bot.html)"
77.174.205.56 - - [17/Jul/2025:11:13:49 -0400] "GET /de9ca2/?path=/home/katmhsmi/lifecoachbostonma.com/wp-content/themes/twentytwentytwo/assets/fonts/dm-sans&edit=DMSans-Bold.ttf HTTP/1.1" 200 908 "-" "Mozilla/5.0 (compatible; MJ12bot/v1.4.8; http://mj12bot.com/)"
20.171.207.162 - - [17/Jul/2025:11:13:50 -0400] "GET /search.php?processing256033593.html HTTP/1.1" 404 3655 "-" "Mozilla/5.0 AppleWebKit/537.36 (KHTML, like Gecko; compatible; GPTBot/1.2; +https://openai.com/gptbot)"
20.171.207.162 - - [17/Jul/2025:11:13:50 -0400] "GET /search.php?processing112033545.html HTTP/1.1" 404 3655 "-" "Mozilla/5.0 AppleWebKit/537.36 (KHTML, like Gecko; compatible; GPTBot/1.2; +https://openai.com/gptbot)"
77.174.205.56 - - [17/Jul/2025:11:13:51 -0400] "GET /de9ca2/?path=/home/katmhsmi/lifecoachbostonma.com/wp-content/themes/twentytwentytwo/assets/fonts/dm-sans&edit=DMSans-BoldItalic.ttf HTTP/1.1" 200 914 "-" "Mozilla/5.0 (compatible; MJ12bot/v1.4.8; http://mj12bot.com/)"
20.171.207.162 - - [17/Jul/2025:11:13:52 -0400] "GET /search.php?ingredient014008373.html HTTP/1.1" 404 4119 "-" "Mozilla/5.0 AppleWebKit/537.36 (KHTML, like Gecko; compatible; GPTBot/1.2; +https://openai.com/gptbot)"
77.174.205.56 - - [17/Jul/2025:11:13:53 -0400] "GET /de9ca2/?path=/home/katmhsmi/lifecoachbostonma.com/wp-content/themes/twentytwentytwo/assets/fonts/dm-sans&edit=DMSans-Italic.ttf HTTP/1.1" 200 905 "-" "Mozilla/5.0 (compatible; MJ12bot/v1.4.8; http://mj12bot.com/)"
20.171.207.162 - - [17/Jul/2025:11:13:53 -0400] "GET /search.php?obligation064036827.html HTTP/1.1" 404 3655 "-" "Mozilla/5.0 AppleWebKit/537.36 (KHTML, like Gecko; compatible; GPTBot/1.2; +https://openai.com/gptbot)"
20.171.207.162 - - [17/Jul/2025:11:13:54 -0400] "GET /search.php?ridiculous047012568.html HTTP/1.1" 404 3655 "-" "Mozilla/5.0 AppleWebKit/537.36 (KHTML, like Gecko; compatible; GPTBot/1.2; +https://openai.com/gptbot)"
77.174.205.56 - - [17/Jul/2025:11:13:54 -0400] "GET /de9ca2/?path=/home/katmhsmi/lifecoachbostonma.com/wp-content/themes/twentytwentytwo/assets/fonts/dm-sans&edit=DMSans-Regular.ttf HTTP/1.1" 200 904 "-" "Mozilla/5.0 (compatible; MJ12bot/v1.4.8; http://mj12bot.com/)"
20.171.207.162 - - [17/Jul/2025:11:13:55 -0400] "GET /?_bd_prev_page=https%3A%2F%2Fkatrynrose.com%2Fsuper.do%3Fproducts%2F218sn49148&_bdsid=bhnb5k.n%7EDEQNF.1798256766149.1732653202 HTTP/1.1" 301 0 "-" "Mozilla/5.0 AppleWebKit/537.36 (KHTML, like Gecko; compatible; GPTBot/1.2; +https://openai.com/gptbot)"
20.171.207.162 - - [17/Jul/2025:11:13:55 -0400] "GET /?_bd_prev_page=https%3A%2F%2Fkatrynrose.com%2Fsuper.do%3Fproducts%2F218sn49148&_bdsid=bhnb5k.n~DEQNF.1798256766149.1732653202 HTTP/1.1" 200 6845 "-" "Mozilla/5.0 AppleWebKit/537.36 (KHTML, like Gecko; compatible; GPTBot/1.2; +https://openai.com/gptbot)"
77.174.205.56 - - [17/Jul/2025:11:13:56 -0400] "GET /de9ca2/?path=/home/katmhsmi/lifecoachbostonma.com/wp-content/themes/twentytwentytwo/assets/fonts/dm-sans&edit=LICENSE.txt HTTP/1.1" 200 2890 "-" "Mozilla/5.0 (compatible; MJ12bot/v1.4.8; http://mj12bot.com/)"
77.174.205.56 - - [17/Jul/2025:11:13:58 -0400] "GET /de9ca2/?path=/home/katmhsmi/lifecoachbostonma.com/wp-content/themes/twentytwentytwo/assets/fonts/dm-sans/.. HTTP/1.1" 200 875 "-" "Mozilla/5.0 (compatible; MJ12bot/v1.4.8; http://mj12bot.com/)"
20.171.207.162 - - [17/Jul/2025:11:13:58 -0400] "GET /?_bd_prev_page=https%3A%2F%2Fkatrynrose.com%2Fsuper.do%3Fproducts%2F198uo24584&_bdsid=bhnb5k.n%7EDEQNF.1798256766149.1732653202 HTTP/1.1" 301 0 "-" "Mozilla/5.0 AppleWebKit/537.36 (KHTML, like Gecko; compatible; GPTBot/1.2; +https://openai.com/gptbot)"
20.171.207.162 - - [17/Jul/2025:11:13:58 -0400] "GET /?_bd_prev_page=https%3A%2F%2Fkatrynrose.com%2Fsuper.do%3Fproducts%2F198uo24584&_bdsid=bhnb5k.n~DEQNF.1798256766149.1732653202 HTTP/1.1" 200 6845 "-" "Mozilla/5.0 AppleWebKit/537.36 (KHTML, like Gecko; compatible; GPTBot/1.2; +https://openai.com/gptbot)"
20.171.207.162 - - [17/Jul/2025:11:13:59 -0400] "GET /search.php?commitment252038537.html HTTP/1.1" 404 3655 "-" "Mozilla/5.0 AppleWebKit/537.36 (KHTML, like Gecko; compatible; GPTBot/1.2; +https://openai.com/gptbot)"
20.171.207.162 - - [17/Jul/2025:11:13:59 -0400] "GET /search.php?engagement058026997.html HTTP/1.1" 404 3655 "-" "Mozilla/5.0 AppleWebKit/537.36 (KHTML, like Gecko; compatible; GPTBot/1.2; +https://openai.com/gptbot)"
77.174.205.56 - - [17/Jul/2025:11:13:59 -0400] "GET /de9ca2/?path=/home/katmhsmi/lifecoachbostonma.com/wp-content/themes/twentytwentytwo/assets/fonts/ibm-plex&edit=IBMPlexMono-Bold.woff2 HTTP/1.1" 200 992 "-" "Mozilla/5.0 (compatible; MJ12bot/v1.4.8; http://mj12bot.com/)"
20.171.207.162 - - [17/Jul/2025:11:14:00 -0400] "GET /search.php?widespread049031550.html HTTP/1.1" 404 3655 "-" "Mozilla/5.0 AppleWebKit/537.36 (KHTML, like Gecko; compatible; GPTBot/1.2; +https://openai.com/gptbot)"
77.174.205.56 - - [17/Jul/2025:11:14:01 -0400] "GET /de9ca2/?path=/home/katmhsmi/lifecoachbostonma.com/wp-content/themes/twentytwentytwo/assets/fonts/ibm-plex&edit=IBMPlexMono-BoldItalic.woff2 HTTP/1.1" 200 990 "-" "Mozilla/5.0 (compatible; MJ12bot/v1.4.8; http://mj12bot.com/)"
20.171.207.162 - - [17/Jul/2025:11:14:01 -0400] "GET /search.php?apparently208037769.html HTTP/1.1" 404 4119 "-" "Mozilla/5.0 AppleWebKit/537.36 (KHTML, like Gecko; compatible; GPTBot/1.2; +https://openai.com/gptbot)"
77.174.205.56 - - [17/Jul/2025:11:14:03 -0400] "GET /de9ca2/?path=/home/katmhsmi/lifecoachbostonma.com/wp-content/themes/twentytwentytwo/assets/fonts/ibm-plex&edit=IBMPlexMono-Text.woff2 HTTP/1.1" 200 994 "-" "Mozilla/5.0 (compatible; MJ12bot/v1.4.8; http://mj12bot.com/)"
66.29.141.133 - - [17/Jul/2025:11:14:03 -0400] "POST /wp-cron.php?doing_wp_cron=1752765243.3982810974121093750000 HTTP/1.1" 403 1242 "-" "WordPress/6.8.2; https://www.katrynrose.com"
20.171.207.162 - - [17/Jul/2025:11:14:03 -0400] "GET /search.php?widespread034024805.html HTTP/1.1" 404 3655 "-" "Mozilla/5.0 AppleWebKit/537.36 (KHTML, like Gecko; compatible; GPTBot/1.2; +https://openai.com/gptbot)"
20.171.207.162 - - [17/Jul/2025:11:14:04 -0400] "GET /search.php?prevention300016615.html HTTP/1.1" 404 4119 "-" "Mozilla/5.0 AppleWebKit/537.36 (KHTML, like Gecko; compatible; GPTBot/1.2; +https://openai.com/gptbot)"
77.174.205.56 - - [17/Jul/2025:11:14:04 -0400] "GET /de9ca2/?path=/home/katmhsmi/lifecoachbostonma.com/wp-content/themes/twentytwentytwo/assets/fonts/ibm-plex&edit=IBMPlexMono-TextItalic.woff2 HTTP/1.1" 200 990 "-" "Mozilla/5.0 (compatible; MJ12bot/v1.4.8; http://mj12bot.com/)"
20.171.207.162 - - [17/Jul/2025:11:14:05 -0400] "GET /search.php?evaluation110009609.html HTTP/1.1" 404 3655 "-" "Mozilla/5.0 AppleWebKit/537.36 (KHTML, like Gecko; compatible; GPTBot/1.2; +https://openai.com/gptbot)"
45.227.253.15 - - [17/Jul/2025:11:14:05 -0400] "GET /?of=1 HTTP/1.1" 301 0 "-" "Mozilla/5.0 (Windows NT 6.2; WOW64) AppleWebKit/535.24 (KHTML, like Gecko) Chrome/82.0.1055.1 Safari/535.24"
77.174.205.56 - - [17/Jul/2025:11:14:06 -0400] "GET /de9ca2/?path=/home/katmhsmi/lifecoachbostonma.com/wp-content/themes/twentytwentytwo/assets/fonts/ibm-plex&edit=IBMPlexSans-ExtraLight.woff2 HTTP/1.1" 200 989 "-" "Mozilla/5.0 (compatible; MJ12bot/v1.4.8; http://mj12bot.com/)"
45.227.253.15 - - [17/Jul/2025:11:14:06 -0400] "GET /?of=1 HTTP/1.1" 200 7651 "https://katrynrose.com?of=1" "Mozilla/5.0 (Windows NT 6.2; WOW64) AppleWebKit/535.24 (KHTML, like Gecko) Chrome/82.0.1055.1 Safari/535.24"
20.171.207.162 - - [17/Jul/2025:11:14:06 -0400] "GET /search.php?aggression059003332.html HTTP/1.1" 404 3655 "-" "Mozilla/5.0 AppleWebKit/537.36 (KHTML, like Gecko; compatible; GPTBot/1.2; +https://openai.com/gptbot)"
20.171.207.162 - - [17/Jul/2025:11:14:07 -0400] "GET /search.php?curriculum170006825.html HTTP/1.1" 404 4119 "-" "Mozilla/5.0 AppleWebKit/537.36 (KHTML, like Gecko; compatible; GPTBot/1.2; +https://openai.com/gptbot)"
77.174.205.56 - - [17/Jul/2025:11:14:08 -0400] "GET /de9ca2/?path=/home/katmhsmi/lifecoachbostonma.com/wp-content/themes/twentytwentytwo/assets/fonts/ibm-plex&edit=IBMPlexSans-ExtraLightItalic.woff2 HTTP/1.1" 200 990 "-" "Mozilla/5.0 (compatible; MJ12bot/v1.4.8; http://mj12bot.com/)"
20.171.207.162 - - [17/Jul/2025:11:14:08 -0400] "GET /search.php?Christianity220005949.html HTTP/1.1" 404 4119 "-" "Mozilla/5.0 AppleWebKit/537.36 (KHTML, like Gecko; compatible; GPTBot/1.2; +https://openai.com/gptbot)"
77.174.205.56 - - [17/Jul/2025:11:14:09 -0400] "GET /de9ca2/?path=/home/katmhsmi/lifecoachbostonma.com/wp-content/themes/twentytwentytwo/assets/fonts/ibm-plex&edit=IBMPlexSans-Light.woff2 HTTP/1.1" 200 989 "-" "Mozilla/5.0 (compatible; MJ12bot/v1.4.8; http://mj12bot.com/)"
20.171.207.162 - - [17/Jul/2025:11:14:10 -0400] "GET /search.php?Thanksgiving094028059.html HTTP/1.1" 404 4119 "-" "Mozilla/5.0 AppleWebKit/537.36 (KHTML, like Gecko; compatible; GPTBot/1.2; +https://openai.com/gptbot)"
77.174.205.56 - - [17/Jul/2025:11:14:11 -0400] "GET /de9ca2/?path=/home/katmhsmi/lifecoachbostonma.com/wp-content/themes/twentytwentytwo/assets/fonts/ibm-plex&edit=IBMPlexSans-LightItalic.woff2 HTTP/1.1" 200 987 "-" "Mozilla/5.0 (compatible; MJ12bot/v1.4.8; http://mj12bot.com/)"
20.171.207.162 - - [17/Jul/2025:11:14:11 -0400] "GET /search.php?Thanksgiving259033880.html HTTP/1.1" 404 4119 "-" "Mozilla/5.0 AppleWebKit/537.36 (KHTML, like Gecko; compatible; GPTBot/1.2; +https://openai.com/gptbot)"
20.171.207.162 - - [17/Jul/2025:11:14:12 -0400] "GET /?_bd_prev_page=https%3A%2F%2Fkatrynrose.com%2Fsuper.do%3Fproducts%2F75re5229&_bdsid=bhnb5k.n%7EDEQNF.1798256766149.1732653202 HTTP/1.1" 301 0 "-" "Mozilla/5.0 AppleWebKit/537.36 (KHTML, like Gecko; compatible; GPTBot/1.2; +https://openai.com/gptbot)"
20.171.207.162 - - [17/Jul/2025:11:14:12 -0400] "GET /?_bd_prev_page=https%3A%2F%2Fkatrynrose.com%2Fsuper.do%3Fproducts%2F75re5229&_bdsid=bhnb5k.n~DEQNF.1798256766149.1732653202 HTTP/1.1" 200 6845 "-" "Mozilla/5.0 AppleWebKit/537.36 (KHTML, like Gecko; compatible; GPTBot/1.2; +https://openai.com/gptbot)"
77.174.205.56 - - [17/Jul/2025:11:14:12 -0400] "GET /de9ca2/?path=/home/katmhsmi/lifecoachbostonma.com/wp-content/themes/twentytwentytwo/assets/fonts/ibm-plex&edit=LICENSE.txt HTTP/1.1" 200 2886 "-" "Mozilla/5.0 (compatible; MJ12bot/v1.4.8; http://mj12bot.com/)"
20.171.207.162 - - [17/Jul/2025:11:14:13 -0400] "GET /?_bd_prev_page=https%3A%2F%2Fkatrynrose.com%2Fsuper.do%3Fproducts%2F6my36136&_bdsid=bhnb5k.n%7EDEQNF.1798256766149.1732653202 HTTP/1.1" 301 0 "-" "Mozilla/5.0 AppleWebKit/537.36 (KHTML, like Gecko; compatible; GPTBot/1.2; +https://openai.com/gptbot)"
66.249.74.96 - - [17/Jul/2025:11:14:13 -0400] "GET /pcmypage?callback=/product%2Fdetail%218034300 HTTP/1.1" 301 0 "-" "Mozilla/5.0 (Linux; Android 6.0.1; Nexus 5X Build/MMB29P) AppleWebKit/537.36 (KHTML, like Gecko) Chrome/137.0.7151.103 Mobile Safari/537.36 (compatible; Googlebot/2.1; +http://www.google.com/bot.html)"
20.171.207.162 - - [17/Jul/2025:11:14:13 -0400] "GET /?_bd_prev_page=https%3A%2F%2Fkatrynrose.com%2Fsuper.do%3Fproducts%2F6my36136&_bdsid=bhnb5k.n~DEQNF.1798256766149.1732653202 HTTP/1.1" 200 6845 "-" "Mozilla/5.0 AppleWebKit/537.36 (KHTML, like Gecko; compatible; GPTBot/1.2; +https://openai.com/gptbot)"
66.249.74.96 - - [17/Jul/2025:11:14:13 -0400] "GET /workout049009580.html HTTP/1.1" 301 0 "-" "Mozilla/5.0 (Linux; Android 6.0.1; Nexus 5X Build/MMB29P) AppleWebKit/537.36 (KHTML, like Gecko) Chrome/137.0.7151.103 Mobile Safari/537.36 (compatible; Googlebot/2.1; +http://www.google.com/bot.html)"
66.249.65.196 - - [17/Jul/2025:11:14:14 -0400] "GET /pcmypage?callback=/product%2Fdetail%218034300 HTTP/1.1" 404 4119 "-" "Mozilla/5.0 (Linux; Android 6.0.1; Nexus 5X Build/MMB29P) AppleWebKit/537.36 (KHTML, like Gecko) Chrome/137.0.7151.103 Mobile Safari/537.36 (compatible; Googlebot/2.1; +http://www.google.com/bot.html)"
66.249.65.198 - - [17/Jul/2025:11:14:14 -0400] "GET /workout049009580.html HTTP/1.1" 404 4119 "-" "Mozilla/5.0 (Linux; Android 6.0.1; Nexus 5X Build/MMB29P) AppleWebKit/537.36 (KHTML, like Gecko) Chrome/137.0.7151.103 Mobile Safari/537.36 (compatible; Googlebot/2.1; +http://www.google.com/bot.html)"
77.174.205.56 - - [17/Jul/2025:11:14:14 -0400] "GET /de9ca2/?path=/home/katmhsmi/lifecoachbostonma.com/wp-content/themes/twentytwentytwo/assets/fonts/ibm-plex/.. HTTP/1.1" 200 875 "-" "Mozilla/5.0 (compatible; MJ12bot/v1.4.8; http://mj12bot.com/)"
20.171.207.162 - - [17/Jul/2025:11:14:14 -0400] "GET /search.php?widespread034024805.html HTTP/1.1" 404 4119 "-" "Mozilla/5.0 AppleWebKit/537.36 (KHTML, like Gecko; compatible; GPTBot/1.2; +https://openai.com/gptbot)"
20.171.207.162 - - [17/Jul/2025:11:14:15 -0400] "GET /?_bd_prev_page=https%3A%2F%2Fkatrynrose.com%2Fsuper.do%3Fproducts%2F29zk2429&_bdsid=bhnb5k.n%7EDEQNF.1798256766149.1732653202 HTTP/1.1" 301 0 "-" "Mozilla/5.0 AppleWebKit/537.36 (KHTML, like Gecko; compatible; GPTBot/1.2; +https://openai.com/gptbot)"
77.174.205.56 - - [17/Jul/2025:11:14:16 -0400] "GET /de9ca2/?path=/home/katmhsmi/lifecoachbostonma.com/wp-content/themes/twentytwentytwo/assets/fonts/inter&edit=Inter.ttf HTTP/1.1" 200 859 "-" "Mozilla/5.0 (compatible; MJ12bot/v1.4.8; http://mj12bot.com/)"
20.171.207.162 - - [17/Jul/2025:11:14:16 -0400] "GET /?_bd_prev_page=https%3A%2F%2Fkatrynrose.com%2Fsuper.do%3Fproducts%2F29zk2429&_bdsid=bhnb5k.n~DEQNF.1798256766149.1732653202 HTTP/1.1" 200 6845 "-" "Mozilla/5.0 AppleWebKit/537.36 (KHTML, like Gecko; compatible; GPTBot/1.2; +https://openai.com/gptbot)"
20.171.207.162 - - [17/Jul/2025:11:14:17 -0400] "GET /search.php?prevention300016615.html HTTP/1.1" 404 4119 "-" "Mozilla/5.0 AppleWebKit/537.36 (KHTML, like Gecko; compatible; GPTBot/1.2; +https://openai.com/gptbot)"
77.174.205.56 - - [17/Jul/2025:11:14:17 -0400] "GET /de9ca2/?path=/home/katmhsmi/lifecoachbostonma.com/wp-content/themes/twentytwentytwo/assets/fonts/inter&edit=LICENSE.txt HTTP/1.1" 200 2779 "-" "Mozilla/5.0 (compatible; MJ12bot/v1.4.8; http://mj12bot.com/)"
20.171.207.162 - - [17/Jul/2025:11:14:18 -0400] "GET /?_bd_prev_page=https%3A%2F%2Fkatrynrose.com%2Fsuper.do%3Fproducts%2F99an119&_bdsid=bhnb5k.n%7EDEQNF.1798256766149.1732653202 HTTP/1.1" 301 0 "-" "Mozilla/5.0 AppleWebKit/537.36 (KHTML, like Gecko; compatible; GPTBot/1.2; +https://openai.com/gptbot)"
20.171.207.162 - - [17/Jul/2025:11:14:18 -0400] "GET /?_bd_prev_page=https%3A%2F%2Fkatrynrose.com%2Fsuper.do%3Fproducts%2F99an119&_bdsid=bhnb5k.n~DEQNF.1798256766149.1732653202 HTTP/1.1" 200 6845 "-" "Mozilla/5.0 AppleWebKit/537.36 (KHTML, like Gecko; compatible; GPTBot/1.2; +https://openai.com/gptbot)"
77.174.205.56 - - [17/Jul/2025:11:14:19 -0400] "GET /de9ca2/?path=/home/katmhsmi/lifecoachbostonma.com/wp-content/themes/twentytwentytwo/assets/fonts/inter/.. HTTP/1.1" 200 875 "-" "Mozilla/5.0 (compatible; MJ12bot/v1.4.8; http://mj12bot.com/)"
20.171.207.162 - - [17/Jul/2025:11:14:19 -0400] "GET /?_bd_prev_page=https%3A%2F%2Fkatrynrose.com%2Fsuper.do%3Fproducts%2F83vv8613&_bdsid=bhnb5k.n%7EDEQNF.1798256766149.1732653202 HTTP/1.1" 301 0 "-" "Mozilla/5.0 AppleWebKit/537.36 (KHTML, like Gecko; compatible; GPTBot/1.2; +https://openai.com/gptbot)"
