208.110.64.178 - - [17/Jul/2025:09:28:34 -0400] "GET /wp-content/install.php HTTP/1.1" 404 4119 "https://katrynrose.com/wp-content/install.php" "Mozilla/5.0 (Windows NT 10.0; Win64; x64) AppleWebKit/537.36 (KHTML, like Gecko) Chrome/58.0.3029.110 Safari/537.3"
20.171.207.187 - - [17/Jul/2025:09:28:38 -0400] "GET /search.php?zhHant%2Fproduct%2Fsurugaya%2Fm16025316823%3Fcampaign_uid=f64d716db5e979ed2f947dbaf4296895b951ae7f HTTP/1.1" 404 3655 "-" "Mozilla/5.0 AppleWebKit/537.36 (KHTML, like Gecko; compatible; GPTBot/1.2; +https://openai.com/gptbot)"
20.171.207.187 - - [17/Jul/2025:09:28:57 -0400] "GET /search.php?zhHant%2Fproduct%2Fsurugaya%2Fm76551671884%3Fcampaign_uid=f64d716db5e979ed2f947dbaf4296895b951ae7f HTTP/1.1" 404 3655 "-" "Mozilla/5.0 AppleWebKit/537.36 (KHTML, like Gecko; compatible; GPTBot/1.2; +https://openai.com/gptbot)"
66.29.141.133 - - [17/Jul/2025:09:29:15 -0400] "POST /wp-cron.php?doing_wp_cron=1752758955.7443220615386962890625 HTTP/1.1" 403 1242 "-" "WordPress/6.8.2; https://www.katrynrose.com"
20.171.207.187 - - [17/Jul/2025:09:29:15 -0400] "GET /search.php?zhHant%2Fproduct%2Fsurugaya%2Fm16287067517%3Fcampaign_uid=f64d716db5e979ed2f947dbaf4296895b951ae7f HTTP/1.1" 404 3655 "-" "Mozilla/5.0 AppleWebKit/537.36 (KHTML, like Gecko; compatible; GPTBot/1.2; +https://openai.com/gptbot)"
66.249.74.96 - - [17/Jul/2025:09:29:26 -0400] "GET /items/jcudn106/46798?key=media HTTP/1.1" 301 0 "-" "Mozilla/5.0 (Linux; Android 6.0.1; Nexus 5X Build/MMB29P) AppleWebKit/537.36 (KHTML, like Gecko) Chrome/137.0.7151.103 Mobile Safari/537.36 (compatible; Googlebot/2.1; +http://www.google.com/bot.html)"
66.249.65.198 - - [17/Jul/2025:09:29:26 -0400] "GET /items/jcudn106/46798?key=media HTTP/1.1" 404 4529 "-" "Mozilla/5.0 (Linux; Android 6.0.1; Nexus 5X Build/MMB29P) AppleWebKit/537.36 (KHTML, like Gecko) Chrome/137.0.7151.103 Mobile Safari/537.36 (compatible; Googlebot/2.1; +http://www.google.com/bot.html)"
20.171.207.187 - - [17/Jul/2025:09:29:33 -0400] "GET /search.php?zhHant%2Fproduct%2Fsurugaya%2Fm67475704322%3Fcampaign_uid=f64d716db5e979ed2f947dbaf4296895b951ae7f HTTP/1.1" 404 3655 "-" "Mozilla/5.0 AppleWebKit/537.36 (KHTML, like Gecko; compatible; GPTBot/1.2; +https://openai.com/gptbot)"
20.171.207.187 - - [17/Jul/2025:09:29:53 -0400] "GET /search.php?zhHant%2Fproduct%2Fsurugaya%2Fm11275569657%3Fcampaign_uid=f64d716db5e979ed2f947dbaf4296895b951ae7f HTTP/1.1" 404 4119 "-" "Mozilla/5.0 AppleWebKit/537.36 (KHTML, like Gecko; compatible; GPTBot/1.2; +https://openai.com/gptbot)"
20.171.207.187 - - [17/Jul/2025:09:30:12 -0400] "GET /search.php?zhHant%2Fproduct%2Fsurugaya%2Fm23195854157%3Fcampaign_uid=f64d716db5e979ed2f947dbaf4296895b951ae7f HTTP/1.1" 404 4119 "-" "Mozilla/5.0 AppleWebKit/537.36 (KHTML, like Gecko; compatible; GPTBot/1.2; +https://openai.com/gptbot)"
66.29.141.133 - - [17/Jul/2025:09:30:31 -0400] "POST /wp-cron.php?doing_wp_cron=1752759031.4407799243927001953125 HTTP/1.1" 403 1242 "-" "WordPress/6.8.2; https://www.katrynrose.com"
20.171.207.187 - - [17/Jul/2025:09:30:31 -0400] "GET /search.php?zhHant%2Fproduct%2Fsurugaya%2Fm96644200602%3Fcampaign_uid=f64d716db5e979ed2f947dbaf4296895b951ae7f HTTP/1.1" 404 3655 "-" "Mozilla/5.0 AppleWebKit/537.36 (KHTML, like Gecko; compatible; GPTBot/1.2; +https://openai.com/gptbot)"
20.171.207.187 - - [17/Jul/2025:09:30:49 -0400] "GET /search.php?zhHant%2Fproduct%2Fsurugaya%2Fm83499104387%3Fcampaign_uid=f64d716db5e979ed2f947dbaf4296895b951ae7f HTTP/1.1" 404 4119 "-" "Mozilla/5.0 AppleWebKit/537.36 (KHTML, like Gecko; compatible; GPTBot/1.2; +https://openai.com/gptbot)"
20.171.207.187 - - [17/Jul/2025:09:31:09 -0400] "GET /search.php?zhHant%2Fproduct%2Fsurugaya%2Fm58519945646%3Fcampaign_uid=f64d716db5e979ed2f947dbaf4296895b951ae7f HTTP/1.1" 404 3655 "-" "Mozilla/5.0 AppleWebKit/537.36 (KHTML, like Gecko; compatible; GPTBot/1.2; +https://openai.com/gptbot)"
20.171.207.187 - - [17/Jul/2025:09:31:27 -0400] "GET /search.php?zhHant%2Fproduct%2Fsurugaya%2Fm68340218315%3Fcampaign_uid=f64d716db5e979ed2f947dbaf4296895b951ae7f HTTP/1.1" 404 4119 "-" "Mozilla/5.0 AppleWebKit/537.36 (KHTML, like Gecko; compatible; GPTBot/1.2; +https://openai.com/gptbot)"
66.29.141.133 - - [17/Jul/2025:09:31:46 -0400] "POST /wp-cron.php?doing_wp_cron=1752759106.6828589439392089843750 HTTP/1.1" 403 1242 "-" "WordPress/6.8.2; https://www.katrynrose.com"
20.171.207.187 - - [17/Jul/2025:09:31:46 -0400] "GET /search.php?zhHant%2Fproduct%2Fsurugaya%2Fm27906387065%3Fcampaign_uid=f64d716db5e979ed2f947dbaf4296895b951ae7f HTTP/1.1" 404 4119 "-" "Mozilla/5.0 AppleWebKit/537.36 (KHTML, like Gecko; compatible; GPTBot/1.2; +https://openai.com/gptbot)"
20.171.207.187 - - [17/Jul/2025:09:32:04 -0400] "GET /search.php?zhHant%2Fproduct%2Fsurugaya%2Fm22804470029%3Fcampaign_uid=f64d716db5e979ed2f947dbaf4296895b951ae7f HTTP/1.1" 404 3655 "-" "Mozilla/5.0 AppleWebKit/537.36 (KHTML, like Gecko; compatible; GPTBot/1.2; +https://openai.com/gptbot)"
20.171.207.187 - - [17/Jul/2025:09:32:23 -0400] "GET /search.php?zhHant%2Fproduct%2Fsurugaya%2Fm74695853892%3Fcampaign_uid=f64d716db5e979ed2f947dbaf4296895b951ae7f HTTP/1.1" 404 3655 "-" "Mozilla/5.0 AppleWebKit/537.36 (KHTML, like Gecko; compatible; GPTBot/1.2; +https://openai.com/gptbot)"
20.171.207.187 - - [17/Jul/2025:09:32:42 -0400] "GET /search.php?zhHant%2Fproduct%2Fsurugaya%2Fm97289646196%3Fcampaign_uid=f64d716db5e979ed2f947dbaf4296895b951ae7f HTTP/1.1" 404 3655 "-" "Mozilla/5.0 AppleWebKit/537.36 (KHTML, like Gecko; compatible; GPTBot/1.2; +https://openai.com/gptbot)"
66.29.141.133 - - [17/Jul/2025:09:32:59 -0400] "POST /wp-cron.php?doing_wp_cron=1752759179.0812990665435791015625 HTTP/1.1" 403 1242 "-" "WordPress/6.8.2; https://www.katrynrose.com"
208.110.64.178 - - [17/Jul/2025:09:32:58 -0400] "GET /wp-content/install.php HTTP/1.1" 301 0 "https://katrynrose.com/wp-content/install.php" "Mozilla/5.0 (Windows NT 10.0; Win64; x64) AppleWebKit/537.36 (KHTML, like Gecko) Chrome/58.0.3029.110 Safari/537.3"
208.110.64.178 - - [17/Jul/2025:09:32:59 -0400] "GET /wp-content/install.php HTTP/1.1" 404 4119 "https://katrynrose.com/wp-content/install.php" "Mozilla/5.0 (Windows NT 10.0; Win64; x64) AppleWebKit/537.36 (KHTML, like Gecko) Chrome/58.0.3029.110 Safari/537.3"
20.171.207.187 - - [17/Jul/2025:09:33:00 -0400] "GET /search.php?zhHant%2Fproduct%2Fsurugaya%2Fm58585619099%3Fcampaign_uid=f64d716db5e979ed2f947dbaf4296895b951ae7f HTTP/1.1" 404 4119 "-" "Mozilla/5.0 AppleWebKit/537.36 (KHTML, like Gecko; compatible; GPTBot/1.2; +https://openai.com/gptbot)"
51.222.253.3 - - [17/Jul/2025:09:33:06 -0400] "GET /error_log HTTP/1.1" 403 1242 "-" "Mozilla/5.0 (compatible; AhrefsBot/7.0; +http://ahrefs.com/robot/)"
66.249.74.97 - - [17/Jul/2025:09:33:16 -0400] "GET /zhHant/product/surugaya/z357046034?campaign_uid=f64d716db5e979ed2f947dbaf4296895b951ae7f HTTP/1.1" 301 0 "-" "Mozilla/5.0 (Linux; Android 6.0.1; Nexus 5X Build/MMB29P) AppleWebKit/537.36 (KHTML, like Gecko) Chrome/137.0.7151.103 Mobile Safari/537.36 (compatible; Googlebot/2.1; +http://www.google.com/bot.html)"
66.249.65.198 - - [17/Jul/2025:09:33:16 -0400] "GET /zhHant/product/surugaya/z357046034?campaign_uid=f64d716db5e979ed2f947dbaf4296895b951ae7f HTTP/1.1" 404 4529 "-" "Mozilla/5.0 (Linux; Android 6.0.1; Nexus 5X Build/MMB29P) AppleWebKit/537.36 (KHTML, like Gecko) Chrome/137.0.7151.103 Mobile Safari/537.36 (compatible; Googlebot/2.1; +http://www.google.com/bot.html)"
66.249.74.97 - - [17/Jul/2025:09:33:17 -0400] "GET /pasta183000116.html HTTP/1.1" 301 0 "-" "Mozilla/5.0 (Linux; Android 6.0.1; Nexus 5X Build/MMB29P) AppleWebKit/537.36 (KHTML, like Gecko) Chrome/137.0.7151.103 Mobile Safari/537.36 (compatible; Googlebot/2.1; +http://www.google.com/bot.html)"
66.249.65.197 - - [17/Jul/2025:09:33:17 -0400] "GET /pasta183000116.html HTTP/1.1" 404 4119 "-" "Mozilla/5.0 (Linux; Android 6.0.1; Nexus 5X Build/MMB29P) AppleWebKit/537.36 (KHTML, like Gecko) Chrome/137.0.7151.103 Mobile Safari/537.36 (compatible; Googlebot/2.1; +http://www.google.com/bot.html)"
20.171.207.187 - - [17/Jul/2025:09:33:18 -0400] "GET /search.php?zhHant%2Fproduct%2Fsurugaya%2Fm61813528031%3Fcampaign_uid=f64d716db5e979ed2f947dbaf4296895b951ae7f HTTP/1.1" 404 4119 "-" "Mozilla/5.0 AppleWebKit/537.36 (KHTML, like Gecko; compatible; GPTBot/1.2; +https://openai.com/gptbot)"
20.171.207.187 - - [17/Jul/2025:09:33:36 -0400] "GET /search.php?zhHant%2Fproduct%2Fsurugaya%2Fm73538897293%3Fcampaign_uid=f64d716db5e979ed2f947dbaf4296895b951ae7f HTTP/1.1" 404 3655 "-" "Mozilla/5.0 AppleWebKit/537.36 (KHTML, like Gecko; compatible; GPTBot/1.2; +https://openai.com/gptbot)"
20.171.207.187 - - [17/Jul/2025:09:33:55 -0400] "GET /search.php?zhHant%2Fproduct%2Fsurugaya%2Fm91189616256%3Fcampaign_uid=f64d716db5e979ed2f947dbaf4296895b951ae7f HTTP/1.1" 404 4119 "-" "Mozilla/5.0 AppleWebKit/537.36 (KHTML, like Gecko; compatible; GPTBot/1.2; +https://openai.com/gptbot)"
66.29.141.133 - - [17/Jul/2025:09:34:14 -0400] "POST /wp-cron.php?doing_wp_cron=1752759254.7440299987792968750000 HTTP/1.1" 403 1242 "-" "WordPress/6.8.2; https://www.katrynrose.com"
20.171.207.187 - - [17/Jul/2025:09:34:14 -0400] "GET /search.php?zhHant%2Fproduct%2Fsurugaya%2Fm90408818172%3Fcampaign_uid=f64d716db5e979ed2f947dbaf4296895b951ae7f HTTP/1.1" 404 4119 "-" "Mozilla/5.0 AppleWebKit/537.36 (KHTML, like Gecko; compatible; GPTBot/1.2; +https://openai.com/gptbot)"
20.171.207.187 - - [17/Jul/2025:09:34:33 -0400] "GET /search.php?zhHant%2Fproduct%2Fsurugaya%2Fm13817561848%3Fcampaign_uid=f64d716db5e979ed2f947dbaf4296895b951ae7f HTTP/1.1" 404 4119 "-" "Mozilla/5.0 AppleWebKit/537.36 (KHTML, like Gecko; compatible; GPTBot/1.2; +https://openai.com/gptbot)"
66.249.74.97 - - [17/Jul/2025:09:34:44 -0400] "GET /responsibility243042188.html HTTP/1.1" 301 0 "-" "Mozilla/5.0 (Linux; Android 6.0.1; Nexus 5X Build/MMB29P) AppleWebKit/537.36 (KHTML, like Gecko) Chrome/137.0.7151.103 Mobile Safari/537.36 (compatible; Googlebot/2.1; +http://www.google.com/bot.html)"
66.249.65.197 - - [17/Jul/2025:09:34:44 -0400] "GET /responsibility243042188.html HTTP/1.1" 404 4119 "-" "Mozilla/5.0 (Linux; Android 6.0.1; Nexus 5X Build/MMB29P) AppleWebKit/537.36 (KHTML, like Gecko) Chrome/137.0.7151.103 Mobile Safari/537.36 (compatible; Googlebot/2.1; +http://www.google.com/bot.html)"
20.171.207.187 - - [17/Jul/2025:09:34:52 -0400] "GET /search.php?zhHant%2Fproduct%2Fsurugaya%2Fm19593127122%3Fcampaign_uid=f64d716db5e979ed2f947dbaf4296895b951ae7f HTTP/1.1" 404 4119 "-" "Mozilla/5.0 AppleWebKit/537.36 (KHTML, like Gecko; compatible; GPTBot/1.2; +https://openai.com/gptbot)"
20.171.207.187 - - [17/Jul/2025:09:35:10 -0400] "GET /search.php?zhHant%2Fproduct%2Fsurugaya%2Fm64356499476%3Fcampaign_uid=f64d716db5e979ed2f947dbaf4296895b951ae7f HTTP/1.1" 404 4119 "-" "Mozilla/5.0 AppleWebKit/537.36 (KHTML, like Gecko; compatible; GPTBot/1.2; +https://openai.com/gptbot)"
66.29.141.133 - - [17/Jul/2025:09:35:28 -0400] "POST /wp-cron.php?doing_wp_cron=1752759328.3421850204467773437500 HTTP/1.1" 403 1242 "-" "WordPress/6.8.2; https://www.katrynrose.com"
20.171.207.187 - - [17/Jul/2025:09:35:28 -0400] "GET /search.php?zhHant%2Fproduct%2Fsurugaya%2Fm72471590838%3Fcampaign_uid=f64d716db5e979ed2f947dbaf4296895b951ae7f HTTP/1.1" 404 3655 "-" "Mozilla/5.0 AppleWebKit/537.36 (KHTML, like Gecko; compatible; GPTBot/1.2; +https://openai.com/gptbot)"
216.73.216.143 - - [17/Jul/2025:09:35:34 -0400] "GET /wp-includes/js/tinymce/themes/inlite/theme.js HTTP/1.1" 200 62071 "-" "Mozilla/5.0 AppleWebKit/537.36 (KHTML, like Gecko; compatible; ClaudeBot/1.0; +claudebot@anthropic.com)"
20.171.207.187 - - [17/Jul/2025:09:35:46 -0400] "GET /search.php?zhHant%2Fproduct%2Fsurugaya%2Fm39155490298%3Fcampaign_uid=f64d716db5e979ed2f947dbaf4296895b951ae7f HTTP/1.1" 404 3655 "-" "Mozilla/5.0 AppleWebKit/537.36 (KHTML, like Gecko; compatible; GPTBot/1.2; +https://openai.com/gptbot)"
20.171.207.187 - - [17/Jul/2025:09:36:05 -0400] "GET /search.php?zhHant%2Fproduct%2Fsurugaya%2Fm26272126961%3Fcampaign_uid=f64d716db5e979ed2f947dbaf4296895b951ae7f HTTP/1.1" 404 3655 "-" "Mozilla/5.0 AppleWebKit/537.36 (KHTML, like Gecko; compatible; GPTBot/1.2; +https://openai.com/gptbot)"
20.171.207.187 - - [17/Jul/2025:09:36:23 -0400] "GET /search.php?zhHant%2Fproduct%2Fsurugaya%2Fm91384348701%3Fcampaign_uid=f64d716db5e979ed2f947dbaf4296895b951ae7f HTTP/1.1" 404 3655 "-" "Mozilla/5.0 AppleWebKit/537.36 (KHTML, like Gecko; compatible; GPTBot/1.2; +https://openai.com/gptbot)"
66.29.141.133 - - [17/Jul/2025:09:36:38 -0400] "POST /wp-cron.php?doing_wp_cron=1752759398.4275820255279541015625 HTTP/1.1" 403 1242 "-" "WordPress/6.8.2; https://www.katrynrose.com"
66.249.74.96 - - [17/Jul/2025:09:36:38 -0400] "GET /items/zpcdh184/20894?key=dead HTTP/1.1" 301 0 "-" "Mozilla/5.0 (Linux; Android 6.0.1; Nexus 5X Build/MMB29P) AppleWebKit/537.36 (KHTML, like Gecko) Chrome/137.0.7151.103 Mobile Safari/537.36 (compatible; Googlebot/2.1; +http://www.google.com/bot.html)"
66.249.65.198 - - [17/Jul/2025:09:36:38 -0400] "GET /items/zpcdh184/20894?key=dead HTTP/1.1" 404 4529 "-" "Mozilla/5.0 (Linux; Android 6.0.1; Nexus 5X Build/MMB29P) AppleWebKit/537.36 (KHTML, like Gecko) Chrome/137.0.7151.103 Mobile Safari/537.36 (compatible; Googlebot/2.1; +http://www.google.com/bot.html)"
20.171.207.187 - - [17/Jul/2025:09:36:41 -0400] "GET /search.php?zhHant%2Fproduct%2Fsurugaya%2Fm10138432586%3Fcampaign_uid=f64d716db5e979ed2f947dbaf4296895b951ae7f HTTP/1.1" 404 4119 "-" "Mozilla/5.0 AppleWebKit/537.36 (KHTML, like Gecko; compatible; GPTBot/1.2; +https://openai.com/gptbot)"
20.171.207.187 - - [17/Jul/2025:09:37:00 -0400] "GET /search.php?zhHant%2Fproduct%2Fsurugaya%2Fm50177522874%3Fcampaign_uid=f64d716db5e979ed2f947dbaf4296895b951ae7f HTTP/1.1" 404 3655 "-" "Mozilla/5.0 AppleWebKit/537.36 (KHTML, like Gecko; compatible; GPTBot/1.2; +https://openai.com/gptbot)"
20.171.207.187 - - [17/Jul/2025:09:37:19 -0400] "GET /search.php?zhHant%2Fproduct%2Fsurugaya%2Fm65898817076%3Fcampaign_uid=f64d716db5e979ed2f947dbaf4296895b951ae7f HTTP/1.1" 404 3655 "-" "Mozilla/5.0 AppleWebKit/537.36 (KHTML, like Gecko; compatible; GPTBot/1.2; +https://openai.com/gptbot)"
66.249.74.96 - - [17/Jul/2025:09:37:30 -0400] "GET /triumph175002590.html HTTP/1.1" 301 0 "-" "Mozilla/5.0 (Linux; Android 6.0.1; Nexus 5X Build/MMB29P) AppleWebKit/537.36 (KHTML, like Gecko) Chrome/137.0.7151.103 Mobile Safari/537.36 (compatible; Googlebot/2.1; +http://www.google.com/bot.html)"
66.249.74.97 - - [17/Jul/2025:09:37:30 -0400] "GET /season217005470.html HTTP/1.1" 301 0 "-" "Mozilla/5.0 (Linux; Android 6.0.1; Nexus 5X Build/MMB29P) AppleWebKit/537.36 (KHTML, like Gecko) Chrome/137.0.7151.103 Mobile Safari/537.36 (compatible; Googlebot/2.1; +http://www.google.com/bot.html)"
66.249.65.196 - - [17/Jul/2025:09:37:30 -0400] "GET /triumph175002590.html HTTP/1.1" 404 4119 "-" "Mozilla/5.0 (Linux; Android 6.0.1; Nexus 5X Build/MMB29P) AppleWebKit/537.36 (KHTML, like Gecko) Chrome/137.0.7151.103 Mobile Safari/537.36 (compatible; Googlebot/2.1; +http://www.google.com/bot.html)"
66.249.65.198 - - [17/Jul/2025:09:37:30 -0400] "GET /season217005470.html HTTP/1.1" 404 4119 "-" "Mozilla/5.0 (Linux; Android 6.0.1; Nexus 5X Build/MMB29P) AppleWebKit/537.36 (KHTML, like Gecko) Chrome/137.0.7151.103 Mobile Safari/537.36 (compatible; Googlebot/2.1; +http://www.google.com/bot.html)"
20.171.207.187 - - [17/Jul/2025:09:37:37 -0400] "GET /search.php?zhHant%2Fproduct%2Fsurugaya%2Fm64406617853%3Fcampaign_uid=f64d716db5e979ed2f947dbaf4296895b951ae7f HTTP/1.1" 404 3655 "-" "Mozilla/5.0 AppleWebKit/537.36 (KHTML, like Gecko; compatible; GPTBot/1.2; +https://openai.com/gptbot)"
66.29.141.133 - - [17/Jul/2025:09:37:55 -0400] "POST /wp-cron.php?doing_wp_cron=1752759475.3479950428009033203125 HTTP/1.1" 403 1242 "-" "WordPress/6.8.2; https://www.katrynrose.com"
20.171.207.187 - - [17/Jul/2025:09:37:55 -0400] "GET /search.php?zhHant%2Fproduct%2Fsurugaya%2Fm69420574893%3Fcampaign_uid=f64d716db5e979ed2f947dbaf4296895b951ae7f HTTP/1.1" 404 3655 "-" "Mozilla/5.0 AppleWebKit/537.36 (KHTML, like Gecko; compatible; GPTBot/1.2; +https://openai.com/gptbot)"
20.171.207.187 - - [17/Jul/2025:09:38:12 -0400] "GET /search.php?zhHant%2Fproduct%2Fsurugaya%2Fm36692905489%3Fcampaign_uid=f64d716db5e979ed2f947dbaf4296895b951ae7f HTTP/1.1" 404 3655 "-" "Mozilla/5.0 AppleWebKit/537.36 (KHTML, like Gecko; compatible; GPTBot/1.2; +https://openai.com/gptbot)"
66.249.74.96 - - [17/Jul/2025:09:38:15 -0400] "GET /reserve023042592.html HTTP/1.1" 301 0 "-" "Mozilla/5.0 (Linux; Android 6.0.1; Nexus 5X Build/MMB29P) AppleWebKit/537.36 (KHTML, like Gecko) Chrome/137.0.7151.103 Mobile Safari/537.36 (compatible; Googlebot/2.1; +http://www.google.com/bot.html)"
66.249.65.197 - - [17/Jul/2025:09:38:16 -0400] "GET /reserve023042592.html HTTP/1.1" 404 4119 "-" "Mozilla/5.0 (Linux; Android 6.0.1; Nexus 5X Build/MMB29P) AppleWebKit/537.36 (KHTML, like Gecko) Chrome/137.0.7151.103 Mobile Safari/537.36 (compatible; Googlebot/2.1; +http://www.google.com/bot.html)"
66.249.74.96 - - [17/Jul/2025:09:38:16 -0400] "GET /conference268034361.html HTTP/1.1" 301 0 "-" "Mozilla/5.0 (Linux; Android 6.0.1; Nexus 5X Build/MMB29P) AppleWebKit/537.36 (KHTML, like Gecko) Chrome/137.0.7151.103 Mobile Safari/537.36 (compatible; Googlebot/2.1; +http://www.google.com/bot.html)"
66.249.65.196 - - [17/Jul/2025:09:38:16 -0400] "GET /conference268034361.html HTTP/1.1" 404 4119 "-" "Mozilla/5.0 (Linux; Android 6.0.1; Nexus 5X Build/MMB29P) AppleWebKit/537.36 (KHTML, like Gecko) Chrome/137.0.7151.103 Mobile Safari/537.36 (compatible; Googlebot/2.1; +http://www.google.com/bot.html)"
20.171.207.187 - - [17/Jul/2025:09:38:30 -0400] "GET /search.php?zhHant%2Fproduct%2Fsurugaya%2Fm52425466107%3Fcampaign_uid=f64d716db5e979ed2f947dbaf4296895b951ae7f HTTP/1.1" 404 4119 "-" "Mozilla/5.0 AppleWebKit/537.36 (KHTML, like Gecko; compatible; GPTBot/1.2; +https://openai.com/gptbot)"
69.197.135.226 - - [17/Jul/2025:09:38:44 -0400] "GET /wp-content/install.php HTTP/1.1" 301 0 "https://katrynrose.com/wp-content/install.php" "Mozilla/5.0 (Windows NT 10.0; Win64; x64) AppleWebKit/537.36 (KHTML, like Gecko) Chrome/58.0.3029.110 Safari/537.3"
69.197.135.226 - - [17/Jul/2025:09:38:45 -0400] "GET /wp-content/install.php HTTP/1.1" 404 4119 "https://katrynrose.com/wp-content/install.php" "Mozilla/5.0 (Windows NT 10.0; Win64; x64) AppleWebKit/537.36 (KHTML, like Gecko) Chrome/58.0.3029.110 Safari/537.3"
20.171.207.187 - - [17/Jul/2025:09:38:48 -0400] "GET /search.php?zhHant%2Fproduct%2Fsurugaya%2Fm60477453938%3Fcampaign_uid=f64d716db5e979ed2f947dbaf4296895b951ae7f HTTP/1.1" 404 3655 "-" "Mozilla/5.0 AppleWebKit/537.36 (KHTML, like Gecko; compatible; GPTBot/1.2; +https://openai.com/gptbot)"
66.29.141.133 - - [17/Jul/2025:09:39:07 -0400] "POST /wp-cron.php?doing_wp_cron=1752759547.0441570281982421875000 HTTP/1.1" 403 1242 "-" "WordPress/6.8.2; https://www.katrynrose.com"
20.171.207.187 - - [17/Jul/2025:09:39:06 -0400] "GET /search.php?zhHant%2Fproduct%2Fsurugaya%2Fm31242497151%3Fcampaign_uid=f64d716db5e979ed2f947dbaf4296895b951ae7f HTTP/1.1" 404 4119 "-" "Mozilla/5.0 AppleWebKit/537.36 (KHTML, like Gecko; compatible; GPTBot/1.2; +https://openai.com/gptbot)"
66.249.74.96 - - [17/Jul/2025:09:39:22 -0400] "GET /helmet282015701.html HTTP/1.1" 301 0 "-" "Mozilla/5.0 (Linux; Android 6.0.1; Nexus 5X Build/MMB29P) AppleWebKit/537.36 (KHTML, like Gecko) Chrome/137.0.7151.103 Mobile Safari/537.36 (compatible; Googlebot/2.1; +http://www.google.com/bot.html)"
66.249.65.196 - - [17/Jul/2025:09:39:22 -0400] "GET /helmet282015701.html HTTP/1.1" 404 4119 "-" "Mozilla/5.0 (Linux; Android 6.0.1; Nexus 5X Build/MMB29P) AppleWebKit/537.36 (KHTML, like Gecko) Chrome/137.0.7151.103 Mobile Safari/537.36 (compatible; Googlebot/2.1; +http://www.google.com/bot.html)"
20.171.207.187 - - [17/Jul/2025:09:39:24 -0400] "GET /search.php?zhHant%2Fproduct%2Fsurugaya%2Fm12371187795%3Fcampaign_uid=f64d716db5e979ed2f947dbaf4296895b951ae7f HTTP/1.1" 404 4119 "-" "Mozilla/5.0 AppleWebKit/537.36 (KHTML, like Gecko; compatible; GPTBot/1.2; +https://openai.com/gptbot)"
20.171.207.187 - - [17/Jul/2025:09:39:43 -0400] "GET /search.php?zhHant%2Fproduct%2Fsurugaya%2Fm87540163697%3Fcampaign_uid=f64d716db5e979ed2f947dbaf4296895b951ae7f HTTP/1.1" 404 4119 "-" "Mozilla/5.0 AppleWebKit/537.36 (KHTML, like Gecko; compatible; GPTBot/1.2; +https://openai.com/gptbot)"
20.171.207.187 - - [17/Jul/2025:09:40:01 -0400] "GET /search.php?zhHant%2Fproduct%2Fsurugaya%2Fm64805982989%3Fcampaign_uid=f64d716db5e979ed2f947dbaf4296895b951ae7f HTTP/1.1" 404 4119 "-" "Mozilla/5.0 AppleWebKit/537.36 (KHTML, like Gecko; compatible; GPTBot/1.2; +https://openai.com/gptbot)"
66.29.141.133 - - [17/Jul/2025:09:40:18 -0400] "POST /wp-cron.php?doing_wp_cron=1752759618.8790669441223144531250 HTTP/1.1" 403 1242 "-" "WordPress/6.8.2; https://www.katrynrose.com"
20.171.207.187 - - [17/Jul/2025:09:40:18 -0400] "GET /search.php?zhHant%2Fproduct%2Fsurugaya%2Fm50020218522%3Fcampaign_uid=f64d716db5e979ed2f947dbaf4296895b951ae7f HTTP/1.1" 404 3655 "-" "Mozilla/5.0 AppleWebKit/537.36 (KHTML, like Gecko; compatible; GPTBot/1.2; +https://openai.com/gptbot)"
20.171.207.187 - - [17/Jul/2025:09:40:36 -0400] "GET /search.php?zhHant%2Fproduct%2Fsurugaya%2Fm25584405123%3Fcampaign_uid=f64d716db5e979ed2f947dbaf4296895b951ae7f HTTP/1.1" 404 3655 "-" "Mozilla/5.0 AppleWebKit/537.36 (KHTML, like Gecko; compatible; GPTBot/1.2; +https://openai.com/gptbot)"
91.134.248.230 - - [17/Jul/2025:09:40:46 -0400] "POST /xmlrpc.php HTTP/1.1" 403 1242 "-" "Mozilla/5.0 (Windows NT 10.0; Win64; x64; rv:61.0) Gecko/20100101 Firefox/61.0"
20.171.207.187 - - [17/Jul/2025:09:40:54 -0400] "GET /search.php?zhHant%2Fproduct%2Fsurugaya%2Fm93516219847%3Fcampaign_uid=f64d716db5e979ed2f947dbaf4296895b951ae7f HTTP/1.1" 404 3655 "-" "Mozilla/5.0 AppleWebKit/537.36 (KHTML, like Gecko; compatible; GPTBot/1.2; +https://openai.com/gptbot)"
103.158.108.3 - - [17/Jul/2025:09:40:55 -0400] "POST /xmlrpc.php HTTP/1.1" 403 1242 "-" "Mozilla/5.0 (Windows NT 10.0; Win64; x64) AppleWebKit/537.36 (KHTML, like Gecko) Chrome/84.0.4147.105 Safari/537.36"
15.235.212.111 - - [17/Jul/2025:09:40:55 -0400] "POST /xmlrpc.php HTTP/1.1" 403 1242 "-" "Mozilla/5.0 (Windows NT 10.0; Win64; x64) AppleWebKit/537.36 (KHTML, like Gecko) Chrome/85.0.4183.121 Safari/537.36"
157.245.220.161 - - [17/Jul/2025:09:41:01 -0400] "POST /xmlrpc.php HTTP/1.1" 403 1242 "-" "Mozilla/5.0 (Windows NT 6.1; Win64; x64) AppleWebKit/537.36 (KHTML, like Gecko) Chrome/79.0.3945.88 Safari/537.36"
38.147.171.146 - - [17/Jul/2025:09:41:11 -0400] "POST /xmlrpc.php HTTP/1.1" 403 1242 "-" "Mozilla/5.0 (Windows NT 6.1; Win64; x64; rv:57.0) Gecko/20100101 Firefox/57.0"
20.171.207.187 - - [17/Jul/2025:09:41:13 -0400] "GET /search.php?zhHant%2Fproduct%2Fsurugaya%2Fm13546821038%3Fcampaign_uid=f64d716db5e979ed2f947dbaf4296895b951ae7f HTTP/1.1" 404 3655 "-" "Mozilla/5.0 AppleWebKit/537.36 (KHTML, like Gecko; compatible; GPTBot/1.2; +https://openai.com/gptbot)"
49.233.58.23 - - [17/Jul/2025:09:41:20 -0400] "POST /xmlrpc.php HTTP/1.1" 403 1242 "-" "Mozilla/5.0 (Windows NT 6.1; Win64; x64; rv:25.0) Gecko/20100101 Firefox/29.0"
66.29.141.133 - - [17/Jul/2025:09:41:33 -0400] "POST /wp-cron.php?doing_wp_cron=1752759693.1215651035308837890625 HTTP/1.1" 403 1242 "-" "WordPress/6.8.2; https://www.katrynrose.com"
20.171.207.187 - - [17/Jul/2025:09:41:32 -0400] "GET /search.php?zhHant%2Fproduct%2Fsurugaya%2Fm39375463913%3Fcampaign_uid=f64d716db5e979ed2f947dbaf4296895b951ae7f HTTP/1.1" 404 3655 "-" "Mozilla/5.0 AppleWebKit/537.36 (KHTML, like Gecko; compatible; GPTBot/1.2; +https://openai.com/gptbot)"
95.217.165.68 - - [17/Jul/2025:09:41:35 -0400] "POST /xmlrpc.php HTTP/1.1" 403 1242 "-" "Mozilla/5.0 (Windows NT 10.0; WOW64; rv:50.0) Gecko/20100101 Firefox/50.0"
69.197.182.50 - - [17/Jul/2025:09:41:42 -0400] "GET /wp-content/install.php HTTP/1.1" 301 0 "https://katrynrose.com/wp-content/install.php" "Mozilla/5.0 (Windows NT 10.0; Win64; x64) AppleWebKit/537.36 (KHTML, like Gecko) Chrome/58.0.3029.110 Safari/537.3"
69.197.182.50 - - [17/Jul/2025:09:41:43 -0400] "GET /wp-content/install.php HTTP/1.1" 404 4119 "https://katrynrose.com/wp-content/install.php" "Mozilla/5.0 (Windows NT 10.0; Win64; x64) AppleWebKit/537.36 (KHTML, like Gecko) Chrome/58.0.3029.110 Safari/537.3"
20.171.207.187 - - [17/Jul/2025:09:41:51 -0400] "GET /search.php?zhHant%2Fproduct%2Fsurugaya%2Fm63162098788%3Fcampaign_uid=f64d716db5e979ed2f947dbaf4296895b951ae7f HTTP/1.1" 404 3655 "-" "Mozilla/5.0 AppleWebKit/537.36 (KHTML, like Gecko; compatible; GPTBot/1.2; +https://openai.com/gptbot)"
20.171.207.187 - - [17/Jul/2025:09:42:09 -0400] "GET /search.php?zhHant%2Fproduct%2Fsurugaya%2Fm61705053845%3Fcampaign_uid=f64d716db5e979ed2f947dbaf4296895b951ae7f HTTP/1.1" 404 4119 "-" "Mozilla/5.0 AppleWebKit/537.36 (KHTML, like Gecko; compatible; GPTBot/1.2; +https://openai.com/gptbot)"
20.171.207.187 - - [17/Jul/2025:09:42:27 -0400] "GET /search.php?zhHant%2Fproduct%2Fsurugaya%2Fm12175580681%3Fcampaign_uid=f64d716db5e979ed2f947dbaf4296895b951ae7f HTTP/1.1" 404 3655 "-" "Mozilla/5.0 AppleWebKit/537.36 (KHTML, like Gecko; compatible; GPTBot/1.2; +https://openai.com/gptbot)"
66.29.141.133 - - [17/Jul/2025:09:42:34 -0400] "POST /wp-cron.php?doing_wp_cron=1752759754.5972139835357666015625 HTTP/1.1" 403 1242 "-" "WordPress/6.8.2; https://www.katrynrose.com"
66.249.74.97 - - [17/Jul/2025:09:42:34 -0400] "GET /zhHant/product/surugaya/86536480?campaign_uid=f64d716db5e979ed2f947dbaf4296895b951ae7f HTTP/1.1" 301 0 "-" "Mozilla/5.0 (Linux; Android 6.0.1; Nexus 5X Build/MMB29P) AppleWebKit/537.36 (KHTML, like Gecko) Chrome/137.0.7151.103 Mobile Safari/537.36 (compatible; Googlebot/2.1; +http://www.google.com/bot.html)"
66.249.65.197 - - [17/Jul/2025:09:42:34 -0400] "GET /zhHant/product/surugaya/86536480?campaign_uid=f64d716db5e979ed2f947dbaf4296895b951ae7f HTTP/1.1" 404 4529 "-" "Mozilla/5.0 (Linux; Android 6.0.1; Nexus 5X Build/MMB29P) AppleWebKit/537.36 (KHTML, like Gecko) Chrome/137.0.7151.103 Mobile Safari/537.36 (compatible; Googlebot/2.1; +http://www.google.com/bot.html)"
20.171.207.187 - - [17/Jul/2025:09:42:46 -0400] "GET /search.php?zhHant%2Fproduct%2Fsurugaya%2Fm20098041251%3Fcampaign_uid=f64d716db5e979ed2f947dbaf4296895b951ae7f HTTP/1.1" 404 3655 "-" "Mozilla/5.0 AppleWebKit/537.36 (KHTML, like Gecko; compatible; GPTBot/1.2; +https://openai.com/gptbot)"
20.171.207.187 - - [17/Jul/2025:09:43:05 -0400] "GET /search.php?zhHant%2Fproduct%2Fsurugaya%2Fm93641775489%3Fcampaign_uid=f64d716db5e979ed2f947dbaf4296895b951ae7f HTTP/1.1" 404 3655 "-" "Mozilla/5.0 AppleWebKit/537.36 (KHTML, like Gecko; compatible; GPTBot/1.2; +https://openai.com/gptbot)"
20.171.207.187 - - [17/Jul/2025:09:43:24 -0400] "GET /search.php?zhHant%2Fproduct%2Fsurugaya%2Fm79267570206%3Fcampaign_uid=f64d716db5e979ed2f947dbaf4296895b951ae7f HTTP/1.1" 404 3655 "-" "Mozilla/5.0 AppleWebKit/537.36 (KHTML, like Gecko; compatible; GPTBot/1.2; +https://openai.com/gptbot)"
66.29.141.133 - - [17/Jul/2025:09:43:42 -0400] "POST /wp-cron.php?doing_wp_cron=1752759822.0968360900878906250000 HTTP/1.1" 403 1242 "-" "WordPress/6.8.2; https://www.katrynrose.com"
20.171.207.187 - - [17/Jul/2025:09:43:41 -0400] "GET /search.php?zhHant%2Fproduct%2Fsurugaya%2Fm97489931593%3Fcampaign_uid=f64d716db5e979ed2f947dbaf4296895b951ae7f HTTP/1.1" 404 3655 "-" "Mozilla/5.0 AppleWebKit/537.36 (KHTML, like Gecko; compatible; GPTBot/1.2; +https://openai.com/gptbot)"
66.249.74.110 - - [17/Jul/2025:09:43:50 -0400] "GET /items/cfxwp30/33014?key=detective HTTP/1.1" 301 0 "-" "Mozilla/5.0 (Linux; Android 6.0.1; Nexus 5X Build/MMB29P) AppleWebKit/537.36 (KHTML, like Gecko) Chrome/137.0.7151.103 Mobile Safari/537.36 (compatible; Googlebot/2.1; +http://www.google.com/bot.html)"
66.249.65.198 - - [17/Jul/2025:09:43:50 -0400] "GET /items/cfxwp30/33014?key=detective HTTP/1.1" 404 4529 "-" "Mozilla/5.0 (Linux; Android 6.0.1; Nexus 5X Build/MMB29P) AppleWebKit/537.36 (KHTML, like Gecko) Chrome/137.0.7151.103 Mobile Safari/537.36 (compatible; Googlebot/2.1; +http://www.google.com/bot.html)"
20.171.207.187 - - [17/Jul/2025:09:44:00 -0400] "GET /search.php?zhHant%2Fproduct%2Fsurugaya%2Fm72499793891%3Fcampaign_uid=f64d716db5e979ed2f947dbaf4296895b951ae7f HTTP/1.1" 404 4119 "-" "Mozilla/5.0 AppleWebKit/537.36 (KHTML, like Gecko; compatible; GPTBot/1.2; +https://openai.com/gptbot)"
20.171.207.187 - - [17/Jul/2025:09:44:18 -0400] "GET /search.php?zhHant%2Fproduct%2Fsurugaya%2Fm89818404674%3Fcampaign_uid=f64d716db5e979ed2f947dbaf4296895b951ae7f HTTP/1.1" 404 4119 "-" "Mozilla/5.0 AppleWebKit/537.36 (KHTML, like Gecko; compatible; GPTBot/1.2; +https://openai.com/gptbot)"
20.171.207.187 - - [17/Jul/2025:09:44:37 -0400] "GET /search.php?zhHant%2Fproduct%2Fsurugaya%2Fm98445448074%3Fcampaign_uid=f64d716db5e979ed2f947dbaf4296895b951ae7f HTTP/1.1" 404 3655 "-" "Mozilla/5.0 AppleWebKit/537.36 (KHTML, like Gecko; compatible; GPTBot/1.2; +https://openai.com/gptbot)"
66.29.141.133 - - [17/Jul/2025:09:44:56 -0400] "POST /wp-cron.php?doing_wp_cron=1752759896.1347749233245849609375 HTTP/1.1" 403 1242 "-" "WordPress/6.8.2; https://www.katrynrose.com"
20.171.207.187 - - [17/Jul/2025:09:44:55 -0400] "GET /search.php?zhHant%2Fproduct%2Fsurugaya%2Fm94355608499%3Fcampaign_uid=f64d716db5e979ed2f947dbaf4296895b951ae7f HTTP/1.1" 404 3655 "-" "Mozilla/5.0 AppleWebKit/537.36 (KHTML, like Gecko; compatible; GPTBot/1.2; +https://openai.com/gptbot)"
20.171.207.187 - - [17/Jul/2025:09:45:13 -0400] "GET /search.php?zhHant%2Fproduct%2Fsurugaya%2Fm24391611445%3Fcampaign_uid=f64d716db5e979ed2f947dbaf4296895b951ae7f HTTP/1.1" 404 3655 "-" "Mozilla/5.0 AppleWebKit/537.36 (KHTML, like Gecko; compatible; GPTBot/1.2; +https://openai.com/gptbot)"
20.171.207.187 - - [17/Jul/2025:09:45:32 -0400] "GET /search.php?zhHant%2Fproduct%2Fsurugaya%2Fm30455765581%3Fcampaign_uid=f64d716db5e979ed2f947dbaf4296895b951ae7f HTTP/1.1" 404 4119 "-" "Mozilla/5.0 AppleWebKit/537.36 (KHTML, like Gecko; compatible; GPTBot/1.2; +https://openai.com/gptbot)"
45.227.253.15 - - [17/Jul/2025:09:45:48 -0400] "GET /index.php/jk HTTP/1.1" 301 0 "-" "Mozilla/5.0 (Windows NT 6.2; WOW64; rv:73.0) Gecko/20100101 Firefox/73.0"
45.227.253.15 - - [17/Jul/2025:09:45:49 -0400] "GET /jk HTTP/1.1" 404 4454 "https://katrynrose.com/index.php/jk" "Mozilla/5.0 (Windows NT 6.2; WOW64; rv:73.0) Gecko/20100101 Firefox/73.0"
20.171.207.187 - - [17/Jul/2025:09:45:50 -0400] "GET /search.php?zhHant%2Fproduct%2Fsurugaya%2Fm42521877347%3Fcampaign_uid=f64d716db5e979ed2f947dbaf4296895b951ae7f HTTP/1.1" 404 3655 "-" "Mozilla/5.0 AppleWebKit/537.36 (KHTML, like Gecko; compatible; GPTBot/1.2; +https://openai.com/gptbot)"
69.197.182.50 - - [17/Jul/2025:09:45:55 -0400] "GET /wp-content/install.php HTTP/1.1" 301 0 "https://katrynrose.com/wp-content/install.php" "Mozilla/5.0 (Windows NT 10.0; Win64; x64) AppleWebKit/537.36 (KHTML, like Gecko) Chrome/58.0.3029.110 Safari/537.3"
66.29.141.133 - - [17/Jul/2025:09:45:56 -0400] "POST /wp-cron.php?doing_wp_cron=1752759956.1666920185089111328125 HTTP/1.1" 403 1242 "-" "WordPress/6.8.2; https://www.katrynrose.com"
69.197.182.50 - - [17/Jul/2025:09:45:56 -0400] "GET /wp-content/install.php HTTP/1.1" 404 4119 "https://katrynrose.com/wp-content/install.php" "Mozilla/5.0 (Windows NT 10.0; Win64; x64) AppleWebKit/537.36 (KHTML, like Gecko) Chrome/58.0.3029.110 Safari/537.3"
20.171.207.187 - - [17/Jul/2025:09:46:09 -0400] "GET /search.php?zhHant%2Fproduct%2Fsurugaya%2Fm26599557431%3Fcampaign_uid=f64d716db5e979ed2f947dbaf4296895b951ae7f HTTP/1.1" 404 4119 "-" "Mozilla/5.0 AppleWebKit/537.36 (KHTML, like Gecko; compatible; GPTBot/1.2; +https://openai.com/gptbot)"
20.171.207.187 - - [17/Jul/2025:09:46:27 -0400] "GET /search.php?zhHant%2Fproduct%2Fsurugaya%2Fm36380302456%3Fcampaign_uid=f64d716db5e979ed2f947dbaf4296895b951ae7f HTTP/1.1" 404 3655 "-" "Mozilla/5.0 AppleWebKit/537.36 (KHTML, like Gecko; compatible; GPTBot/1.2; +https://openai.com/gptbot)"
20.171.207.187 - - [17/Jul/2025:09:46:45 -0400] "GET /search.php?zhHant%2Fproduct%2Fsurugaya%2Fm19919050380%3Fcampaign_uid=f64d716db5e979ed2f947dbaf4296895b951ae7f HTTP/1.1" 404 4119 "-" "Mozilla/5.0 AppleWebKit/537.36 (KHTML, like Gecko; compatible; GPTBot/1.2; +https://openai.com/gptbot)"
66.29.141.133 - - [17/Jul/2025:09:47:04 -0400] "POST /wp-cron.php?doing_wp_cron=1752760024.8955800533294677734375 HTTP/1.1" 403 1242 "-" "WordPress/6.8.2; https://www.katrynrose.com"
20.171.207.187 - - [17/Jul/2025:09:47:04 -0400] "GET /search.php?zhHant%2Fproduct%2Fsurugaya%2Fm30433769429%3Fcampaign_uid=f64d716db5e979ed2f947dbaf4296895b951ae7f HTTP/1.1" 404 4119 "-" "Mozilla/5.0 AppleWebKit/537.36 (KHTML, like Gecko; compatible; GPTBot/1.2; +https://openai.com/gptbot)"
20.171.207.187 - - [17/Jul/2025:09:47:22 -0400] "GET /search.php?zhHant%2Fproduct%2Fsurugaya%2Fm94733945656%3Fcampaign_uid=f64d716db5e979ed2f947dbaf4296895b951ae7f HTTP/1.1" 404 3655 "-" "Mozilla/5.0 AppleWebKit/537.36 (KHTML, like Gecko; compatible; GPTBot/1.2; +https://openai.com/gptbot)"
20.171.207.187 - - [17/Jul/2025:09:47:41 -0400] "GET /search.php?zhHant%2Fproduct%2Fsurugaya%2Fm44370664030%3Fcampaign_uid=f64d716db5e979ed2f947dbaf4296895b951ae7f HTTP/1.1" 404 4119 "-" "Mozilla/5.0 AppleWebKit/537.36 (KHTML, like Gecko; compatible; GPTBot/1.2; +https://openai.com/gptbot)"
20.171.207.187 - - [17/Jul/2025:09:47:59 -0400] "GET /search.php?zhHant%2Fproduct%2Fsurugaya%2Fm35741966376%3Fcampaign_uid=f64d716db5e979ed2f947dbaf4296895b951ae7f HTTP/1.1" 404 4119 "-" "Mozilla/5.0 AppleWebKit/537.36 (KHTML, like Gecko; compatible; GPTBot/1.2; +https://openai.com/gptbot)"
66.29.141.133 - - [17/Jul/2025:09:48:17 -0400] "POST /wp-cron.php?doing_wp_cron=1752760097.2332029342651367187500 HTTP/1.1" 403 1242 "-" "WordPress/6.8.2; https://www.katrynrose.com"
20.171.207.187 - - [17/Jul/2025:09:48:17 -0400] "GET /search.php?zhHant%2Fproduct%2Fsurugaya%2Fm60648048610%3Fcampaign_uid=f64d716db5e979ed2f947dbaf4296895b951ae7f HTTP/1.1" 404 4119 "-" "Mozilla/5.0 AppleWebKit/537.36 (KHTML, like Gecko; compatible; GPTBot/1.2; +https://openai.com/gptbot)"
51.222.253.2 - - [17/Jul/2025:09:48:19 -0400] "GET /wp-adriv/ HTTP/1.1" 200 648 "-" "Mozilla/5.0 (compatible; AhrefsBot/7.0; +http://ahrefs.com/robot/)"
20.171.207.187 - - [17/Jul/2025:09:48:34 -0400] "GET /search.php?zhHant%2Fproduct%2Fsurugaya%2Fm20436355088%3Fcampaign_uid=f64d716db5e979ed2f947dbaf4296895b951ae7f HTTP/1.1" 404 4119 "-" "Mozilla/5.0 AppleWebKit/537.36 (KHTML, like Gecko; compatible; GPTBot/1.2; +https://openai.com/gptbot)"
66.249.74.110 - - [17/Jul/2025:09:48:50 -0400] "GET /commit231029410.html HTTP/1.1" 301 0 "-" "Mozilla/5.0 (Linux; Android 6.0.1; Nexus 5X Build/MMB29P) AppleWebKit/537.36 (KHTML, like Gecko) Chrome/137.0.7151.103 Mobile Safari/537.36 (compatible; Googlebot/2.1; +http://www.google.com/bot.html)"
66.249.65.197 - - [17/Jul/2025:09:48:50 -0400] "GET /commit231029410.html HTTP/1.1" 404 4119 "-" "Mozilla/5.0 (Linux; Android 6.0.1; Nexus 5X Build/MMB29P) AppleWebKit/537.36 (KHTML, like Gecko) Chrome/137.0.7151.103 Mobile Safari/537.36 (compatible; Googlebot/2.1; +http://www.google.com/bot.html)"
20.171.207.187 - - [17/Jul/2025:09:48:52 -0400] "GET /search.php?zhHant%2Fproduct%2Fsurugaya%2Fm74625961173%3Fcampaign_uid=f64d716db5e979ed2f947dbaf4296895b951ae7f HTTP/1.1" 404 4119 "-" "Mozilla/5.0 AppleWebKit/537.36 (KHTML, like Gecko; compatible; GPTBot/1.2; +https://openai.com/gptbot)"
20.171.207.187 - - [17/Jul/2025:09:49:11 -0400] "GET /search.php?zhHant%2Fproduct%2Fsurugaya%2Fm99071135751%3Fcampaign_uid=f64d716db5e979ed2f947dbaf4296895b951ae7f HTTP/1.1" 404 4119 "-" "Mozilla/5.0 AppleWebKit/537.36 (KHTML, like Gecko; compatible; GPTBot/1.2; +https://openai.com/gptbot)"
66.29.141.133 - - [17/Jul/2025:09:49:29 -0400] "POST /wp-cron.php?doing_wp_cron=1752760169.4685220718383789062500 HTTP/1.1" 403 1242 "-" "WordPress/6.8.2; https://www.katrynrose.com"
20.171.207.187 - - [17/Jul/2025:09:49:29 -0400] "GET /search.php?zhHant%2Fproduct%2Fsurugaya%2Fm27205756180%3Fcampaign_uid=f64d716db5e979ed2f947dbaf4296895b951ae7f HTTP/1.1" 404 4119 "-" "Mozilla/5.0 AppleWebKit/537.36 (KHTML, like Gecko; compatible; GPTBot/1.2; +https://openai.com/gptbot)"
20.171.207.187 - - [17/Jul/2025:09:49:48 -0400] "GET /search.php?zhHant%2Fproduct%2Fsurugaya%2Fm82065773032%3Fcampaign_uid=f64d716db5e979ed2f947dbaf4296895b951ae7f HTTP/1.1" 404 4119 "-" "Mozilla/5.0 AppleWebKit/537.36 (KHTML, like Gecko; compatible; GPTBot/1.2; +https://openai.com/gptbot)"
20.171.207.187 - - [17/Jul/2025:09:50:06 -0400] "GET /search.php?zhHant%2Fproduct%2Fsurugaya%2Fm82449610266%3Fcampaign_uid=f64d716db5e979ed2f947dbaf4296895b951ae7f HTTP/1.1" 404 4119 "-" "Mozilla/5.0 AppleWebKit/537.36 (KHTML, like Gecko; compatible; GPTBot/1.2; +https://openai.com/gptbot)"
20.171.207.187 - - [17/Jul/2025:09:50:24 -0400] "GET /search.php?zhHant%2Fproduct%2Fsurugaya%2Fm26537142880%3Fcampaign_uid=f64d716db5e979ed2f947dbaf4296895b951ae7f HTTP/1.1" 404 3655 "-" "Mozilla/5.0 AppleWebKit/537.36 (KHTML, like Gecko; compatible; GPTBot/1.2; +https://openai.com/gptbot)"
66.29.141.133 - - [17/Jul/2025:09:50:43 -0400] "POST /wp-cron.php?doing_wp_cron=1752760243.8749570846557617187500 HTTP/1.1" 403 1242 "-" "WordPress/6.8.2; https://www.katrynrose.com"
20.171.207.187 - - [17/Jul/2025:09:50:43 -0400] "GET /search.php?zhHant%2Fproduct%2Fsurugaya%2Fm18729359374%3Fcampaign_uid=f64d716db5e979ed2f947dbaf4296895b951ae7f HTTP/1.1" 404 3655 "-" "Mozilla/5.0 AppleWebKit/537.36 (KHTML, like Gecko; compatible; GPTBot/1.2; +https://openai.com/gptbot)"
20.171.207.214 - - [17/Jul/2025:09:50:43 -0400] "GET /search.php?piece069000388.html HTTP/1.1" 301 0 "-" "Mozilla/5.0 AppleWebKit/537.36 (KHTML, like Gecko; compatible; GPTBot/1.2; +https://openai.com/gptbot)"
20.171.207.214 - - [17/Jul/2025:09:50:46 -0400] "GET /search.php?often151045436.html HTTP/1.1" 301 0 "-" "Mozilla/5.0 AppleWebKit/537.36 (KHTML, like Gecko; compatible; GPTBot/1.2; +https://openai.com/gptbot)"
20.171.207.214 - - [17/Jul/2025:09:50:49 -0400] "GET /search.php?products/101fz30551 HTTP/1.1" 301 0 "-" "Mozilla/5.0 AppleWebKit/537.36 (KHTML, like Gecko; compatible; GPTBot/1.2; +https://openai.com/gptbot)"
20.171.207.214 - - [17/Jul/2025:09:50:52 -0400] "GET /search.php?calculate069000386.html HTTP/1.1" 301 0 "-" "Mozilla/5.0 AppleWebKit/537.36 (KHTML, like Gecko; compatible; GPTBot/1.2; +https://openai.com/gptbot)"
20.171.207.214 - - [17/Jul/2025:09:50:54 -0400] "GET /search.php?offense188012863.html HTTP/1.1" 301 0 "-" "Mozilla/5.0 AppleWebKit/537.36 (KHTML, like Gecko; compatible; GPTBot/1.2; +https://openai.com/gptbot)"
20.171.207.214 - - [17/Jul/2025:09:50:56 -0400] "GET /?_bd_prev_page=https%3A%2F%2Fkatrynrose.com%2Fsuper.do%3Fproducts%2F69dw387&_bdsid=bhnb5k.n%7EDEQNF.1798256766149.1732653202 HTTP/1.1" 301 0 "-" "Mozilla/5.0 AppleWebKit/537.36 (KHTML, like Gecko; compatible; GPTBot/1.2; +https://openai.com/gptbot)"
20.171.207.187 - - [17/Jul/2025:09:51:02 -0400] "GET /search.php?zhHant%2Fproduct%2Fsurugaya%2Fm39015789612%3Fcampaign_uid=f64d716db5e979ed2f947dbaf4296895b951ae7f HTTP/1.1" 404 4119 "-" "Mozilla/5.0 AppleWebKit/537.36 (KHTML, like Gecko; compatible; GPTBot/1.2; +https://openai.com/gptbot)"
20.171.207.187 - - [17/Jul/2025:09:51:20 -0400] "GET /search.php?zhHant%2Fproduct%2Fsurugaya%2Fm84607313736%3Fcampaign_uid=f64d716db5e979ed2f947dbaf4296895b951ae7f HTTP/1.1" 404 4119 "-" "Mozilla/5.0 AppleWebKit/537.36 (KHTML, like Gecko; compatible; GPTBot/1.2; +https://openai.com/gptbot)"
20.171.207.187 - - [17/Jul/2025:09:51:39 -0400] "GET /search.php?zhHant%2Fproduct%2Fsurugaya%2Fm99765654790%3Fcampaign_uid=f64d716db5e979ed2f947dbaf4296895b951ae7f HTTP/1.1" 404 4119 "-" "Mozilla/5.0 AppleWebKit/537.36 (KHTML, like Gecko; compatible; GPTBot/1.2; +https://openai.com/gptbot)"
66.29.141.133 - - [17/Jul/2025:09:51:57 -0400] "POST /wp-cron.php?doing_wp_cron=1752760317.9473679065704345703125 HTTP/1.1" 403 1242 "-" "WordPress/6.8.2; https://www.katrynrose.com"
20.171.207.187 - - [17/Jul/2025:09:51:57 -0400] "GET /search.php?zhHant%2Fproduct%2Fsurugaya%2Fm61996939496%3Fcampaign_uid=f64d716db5e979ed2f947dbaf4296895b951ae7f HTTP/1.1" 404 4119 "-" "Mozilla/5.0 AppleWebKit/537.36 (KHTML, like Gecko; compatible; GPTBot/1.2; +https://openai.com/gptbot)"
20.171.207.187 - - [17/Jul/2025:09:52:16 -0400] "GET /search.php?zhHant%2Fproduct%2Fsurugaya%2Fm41089064936%3Fcampaign_uid=f64d716db5e979ed2f947dbaf4296895b951ae7f HTTP/1.1" 404 3655 "-" "Mozilla/5.0 AppleWebKit/537.36 (KHTML, like Gecko; compatible; GPTBot/1.2; +https://openai.com/gptbot)"
20.171.207.187 - - [17/Jul/2025:09:52:34 -0400] "GET /search.php?zhHant%2Fproduct%2Fsurugaya%2Fm13943168263%3Fcampaign_uid=f64d716db5e979ed2f947dbaf4296895b951ae7f HTTP/1.1" 404 3655 "-" "Mozilla/5.0 AppleWebKit/537.36 (KHTML, like Gecko; compatible; GPTBot/1.2; +https://openai.com/gptbot)"
20.171.207.187 - - [17/Jul/2025:09:52:53 -0400] "GET /search.php?zhHant%2Fproduct%2Fsurugaya%2Fm83184632647%3Fcampaign_uid=f64d716db5e979ed2f947dbaf4296895b951ae7f HTTP/1.1" 404 3655 "-" "Mozilla/5.0 AppleWebKit/537.36 (KHTML, like Gecko; compatible; GPTBot/1.2; +https://openai.com/gptbot)"
66.29.141.133 - - [17/Jul/2025:09:53:11 -0400] "POST /wp-cron.php?doing_wp_cron=1752760391.9786009788513183593750 HTTP/1.1" 403 1242 "-" "WordPress/6.8.2; https://www.katrynrose.com"
20.171.207.187 - - [17/Jul/2025:09:53:11 -0400] "GET /search.php?zhHant%2Fproduct%2Fsurugaya%2Fm38289105039%3Fcampaign_uid=f64d716db5e979ed2f947dbaf4296895b951ae7f HTTP/1.1" 404 4119 "-" "Mozilla/5.0 AppleWebKit/537.36 (KHTML, like Gecko; compatible; GPTBot/1.2; +https://openai.com/gptbot)"
69.197.182.50 - - [17/Jul/2025:09:53:17 -0400] "GET /wp-content/install.php HTTP/1.1" 301 0 "https://katrynrose.com/wp-content/install.php" "Mozilla/5.0 (Windows NT 10.0; Win64; x64) AppleWebKit/537.36 (KHTML, like Gecko) Chrome/58.0.3029.110 Safari/537.3"
69.197.182.50 - - [17/Jul/2025:09:53:17 -0400] "GET /wp-content/install.php HTTP/1.1" 404 4119 "https://katrynrose.com/wp-content/install.php" "Mozilla/5.0 (Windows NT 10.0; Win64; x64) AppleWebKit/537.36 (KHTML, like Gecko) Chrome/58.0.3029.110 Safari/537.3"
20.171.207.187 - - [17/Jul/2025:09:53:29 -0400] "GET /search.php?zhHant%2Fproduct%2Fsurugaya%2Fm62497248360%3Fcampaign_uid=f64d716db5e979ed2f947dbaf4296895b951ae7f HTTP/1.1" 404 3655 "-" "Mozilla/5.0 AppleWebKit/537.36 (KHTML, like Gecko; compatible; GPTBot/1.2; +https://openai.com/gptbot)"
20.171.207.187 - - [17/Jul/2025:09:53:47 -0400] "GET /search.php?piece069000388.html HTTP/1.1" 404 3655 "-" "Mozilla/5.0 AppleWebKit/537.36 (KHTML, like Gecko; compatible; GPTBot/1.2; +https://openai.com/gptbot)"
20.171.207.187 - - [17/Jul/2025:09:54:06 -0400] "GET /search.php?often151045436.html HTTP/1.1" 404 3655 "-" "Mozilla/5.0 AppleWebKit/537.36 (KHTML, like Gecko; compatible; GPTBot/1.2; +https://openai.com/gptbot)"
66.29.141.133 - - [17/Jul/2025:09:54:23 -0400] "POST /wp-cron.php?doing_wp_cron=1752760463.8374440670013427734375 HTTP/1.1" 403 1242 "-" "WordPress/6.8.2; https://www.katrynrose.com"
20.171.207.187 - - [17/Jul/2025:09:54:23 -0400] "GET /search.php?products/101fz30551 HTTP/1.1" 404 3655 "-" "Mozilla/5.0 AppleWebKit/537.36 (KHTML, like Gecko; compatible; GPTBot/1.2; +https://openai.com/gptbot)"
20.171.207.187 - - [17/Jul/2025:09:54:42 -0400] "GET /search.php?calculate069000386.html HTTP/1.1" 404 3655 "-" "Mozilla/5.0 AppleWebKit/537.36 (KHTML, like Gecko; compatible; GPTBot/1.2; +https://openai.com/gptbot)"
20.171.207.187 - - [17/Jul/2025:09:55:01 -0400] "GET /search.php?zhHant%2Fproduct%2Fsurugaya%2Fm55426528910%3Fcampaign_uid=f64d716db5e979ed2f947dbaf4296895b951ae7f HTTP/1.1" 404 3655 "-" "Mozilla/5.0 AppleWebKit/537.36 (KHTML, like Gecko; compatible; GPTBot/1.2; +https://openai.com/gptbot)"
20.171.207.187 - - [17/Jul/2025:09:55:20 -0400] "GET /search.php?zhHant%2Fproduct%2Fsurugaya%2Fm83669404320%3Fcampaign_uid=f64d716db5e979ed2f947dbaf4296895b951ae7f HTTP/1.1" 404 3655 "-" "Mozilla/5.0 AppleWebKit/537.36 (KHTML, like Gecko; compatible; GPTBot/1.2; +https://openai.com/gptbot)"
66.29.141.133 - - [17/Jul/2025:09:55:39 -0400] "POST /wp-cron.php?doing_wp_cron=1752760539.2754759788513183593750 HTTP/1.1" 403 1242 "-" "WordPress/6.8.2; https://www.katrynrose.com"
20.171.207.187 - - [17/Jul/2025:09:55:39 -0400] "GET /search.php?zhHant%2Fproduct%2Fsurugaya%2Fm72256495464%3Fcampaign_uid=f64d716db5e979ed2f947dbaf4296895b951ae7f HTTP/1.1" 404 3655 "-" "Mozilla/5.0 AppleWebKit/537.36 (KHTML, like Gecko; compatible; GPTBot/1.2; +https://openai.com/gptbot)"
65.108.78.33 - - [17/Jul/2025:09:55:46 -0400] "GET /robots.txt HTTP/1.1" 200 371 "-" "Mozilla/5.0 (compatible; MJ12bot/v1.4.8; http://mj12bot.com/)"
65.108.78.33 - - [17/Jul/2025:09:55:49 -0400] "GET /de9ca2/?path=/dev/shm&edit=.entry HTTP/1.1" 200 1177 "-" "Mozilla/5.0 (compatible; MJ12bot/v1.4.8; http://mj12bot.com/)"
65.108.78.33 - - [17/Jul/2025:09:55:51 -0400] "GET /de9ca2/?path=/home/katmhsmi/katrynrose.com/wp-content/plugins/akismet/.. HTTP/1.1" 200 842 "-" "Mozilla/5.0 (compatible; MJ12bot/v1.4.8; http://mj12bot.com/)"
65.108.78.33 - - [17/Jul/2025:09:55:53 -0400] "GET /de9ca2/?path=/home/katmhsmi/katrynrose.com/wp-includes&edit=class-wp-customize-section.php HTTP/1.1" 200 8112 "-" "Mozilla/5.0 (compatible; MJ12bot/v1.4.8; http://mj12bot.com/)"
65.108.78.33 - - [17/Jul/2025:09:55:55 -0400] "GET /de9ca2/?path=/home/katmhsmi/lifecoachbostonma.com/wp-content/themes/twentytwentytwo/inc/patterns&edit=header-small-dark.php HTTP/1.1" 200 2835 "-" "Mozilla/5.0 (compatible; MJ12bot/v1.4.8; http://mj12bot.com/)"
65.108.78.33 - - [17/Jul/2025:09:55:57 -0400] "GET /de9ca2/?path=/home/katmhsmi/lifecoachbostonma.com/wp-content/themes/twentytwentytwo/inc/patterns&edit=header-stacked.php HTTP/1.1" 200 2502 "-" "Mozilla/5.0 (compatible; MJ12bot/v1.4.8; http://mj12bot.com/)"
20.171.207.187 - - [17/Jul/2025:09:55:58 -0400] "GET /search.php?zhHant%2Fproduct%2Fsurugaya%2Fm35322930947%3Fcampaign_uid=f64d716db5e979ed2f947dbaf4296895b951ae7f HTTP/1.1" 404 3655 "-" "Mozilla/5.0 AppleWebKit/537.36 (KHTML, like Gecko; compatible; GPTBot/1.2; +https://openai.com/gptbot)"
65.108.78.33 - - [17/Jul/2025:09:55:59 -0400] "GET /de9ca2/?path=/home/katmhsmi/lifecoachbostonma.com/wp-content/themes/twentytwentytwo/inc/patterns&edit=header-text-only-green-background.php HTTP/1.1" 200 2570 "-" "Mozilla/5.0 (compatible; MJ12bot/v1.4.8; http://mj12bot.com/)"
65.108.78.33 - - [17/Jul/2025:09:56:01 -0400] "GET /de9ca2/?path=/home/katmhsmi/lifecoachbostonma.com/wp-content/themes/twentytwentytwo/inc/patterns&edit=header-text-only-salmon-background.php HTTP/1.1" 200 2564 "-" "Mozilla/5.0 (compatible; MJ12bot/v1.4.8; http://mj12bot.com/)"
65.108.78.33 - - [17/Jul/2025:09:56:03 -0400] "GET /de9ca2/?path=/home/katmhsmi/lifecoachbostonma.com/wp-content/themes/twentytwentytwo/inc/patterns&edit=header-text-only-with-tagline-black-background.php HTTP/1.1" 200 2651 "-" "Mozilla/5.0 (compatible; MJ12bot/v1.4.8; http://mj12bot.com/)"
66.249.74.97 - - [17/Jul/2025:09:56:04 -0400] "GET /lover125023794.html HTTP/1.1" 301 0 "-" "Mozilla/5.0 (Linux; Android 6.0.1; Nexus 5X Build/MMB29P) AppleWebKit/537.36 (KHTML, like Gecko) Chrome/137.0.7151.103 Mobile Safari/537.36 (compatible; Googlebot/2.1; +http://www.google.com/bot.html)"
66.249.65.196 - - [17/Jul/2025:09:56:05 -0400] "GET /lover125023794.html HTTP/1.1" 404 4119 "-" "Mozilla/5.0 (Linux; Android 6.0.1; Nexus 5X Build/MMB29P) AppleWebKit/537.36 (KHTML, like Gecko) Chrome/137.0.7151.103 Mobile Safari/537.36 (compatible; Googlebot/2.1; +http://www.google.com/bot.html)"
65.108.78.33 - - [17/Jul/2025:09:56:05 -0400] "GET /de9ca2/?path=/home/katmhsmi/lifecoachbostonma.com/wp-content/themes/twentytwentytwo/inc/patterns&edit=header-title-and-button.php HTTP/1.1" 200 2478 "-" "Mozilla/5.0 (compatible; MJ12bot/v1.4.8; http://mj12bot.com/)"
65.108.78.33 - - [17/Jul/2025:09:56:08 -0400] "GET /de9ca2/?path=/home/katmhsmi/lifecoachbostonma.com/wp-content/themes/twentytwentytwo/inc/patterns&edit=header-title-navigation-social.php HTTP/1.1" 200 2595 "-" "Mozilla/5.0 (compatible; MJ12bot/v1.4.8; http://mj12bot.com/)"
65.108.78.33 - - [17/Jul/2025:09:56:10 -0400] "GET /de9ca2/?path=/home/katmhsmi/lifecoachbostonma.com/wp-content/themes/twentytwentytwo/inc/patterns&edit=header-with-tagline.php HTTP/1.1" 200 2508 "-" "Mozilla/5.0 (compatible; MJ12bot/v1.4.8; http://mj12bot.com/)"
65.108.78.33 - - [17/Jul/2025:09:56:12 -0400] "GET /de9ca2/?path=/home/katmhsmi/lifecoachbostonma.com/wp-content/themes/twentytwentytwo/inc/patterns&edit=hidden-404.php HTTP/1.1" 200 2412 "-" "Mozilla/5.0 (compatible; MJ12bot/v1.4.8; http://mj12bot.com/)"
65.108.78.33 - - [17/Jul/2025:09:56:14 -0400] "GET /de9ca2/?path=/home/katmhsmi/lifecoachbostonma.com/wp-content/themes/twentytwentytwo/inc/patterns&edit=hidden-bird.php HTTP/1.1" 200 2311 "-" "Mozilla/5.0 (compatible; MJ12bot/v1.4.8; http://mj12bot.com/)"
65.108.78.33 - - [17/Jul/2025:09:56:16 -0400] "GET /de9ca2/?path=/home/katmhsmi/lifecoachbostonma.com/wp-content/themes/twentytwentytwo/inc/patterns&edit=hidden-heading-and-bird.php HTTP/1.1" 200 2671 "-" "Mozilla/5.0 (compatible; MJ12bot/v1.4.8; http://mj12bot.com/)"
20.171.207.187 - - [17/Jul/2025:09:56:17 -0400] "GET /search.php?zhHant%2Fproduct%2Fsurugaya%2Fm77145576447%3Fcampaign_uid=f64d716db5e979ed2f947dbaf4296895b951ae7f HTTP/1.1" 404 4119 "-" "Mozilla/5.0 AppleWebKit/537.36 (KHTML, like Gecko; compatible; GPTBot/1.2; +https://openai.com/gptbot)"
65.108.78.33 - - [17/Jul/2025:09:56:18 -0400] "GET /de9ca2/?path=/home/katmhsmi/lifecoachbostonma.com/wp-content/themes/twentytwentytwo/inc/patterns&edit=page-about-large-image-and-buttons.php HTTP/1.1" 200 2831 "-" "Mozilla/5.0 (compatible; MJ12bot/v1.4.8; http://mj12bot.com/)"
65.108.78.33 - - [17/Jul/2025:09:56:20 -0400] "GET /de9ca2/?path=/home/katmhsmi/lifecoachbostonma.com/wp-content/themes/twentytwentytwo/inc/patterns&edit=page-about-links.php HTTP/1.1" 200 3115 "-" "Mozilla/5.0 (compatible; MJ12bot/v1.4.8; http://mj12bot.com/)"
