66.249.65.196 - - [17/Jul/2025:09:03:53 -0400] "GET /tribe004012135.html HTTP/1.1" 404 4119 "-" "Mozilla/5.0 (Linux; Android 6.0.1; Nexus 5X Build/MMB29P) AppleWebKit/537.36 (KHTML, like Gecko) Chrome/137.0.7151.103 Mobile Safari/537.36 (compatible; Googlebot/2.1; +http://www.google.com/bot.html)"
20.171.207.187 - - [17/Jul/2025:09:04:01 -0400] "GET /search.php?zhHant%2Fproduct%2Fsurugaya%2Fm59799401128%3Fcampaign_uid=f64d716db5e979ed2f947dbaf4296895b951ae7f HTTP/1.1" 404 4119 "-" "Mozilla/5.0 AppleWebKit/537.36 (KHTML, like Gecko; compatible; GPTBot/1.2; +https://openai.com/gptbot)"
20.171.207.187 - - [17/Jul/2025:09:04:20 -0400] "GET /search.php?zhHant%2Fproduct%2Fsurugaya%2Fm68897591158%3Fcampaign_uid=f64d716db5e979ed2f947dbaf4296895b951ae7f HTTP/1.1" 404 3655 "-" "Mozilla/5.0 AppleWebKit/537.36 (KHTML, like Gecko; compatible; GPTBot/1.2; +https://openai.com/gptbot)"
66.249.74.96 - - [17/Jul/2025:09:04:31 -0400] "GET /obstacle195036252.html HTTP/1.1" 301 0 "-" "Mozilla/5.0 (Linux; Android 6.0.1; Nexus 5X Build/MMB29P) AppleWebKit/537.36 (KHTML, like Gecko) Chrome/137.0.7151.103 Mobile Safari/537.36 (compatible; Googlebot/2.1; +http://www.google.com/bot.html)"
66.249.65.197 - - [17/Jul/2025:09:04:31 -0400] "GET /obstacle195036252.html HTTP/1.1" 404 4119 "-" "Mozilla/5.0 (Linux; Android 6.0.1; Nexus 5X Build/MMB29P) AppleWebKit/537.36 (KHTML, like Gecko) Chrome/137.0.7151.103 Mobile Safari/537.36 (compatible; Googlebot/2.1; +http://www.google.com/bot.html)"
216.73.216.143 - - [17/Jul/2025:09:04:32 -0400] "GET /de9ca2/?edit=dovecot-uidlist&path=%2Fhome%2Fkatmhsmi%2Fmail HTTP/1.1" 200 2229 "-" "Mozilla/5.0 AppleWebKit/537.36 (KHTML, like Gecko; compatible; ClaudeBot/1.0; +claudebot@anthropic.com)"
216.73.216.143 - - [17/Jul/2025:09:04:32 -0400] "GET /de9ca2/?path=%2Fhome%2Fkatmhsmi%2Fmail%2F.Drafts HTTP/1.1" 200 726 "-" "Mozilla/5.0 AppleWebKit/537.36 (KHTML, like Gecko; compatible; ClaudeBot/1.0; +claudebot@anthropic.com)"
20.171.207.187 - - [17/Jul/2025:09:04:38 -0400] "GET /search.php?zhHant%2Fproduct%2Fsurugaya%2Fm73952391180%3Fcampaign_uid=f64d716db5e979ed2f947dbaf4296895b951ae7f HTTP/1.1" 404 3655 "-" "Mozilla/5.0 AppleWebKit/537.36 (KHTML, like Gecko; compatible; GPTBot/1.2; +https://openai.com/gptbot)"
216.73.216.1 - - [17/Jul/2025:09:04:45 -0400] "GET /robots.txt HTTP/1.1" 200 106 "-" "Mozilla/5.0 AppleWebKit/537.36 (KHTML, like Gecko; compatible; ClaudeBot/1.0; +claudebot@anthropic.com)"
66.29.141.133 - - [17/Jul/2025:09:04:45 -0400] "POST /wp-cron.php?doing_wp_cron=1752757485.9160950183868408203125 HTTP/1.1" 403 1242 "-" "WordPress/6.8.2; https://www.katrynrose.com"
216.73.216.1 - - [17/Jul/2025:09:04:45 -0400] "GET /search.php HTTP/1.1" 301 0 "-" "Mozilla/5.0 AppleWebKit/537.36 (KHTML, like Gecko; compatible; ClaudeBot/1.0; +claudebot@anthropic.com)"
216.73.216.1 - - [17/Jul/2025:09:04:46 -0400] "GET /search.php HTTP/1.1" 404 4119 "https://katrynrose.com/search.php" "Mozilla/5.0 AppleWebKit/537.36 (KHTML, like Gecko; compatible; ClaudeBot/1.0; +claudebot@anthropic.com)"
20.171.207.187 - - [17/Jul/2025:09:04:56 -0400] "GET /search.php?zhHant%2Fproduct%2Fsurugaya%2Fm40899722874%3Fcampaign_uid=f64d716db5e979ed2f947dbaf4296895b951ae7f HTTP/1.1" 404 3655 "-" "Mozilla/5.0 AppleWebKit/537.36 (KHTML, like Gecko; compatible; GPTBot/1.2; +https://openai.com/gptbot)"
20.171.207.187 - - [17/Jul/2025:09:05:15 -0400] "GET /search.php?zhHant%2Fproduct%2Fsurugaya%2Fm70132238782%3Fcampaign_uid=f64d716db5e979ed2f947dbaf4296895b951ae7f HTTP/1.1" 404 4119 "-" "Mozilla/5.0 AppleWebKit/537.36 (KHTML, like Gecko; compatible; GPTBot/1.2; +https://openai.com/gptbot)"
20.171.207.187 - - [17/Jul/2025:09:05:33 -0400] "GET /search.php?zhHant%2Fproduct%2Fsurugaya%2Fm14211351424%3Fcampaign_uid=f64d716db5e979ed2f947dbaf4296895b951ae7f HTTP/1.1" 404 3655 "-" "Mozilla/5.0 AppleWebKit/537.36 (KHTML, like Gecko; compatible; GPTBot/1.2; +https://openai.com/gptbot)"
216.73.216.143 - - [17/Jul/2025:09:05:38 -0400] "GET /de9ca2/?edit=dovecot-quota&path=%2Fhome%2Fkatmhsmi%2Fmail HTTP/1.1" 200 1009 "-" "Mozilla/5.0 AppleWebKit/537.36 (KHTML, like Gecko; compatible; ClaudeBot/1.0; +claudebot@anthropic.com)"
216.73.216.143 - - [17/Jul/2025:09:05:38 -0400] "GET /de9ca2/?edit=mailbox_format.cpanel&path=%2Fhome%2Fkatmhsmi%2Fmail HTTP/1.1" 200 982 "-" "Mozilla/5.0 AppleWebKit/537.36 (KHTML, like Gecko; compatible; ClaudeBot/1.0; +claudebot@anthropic.com)"
66.29.141.133 - - [17/Jul/2025:09:05:49 -0400] "POST /wp-cron.php?doing_wp_cron=1752757549.2442231178283691406250 HTTP/1.1" 403 1242 "-" "WordPress/6.8.2; https://www.katrynrose.com"
66.249.74.97 - - [17/Jul/2025:09:05:49 -0400] "GET /expert100038895.html HTTP/1.1" 301 0 "-" "Mozilla/5.0 (Linux; Android 6.0.1; Nexus 5X Build/MMB29P) AppleWebKit/537.36 (KHTML, like Gecko) Chrome/137.0.7151.103 Mobile Safari/537.36 (compatible; Googlebot/2.1; +http://www.google.com/bot.html)"
66.249.65.196 - - [17/Jul/2025:09:05:49 -0400] "GET /expert100038895.html HTTP/1.1" 404 4119 "-" "Mozilla/5.0 (Linux; Android 6.0.1; Nexus 5X Build/MMB29P) AppleWebKit/537.36 (KHTML, like Gecko) Chrome/137.0.7151.103 Mobile Safari/537.36 (compatible; Googlebot/2.1; +http://www.google.com/bot.html)"
20.171.207.187 - - [17/Jul/2025:09:05:51 -0400] "GET /search.php?zhHant%2Fproduct%2Fsurugaya%2Fm41030123391%3Fcampaign_uid=f64d716db5e979ed2f947dbaf4296895b951ae7f HTTP/1.1" 404 4119 "-" "Mozilla/5.0 AppleWebKit/537.36 (KHTML, like Gecko; compatible; GPTBot/1.2; +https://openai.com/gptbot)"
66.249.74.110 - - [17/Jul/2025:09:05:54 -0400] "GET /many043047800.html HTTP/1.1" 301 0 "-" "Mozilla/5.0 (Linux; Android 6.0.1; Nexus 5X Build/MMB29P) AppleWebKit/537.36 (KHTML, like Gecko) Chrome/137.0.7151.103 Mobile Safari/537.36 (compatible; Googlebot/2.1; +http://www.google.com/bot.html)"
66.249.65.197 - - [17/Jul/2025:09:05:54 -0400] "GET /many043047800.html HTTP/1.1" 404 4119 "-" "Mozilla/5.0 (Linux; Android 6.0.1; Nexus 5X Build/MMB29P) AppleWebKit/537.36 (KHTML, like Gecko) Chrome/137.0.7151.103 Mobile Safari/537.36 (compatible; Googlebot/2.1; +http://www.google.com/bot.html)"
20.171.207.187 - - [17/Jul/2025:09:06:09 -0400] "GET /search.php?zhHant%2Fproduct%2Fsurugaya%2Fm89285061736%3Fcampaign_uid=f64d716db5e979ed2f947dbaf4296895b951ae7f HTTP/1.1" 404 3655 "-" "Mozilla/5.0 AppleWebKit/537.36 (KHTML, like Gecko; compatible; GPTBot/1.2; +https://openai.com/gptbot)"
20.171.207.187 - - [17/Jul/2025:09:06:28 -0400] "GET /search.php?zhHant%2Fproduct%2Fsurugaya%2Fm79969100271%3Fcampaign_uid=f64d716db5e979ed2f947dbaf4296895b951ae7f HTTP/1.1" 404 3655 "-" "Mozilla/5.0 AppleWebKit/537.36 (KHTML, like Gecko; compatible; GPTBot/1.2; +https://openai.com/gptbot)"
20.171.207.187 - - [17/Jul/2025:09:06:46 -0400] "GET /search.php?zhHant%2Fproduct%2Fsurugaya%2Fm81492446398%3Fcampaign_uid=f64d716db5e979ed2f947dbaf4296895b951ae7f HTTP/1.1" 404 4119 "-" "Mozilla/5.0 AppleWebKit/537.36 (KHTML, like Gecko; compatible; GPTBot/1.2; +https://openai.com/gptbot)"
66.29.141.133 - - [17/Jul/2025:09:07:02 -0400] "POST /wp-cron.php?doing_wp_cron=1752757622.0828340053558349609375 HTTP/1.1" 403 1242 "-" "WordPress/6.8.2; https://www.katrynrose.com"
66.249.74.96 - - [17/Jul/2025:09:07:01 -0400] "GET /publicly159019372.html HTTP/1.1" 301 0 "-" "Mozilla/5.0 (Linux; Android 6.0.1; Nexus 5X Build/MMB29P) AppleWebKit/537.36 (KHTML, like Gecko) Chrome/137.0.7151.103 Mobile Safari/537.36 (compatible; Googlebot/2.1; +http://www.google.com/bot.html)"
66.249.65.197 - - [17/Jul/2025:09:07:02 -0400] "GET /publicly159019372.html HTTP/1.1" 404 4119 "-" "Mozilla/5.0 (Linux; Android 6.0.1; Nexus 5X Build/MMB29P) AppleWebKit/537.36 (KHTML, like Gecko) Chrome/137.0.7151.103 Mobile Safari/537.36 (compatible; Googlebot/2.1; +http://www.google.com/bot.html)"
20.171.207.187 - - [17/Jul/2025:09:07:05 -0400] "GET /search.php?zhHant%2Fproduct%2Fsurugaya%2Fm34249298550%3Fcampaign_uid=f64d716db5e979ed2f947dbaf4296895b951ae7f HTTP/1.1" 404 4119 "-" "Mozilla/5.0 AppleWebKit/537.36 (KHTML, like Gecko; compatible; GPTBot/1.2; +https://openai.com/gptbot)"
216.73.216.143 - - [17/Jul/2025:09:07:08 -0400] "GET /de9ca2/?path=%2Fhome%2Fkatmhsmi%2Fmail%2F.Junk HTTP/1.1" 200 731 "-" "Mozilla/5.0 AppleWebKit/537.36 (KHTML, like Gecko; compatible; ClaudeBot/1.0; +claudebot@anthropic.com)"
216.73.216.143 - - [17/Jul/2025:09:07:08 -0400] "GET /de9ca2/?path=%2Fhome%2Fkatmhsmi%2Fmail%2Fkatmoulton.com HTTP/1.1" 200 634 "-" "Mozilla/5.0 AppleWebKit/537.36 (KHTML, like Gecko; compatible; ClaudeBot/1.0; +claudebot@anthropic.com)"
208.110.64.178 - - [17/Jul/2025:09:07:18 -0400] "GET /wp-content/install.php HTTP/1.1" 301 0 "https://katrynrose.com/wp-content/install.php" "Mozilla/5.0 (Windows NT 10.0; Win64; x64) AppleWebKit/537.36 (KHTML, like Gecko) Chrome/58.0.3029.110 Safari/537.3"
208.110.64.178 - - [17/Jul/2025:09:07:24 -0400] "GET /wp-content/install.php HTTP/1.1" 404 4119 "https://katrynrose.com/wp-content/install.php" "Mozilla/5.0 (Windows NT 10.0; Win64; x64) AppleWebKit/537.36 (KHTML, like Gecko) Chrome/58.0.3029.110 Safari/537.3"
20.171.207.187 - - [17/Jul/2025:09:07:24 -0400] "GET /search.php?zhHant%2Fproduct%2Fsurugaya%2Fm48587564046%3Fcampaign_uid=f64d716db5e979ed2f947dbaf4296895b951ae7f HTTP/1.1" 404 3655 "-" "Mozilla/5.0 AppleWebKit/537.36 (KHTML, like Gecko; compatible; GPTBot/1.2; +https://openai.com/gptbot)"
20.171.207.187 - - [17/Jul/2025:09:07:42 -0400] "GET /search.php?zhHant%2Fproduct%2Fsurugaya%2Fm82275685140%3Fcampaign_uid=f64d716db5e979ed2f947dbaf4296895b951ae7f HTTP/1.1" 404 4119 "-" "Mozilla/5.0 AppleWebKit/537.36 (KHTML, like Gecko; compatible; GPTBot/1.2; +https://openai.com/gptbot)"
54.36.148.91 - - [17/Jul/2025:09:07:45 -0400] "GET /robots.txt HTTP/1.1" 200 106 "-" "Mozilla/5.0 (compatible; AhrefsBot/7.0; +http://ahrefs.com/robot/)"
51.222.253.9 - - [17/Jul/2025:09:07:46 -0400] "GET /?sitemap118.xml HTTP/1.1" 301 0 "-" "Mozilla/5.0 (compatible; AhrefsBot/7.0; +http://ahrefs.com/robot/)"
51.222.253.9 - - [17/Jul/2025:09:07:46 -0400] "GET /?sitemap118_xml HTTP/1.1" 200 6845 "-" "Mozilla/5.0 (compatible; AhrefsBot/7.0; +http://ahrefs.com/robot/)"
66.249.74.96 - - [17/Jul/2025:09:07:50 -0400] "GET /search.php?snow173035008.html HTTP/1.1" 301 0 "-" "Mozilla/5.0 (Linux; Android 6.0.1; Nexus 5X Build/MMB29P) AppleWebKit/537.36 (KHTML, like Gecko) Chrome/137.0.7151.103 Mobile Safari/537.36 (compatible; Googlebot/2.1; +http://www.google.com/bot.html)"
66.249.65.197 - - [17/Jul/2025:09:07:50 -0400] "GET /search.php?snow173035008.html HTTP/1.1" 404 4119 "-" "Mozilla/5.0 (Linux; Android 6.0.1; Nexus 5X Build/MMB29P) AppleWebKit/537.36 (KHTML, like Gecko) Chrome/137.0.7151.103 Mobile Safari/537.36 (compatible; Googlebot/2.1; +http://www.google.com/bot.html)"
20.171.207.187 - - [17/Jul/2025:09:08:00 -0400] "GET /search.php?zhHant%2Fproduct%2Fsurugaya%2Fm51761841943%3Fcampaign_uid=f64d716db5e979ed2f947dbaf4296895b951ae7f HTTP/1.1" 404 4119 "-" "Mozilla/5.0 AppleWebKit/537.36 (KHTML, like Gecko; compatible; GPTBot/1.2; +https://openai.com/gptbot)"
66.29.141.133 - - [17/Jul/2025:09:08:19 -0400] "POST /wp-cron.php?doing_wp_cron=1752757699.8466210365295410156250 HTTP/1.1" 403 1242 "-" "WordPress/6.8.2; https://www.katrynrose.com"
20.171.207.187 - - [17/Jul/2025:09:08:19 -0400] "GET /search.php?zhHant%2Fproduct%2Fsurugaya%2Fm78566033724%3Fcampaign_uid=f64d716db5e979ed2f947dbaf4296895b951ae7f HTTP/1.1" 404 3655 "-" "Mozilla/5.0 AppleWebKit/537.36 (KHTML, like Gecko; compatible; GPTBot/1.2; +https://openai.com/gptbot)"
216.73.216.143 - - [17/Jul/2025:09:08:26 -0400] "GET /de9ca2/?edit=maildirsize&path=%2Fhome%2Fkatmhsmi%2Fmail HTTP/1.1" 200 1165 "-" "Mozilla/5.0 AppleWebKit/537.36 (KHTML, like Gecko; compatible; ClaudeBot/1.0; +claudebot@anthropic.com)"
216.73.216.143 - - [17/Jul/2025:09:08:26 -0400] "GET /de9ca2/?edit=dovecot.index&path=%2Fhome%2Fkatmhsmi%2Fmail HTTP/1.1" 200 978 "-" "Mozilla/5.0 AppleWebKit/537.36 (KHTML, like Gecko; compatible; ClaudeBot/1.0; +claudebot@anthropic.com)"
20.171.207.187 - - [17/Jul/2025:09:08:38 -0400] "GET /search.php?zhHant%2Fproduct%2Fsurugaya%2Fm69163676908%3Fcampaign_uid=f64d716db5e979ed2f947dbaf4296895b951ae7f HTTP/1.1" 404 3655 "-" "Mozilla/5.0 AppleWebKit/537.36 (KHTML, like Gecko; compatible; GPTBot/1.2; +https://openai.com/gptbot)"
20.171.207.214 - - [17/Jul/2025:09:08:58 -0400] "GET /search.php?products/103ji40851 HTTP/1.1" 301 0 "-" "Mozilla/5.0 AppleWebKit/537.36 (KHTML, like Gecko; compatible; GPTBot/1.2; +https://openai.com/gptbot)"
20.171.207.187 - - [17/Jul/2025:09:08:58 -0400] "GET /search.php?zhHant%2Fproduct%2Fsurugaya%2Fm47683943797%3Fcampaign_uid=f64d716db5e979ed2f947dbaf4296895b951ae7f HTTP/1.1" 404 3655 "-" "Mozilla/5.0 AppleWebKit/537.36 (KHTML, like Gecko; compatible; GPTBot/1.2; +https://openai.com/gptbot)"
20.171.207.214 - - [17/Jul/2025:09:08:59 -0400] "GET /search.php?sacred151049934.html HTTP/1.1" 301 0 "-" "Mozilla/5.0 AppleWebKit/537.36 (KHTML, like Gecko; compatible; GPTBot/1.2; +https://openai.com/gptbot)"
20.171.207.214 - - [17/Jul/2025:09:09:01 -0400] "GET /search.php?adolescent072013261.html HTTP/1.1" 301 0 "-" "Mozilla/5.0 AppleWebKit/537.36 (KHTML, like Gecko; compatible; GPTBot/1.2; +https://openai.com/gptbot)"
20.171.207.214 - - [17/Jul/2025:09:09:02 -0400] "GET /search.php?products/199md20297 HTTP/1.1" 301 0 "-" "Mozilla/5.0 AppleWebKit/537.36 (KHTML, like Gecko; compatible; GPTBot/1.2; +https://openai.com/gptbot)"
20.171.207.214 - - [17/Jul/2025:09:09:03 -0400] "GET /search.php?quite072011429.html HTTP/1.1" 301 0 "-" "Mozilla/5.0 AppleWebKit/537.36 (KHTML, like Gecko; compatible; GPTBot/1.2; +https://openai.com/gptbot)"
20.171.207.214 - - [17/Jul/2025:09:09:05 -0400] "GET /search.php?initial072015267.html HTTP/1.1" 301 0 "-" "Mozilla/5.0 AppleWebKit/537.36 (KHTML, like Gecko; compatible; GPTBot/1.2; +https://openai.com/gptbot)"
20.171.207.214 - - [17/Jul/2025:09:09:06 -0400] "GET /search.php?kind072012179.html HTTP/1.1" 301 0 "-" "Mozilla/5.0 AppleWebKit/537.36 (KHTML, like Gecko; compatible; GPTBot/1.2; +https://openai.com/gptbot)"
20.171.207.214 - - [17/Jul/2025:09:09:07 -0400] "GET /search.php?transmission072032593.html HTTP/1.1" 301 0 "-" "Mozilla/5.0 AppleWebKit/537.36 (KHTML, like Gecko; compatible; GPTBot/1.2; +https://openai.com/gptbot)"
20.171.207.214 - - [17/Jul/2025:09:09:08 -0400] "GET /search.php?pole072013257.html HTTP/1.1" 301 0 "-" "Mozilla/5.0 AppleWebKit/537.36 (KHTML, like Gecko; compatible; GPTBot/1.2; +https://openai.com/gptbot)"
20.171.207.187 - - [17/Jul/2025:09:09:14 -0400] "GET /search.php?zhHant%2Fproduct%2Fsurugaya%2Fm91105431401%3Fcampaign_uid=f64d716db5e979ed2f947dbaf4296895b951ae7f HTTP/1.1" 404 3655 "-" "Mozilla/5.0 AppleWebKit/537.36 (KHTML, like Gecko; compatible; GPTBot/1.2; +https://openai.com/gptbot)"
66.29.141.133 - - [17/Jul/2025:09:09:26 -0400] "POST /wp-cron.php?doing_wp_cron=1752757766.1622738838195800781250 HTTP/1.1" 403 1242 "-" "WordPress/6.8.2; https://www.katrynrose.com"
66.249.74.96 - - [17/Jul/2025:09:09:25 -0400] "GET /items/jjxpn237/48129?key=evolution HTTP/1.1" 301 0 "-" "Mozilla/5.0 (Linux; Android 6.0.1; Nexus 5X Build/MMB29P) AppleWebKit/537.36 (KHTML, like Gecko) Chrome/137.0.7151.103 Mobile Safari/537.36 (compatible; Googlebot/2.1; +http://www.google.com/bot.html)"
66.249.65.198 - - [17/Jul/2025:09:09:26 -0400] "GET /items/jjxpn237/48129?key=evolution HTTP/1.1" 404 4529 "-" "Mozilla/5.0 (Linux; Android 6.0.1; Nexus 5X Build/MMB29P) AppleWebKit/537.36 (KHTML, like Gecko) Chrome/137.0.7151.103 Mobile Safari/537.36 (compatible; Googlebot/2.1; +http://www.google.com/bot.html)"
20.171.207.187 - - [17/Jul/2025:09:09:33 -0400] "GET /search.php?zhHant%2Fproduct%2Fsurugaya%2Fm10279677040%3Fcampaign_uid=f64d716db5e979ed2f947dbaf4296895b951ae7f HTTP/1.1" 404 3655 "-" "Mozilla/5.0 AppleWebKit/537.36 (KHTML, like Gecko; compatible; GPTBot/1.2; +https://openai.com/gptbot)"
20.171.207.187 - - [17/Jul/2025:09:09:51 -0400] "GET /search.php?zhHant%2Fproduct%2Fsurugaya%2Fm80833087538%3Fcampaign_uid=f64d716db5e979ed2f947dbaf4296895b951ae7f HTTP/1.1" 404 3655 "-" "Mozilla/5.0 AppleWebKit/537.36 (KHTML, like Gecko; compatible; GPTBot/1.2; +https://openai.com/gptbot)"
20.171.207.187 - - [17/Jul/2025:09:10:10 -0400] "GET /search.php?zhHant%2Fproduct%2Fsurugaya%2Fm25600227090%3Fcampaign_uid=f64d716db5e979ed2f947dbaf4296895b951ae7f HTTP/1.1" 404 3655 "-" "Mozilla/5.0 AppleWebKit/537.36 (KHTML, like Gecko; compatible; GPTBot/1.2; +https://openai.com/gptbot)"
69.197.182.50 - - [17/Jul/2025:09:10:14 -0400] "GET /wp-content/install.php HTTP/1.1" 301 0 "https://katrynrose.com/wp-content/install.php" "Mozilla/5.0 (Windows NT 10.0; Win64; x64) AppleWebKit/537.36 (KHTML, like Gecko) Chrome/58.0.3029.110 Safari/537.3"
66.249.74.110 - - [17/Jul/2025:09:10:16 -0400] "GET /items/pwqow243/27885?key=pale HTTP/1.1" 301 0 "-" "Mozilla/5.0 (Linux; Android 6.0.1; Nexus 5X Build/MMB29P) AppleWebKit/537.36 (KHTML, like Gecko) Chrome/137.0.7151.103 Mobile Safari/537.36 (compatible; Googlebot/2.1; +http://www.google.com/bot.html)"
69.197.182.50 - - [17/Jul/2025:09:10:16 -0400] "GET /wp-content/install.php HTTP/1.1" 404 4119 "https://katrynrose.com/wp-content/install.php" "Mozilla/5.0 (Windows NT 10.0; Win64; x64) AppleWebKit/537.36 (KHTML, like Gecko) Chrome/58.0.3029.110 Safari/537.3"
66.249.65.198 - - [17/Jul/2025:09:10:16 -0400] "GET /items/pwqow243/27885?key=pale HTTP/1.1" 404 4529 "-" "Mozilla/5.0 (Linux; Android 6.0.1; Nexus 5X Build/MMB29P) AppleWebKit/537.36 (KHTML, like Gecko) Chrome/137.0.7151.103 Mobile Safari/537.36 (compatible; Googlebot/2.1; +http://www.google.com/bot.html)"
66.29.141.133 - - [17/Jul/2025:09:10:29 -0400] "POST /wp-cron.php?doing_wp_cron=1752757829.7518579959869384765625 HTTP/1.1" 403 1242 "-" "WordPress/6.8.2; https://www.katrynrose.com"
66.249.74.96 - - [17/Jul/2025:09:10:29 -0400] "GET /items/olcvf205/19487?key=obvious HTTP/1.1" 301 0 "-" "Mozilla/5.0 (Linux; Android 6.0.1; Nexus 5X Build/MMB29P) AppleWebKit/537.36 (KHTML, like Gecko) Chrome/137.0.7151.103 Mobile Safari/537.36 (compatible; Googlebot/2.1; +http://www.google.com/bot.html)"
66.29.141.133 - - [17/Jul/2025:09:10:29 -0400] "POST /wp-cron.php?doing_wp_cron=1752757829.7742331027984619140625 HTTP/1.1" 403 1242 "-" "WordPress/6.8.2; https://www.katrynrose.com"
20.171.207.187 - - [17/Jul/2025:09:10:29 -0400] "GET /search.php?zhHant%2Fproduct%2Fsurugaya%2Fm86695939235%3Fcampaign_uid=f64d716db5e979ed2f947dbaf4296895b951ae7f HTTP/1.1" 404 3655 "-" "Mozilla/5.0 AppleWebKit/537.36 (KHTML, like Gecko; compatible; GPTBot/1.2; +https://openai.com/gptbot)"
66.249.65.196 - - [17/Jul/2025:09:10:29 -0400] "GET /items/olcvf205/19487?key=obvious HTTP/1.1" 404 4529 "-" "Mozilla/5.0 (Linux; Android 6.0.1; Nexus 5X Build/MMB29P) AppleWebKit/537.36 (KHTML, like Gecko) Chrome/137.0.7151.103 Mobile Safari/537.36 (compatible; Googlebot/2.1; +http://www.google.com/bot.html)"
20.171.207.187 - - [17/Jul/2025:09:10:47 -0400] "GET /search.php?zhHant%2Fproduct%2Fsurugaya%2Fm72988704208%3Fcampaign_uid=f64d716db5e979ed2f947dbaf4296895b951ae7f HTTP/1.1" 404 3655 "-" "Mozilla/5.0 AppleWebKit/537.36 (KHTML, like Gecko; compatible; GPTBot/1.2; +https://openai.com/gptbot)"
20.171.207.187 - - [17/Jul/2025:09:11:05 -0400] "GET /search.php?zhHant%2Fproduct%2Fsurugaya%2Fm38610803442%3Fcampaign_uid=f64d716db5e979ed2f947dbaf4296895b951ae7f HTTP/1.1" 404 3655 "-" "Mozilla/5.0 AppleWebKit/537.36 (KHTML, like Gecko; compatible; GPTBot/1.2; +https://openai.com/gptbot)"
66.249.74.97 - - [17/Jul/2025:09:11:15 -0400] "GET /zhHant/product/surugaya/1092743249?campaign_uid=f64d716db5e979ed2f947dbaf4296895b951ae7f HTTP/1.1" 301 0 "-" "Mozilla/5.0 (Linux; Android 6.0.1; Nexus 5X Build/MMB29P) AppleWebKit/537.36 (KHTML, like Gecko) Chrome/137.0.7151.103 Mobile Safari/537.36 (compatible; Googlebot/2.1; +http://www.google.com/bot.html)"
66.249.65.198 - - [17/Jul/2025:09:11:16 -0400] "GET /zhHant/product/surugaya/1092743249?campaign_uid=f64d716db5e979ed2f947dbaf4296895b951ae7f HTTP/1.1" 404 4529 "-" "Mozilla/5.0 (Linux; Android 6.0.1; Nexus 5X Build/MMB29P) AppleWebKit/537.36 (KHTML, like Gecko) Chrome/137.0.7151.103 Mobile Safari/537.36 (compatible; Googlebot/2.1; +http://www.google.com/bot.html)"
20.171.207.187 - - [17/Jul/2025:09:11:23 -0400] "GET /search.php?zhHant%2Fproduct%2Fsurugaya%2Fm49825198602%3Fcampaign_uid=f64d716db5e979ed2f947dbaf4296895b951ae7f HTTP/1.1" 404 4119 "-" "Mozilla/5.0 AppleWebKit/537.36 (KHTML, like Gecko; compatible; GPTBot/1.2; +https://openai.com/gptbot)"
66.29.141.133 - - [17/Jul/2025:09:11:40 -0400] "POST /wp-cron.php?doing_wp_cron=1752757900.1918520927429199218750 HTTP/1.1" 403 1242 "-" "WordPress/6.8.2; https://www.katrynrose.com"
216.73.216.1 - - [17/Jul/2025:09:11:40 -0400] "GET / HTTP/1.1" 301 0 "-" "Mozilla/5.0 AppleWebKit/537.36 (KHTML, like Gecko; compatible; ClaudeBot/1.0; +claudebot@anthropic.com)"
216.73.216.1 - - [17/Jul/2025:09:11:40 -0400] "GET / HTTP/1.1" 200 6845 "https://katrynrose.com/" "Mozilla/5.0 AppleWebKit/537.36 (KHTML, like Gecko; compatible; ClaudeBot/1.0; +claudebot@anthropic.com)"
20.171.207.187 - - [17/Jul/2025:09:11:42 -0400] "GET /search.php?zhHant%2Fproduct%2Fsurugaya%2Fm86468448935%3Fcampaign_uid=f64d716db5e979ed2f947dbaf4296895b951ae7f HTTP/1.1" 404 4119 "-" "Mozilla/5.0 AppleWebKit/537.36 (KHTML, like Gecko; compatible; GPTBot/1.2; +https://openai.com/gptbot)"
66.249.74.96 - - [17/Jul/2025:09:11:50 -0400] "GET /items/wclfh193/34493?key=sales HTTP/1.1" 301 0 "-" "Mozilla/5.0 (Linux; Android 6.0.1; Nexus 5X Build/MMB29P) AppleWebKit/537.36 (KHTML, like Gecko) Chrome/137.0.7151.103 Mobile Safari/537.36 (compatible; Googlebot/2.1; +http://www.google.com/bot.html)"
66.249.65.196 - - [17/Jul/2025:09:11:51 -0400] "GET /items/wclfh193/34493?key=sales HTTP/1.1" 404 4529 "-" "Mozilla/5.0 (Linux; Android 6.0.1; Nexus 5X Build/MMB29P) AppleWebKit/537.36 (KHTML, like Gecko) Chrome/137.0.7151.103 Mobile Safari/537.36 (compatible; Googlebot/2.1; +http://www.google.com/bot.html)"
20.171.207.187 - - [17/Jul/2025:09:12:00 -0400] "GET /search.php?zhHant%2Fproduct%2Fsurugaya%2Fm67343236055%3Fcampaign_uid=f64d716db5e979ed2f947dbaf4296895b951ae7f HTTP/1.1" 404 4119 "-" "Mozilla/5.0 AppleWebKit/537.36 (KHTML, like Gecko; compatible; GPTBot/1.2; +https://openai.com/gptbot)"
208.110.64.178 - - [17/Jul/2025:09:12:13 -0400] "GET /wp-content/install.php HTTP/1.1" 301 0 "https://katrynrose.com/wp-content/install.php" "Mozilla/5.0 (Windows NT 10.0; Win64; x64) AppleWebKit/537.36 (KHTML, like Gecko) Chrome/58.0.3029.110 Safari/537.3"
208.110.64.178 - - [17/Jul/2025:09:12:14 -0400] "GET /wp-content/install.php HTTP/1.1" 404 4119 "https://katrynrose.com/wp-content/install.php" "Mozilla/5.0 (Windows NT 10.0; Win64; x64) AppleWebKit/537.36 (KHTML, like Gecko) Chrome/58.0.3029.110 Safari/537.3"
20.171.207.187 - - [17/Jul/2025:09:12:18 -0400] "GET /search.php?kind072012179.html HTTP/1.1" 404 4119 "-" "Mozilla/5.0 AppleWebKit/537.36 (KHTML, like Gecko; compatible; GPTBot/1.2; +https://openai.com/gptbot)"
20.171.207.187 - - [17/Jul/2025:09:12:36 -0400] "GET /search.php?quite072011429.html HTTP/1.1" 404 3655 "-" "Mozilla/5.0 AppleWebKit/537.36 (KHTML, like Gecko; compatible; GPTBot/1.2; +https://openai.com/gptbot)"
66.29.141.133 - - [17/Jul/2025:09:12:55 -0400] "POST /wp-cron.php?doing_wp_cron=1752757975.8791110515594482421875 HTTP/1.1" 403 1242 "-" "WordPress/6.8.2; https://www.katrynrose.com"
20.171.207.187 - - [17/Jul/2025:09:12:55 -0400] "GET /search.php?pole072013257.html HTTP/1.1" 404 4119 "-" "Mozilla/5.0 AppleWebKit/537.36 (KHTML, like Gecko; compatible; GPTBot/1.2; +https://openai.com/gptbot)"
20.171.207.187 - - [17/Jul/2025:09:13:13 -0400] "GET /search.php?products/199md20297 HTTP/1.1" 404 4119 "-" "Mozilla/5.0 AppleWebKit/537.36 (KHTML, like Gecko; compatible; GPTBot/1.2; +https://openai.com/gptbot)"
20.171.207.187 - - [17/Jul/2025:09:13:32 -0400] "GET /search.php?products/103ji40851 HTTP/1.1" 404 4119 "-" "Mozilla/5.0 AppleWebKit/537.36 (KHTML, like Gecko; compatible; GPTBot/1.2; +https://openai.com/gptbot)"
20.171.207.187 - - [17/Jul/2025:09:13:51 -0400] "GET /search.php?sacred151049934.html HTTP/1.1" 404 3655 "-" "Mozilla/5.0 AppleWebKit/537.36 (KHTML, like Gecko; compatible; GPTBot/1.2; +https://openai.com/gptbot)"
66.29.141.133 - - [17/Jul/2025:09:14:10 -0400] "POST /wp-cron.php?doing_wp_cron=1752758050.8133239746093750000000 HTTP/1.1" 403 1242 "-" "WordPress/6.8.2; https://www.katrynrose.com"
20.171.207.187 - - [17/Jul/2025:09:14:10 -0400] "GET /search.php?initial072015267.html HTTP/1.1" 404 4119 "-" "Mozilla/5.0 AppleWebKit/537.36 (KHTML, like Gecko; compatible; GPTBot/1.2; +https://openai.com/gptbot)"
20.171.207.187 - - [17/Jul/2025:09:14:29 -0400] "GET /search.php?zhHant%2Fproduct%2Fsurugaya%2Fm86896592312%3Fcampaign_uid=f64d716db5e979ed2f947dbaf4296895b951ae7f HTTP/1.1" 404 4119 "-" "Mozilla/5.0 AppleWebKit/537.36 (KHTML, like Gecko; compatible; GPTBot/1.2; +https://openai.com/gptbot)"
20.171.207.187 - - [17/Jul/2025:09:14:48 -0400] "GET /search.php?zhHant%2Fproduct%2Fsurugaya%2Fm56905691783%3Fcampaign_uid=f64d716db5e979ed2f947dbaf4296895b951ae7f HTTP/1.1" 404 3655 "-" "Mozilla/5.0 AppleWebKit/537.36 (KHTML, like Gecko; compatible; GPTBot/1.2; +https://openai.com/gptbot)"
66.249.74.110 - - [17/Jul/2025:09:15:02 -0400] "GET /category/7972/1/listing HTTP/1.1" 301 0 "-" "Mozilla/5.0 (Linux; Android 6.0.1; Nexus 5X Build/MMB29P) AppleWebKit/537.36 (KHTML, like Gecko) Chrome/137.0.7151.103 Mobile Safari/537.36 (compatible; Googlebot/2.1; +http://www.google.com/bot.html)"
66.249.65.196 - - [17/Jul/2025:09:15:02 -0400] "GET /category/7972/1/listing HTTP/1.1" 404 4101 "-" "Mozilla/5.0 (Linux; Android 6.0.1; Nexus 5X Build/MMB29P) AppleWebKit/537.36 (KHTML, like Gecko) Chrome/137.0.7151.103 Mobile Safari/537.36 (compatible; Googlebot/2.1; +http://www.google.com/bot.html)"
20.171.207.187 - - [17/Jul/2025:09:15:06 -0400] "GET /search.php?zhHant%2Fproduct%2Fsurugaya%2Fm65408621648%3Fcampaign_uid=f64d716db5e979ed2f947dbaf4296895b951ae7f HTTP/1.1" 404 4119 "-" "Mozilla/5.0 AppleWebKit/537.36 (KHTML, like Gecko; compatible; GPTBot/1.2; +https://openai.com/gptbot)"
66.29.141.133 - - [17/Jul/2025:09:15:24 -0400] "POST /wp-cron.php?doing_wp_cron=1752758124.4232490062713623046875 HTTP/1.1" 403 1242 "-" "WordPress/6.8.2; https://www.katrynrose.com"
20.171.207.187 - - [17/Jul/2025:09:15:24 -0400] "GET /search.php?zhHant%2Fproduct%2Fsurugaya%2Fm53154132071%3Fcampaign_uid=f64d716db5e979ed2f947dbaf4296895b951ae7f HTTP/1.1" 404 4119 "-" "Mozilla/5.0 AppleWebKit/537.36 (KHTML, like Gecko; compatible; GPTBot/1.2; +https://openai.com/gptbot)"
20.171.207.187 - - [17/Jul/2025:09:15:41 -0400] "GET /search.php?zhHant%2Fproduct%2Fsurugaya%2Fm57976237984%3Fcampaign_uid=f64d716db5e979ed2f947dbaf4296895b951ae7f HTTP/1.1" 404 4119 "-" "Mozilla/5.0 AppleWebKit/537.36 (KHTML, like Gecko; compatible; GPTBot/1.2; +https://openai.com/gptbot)"
51.222.253.14 - - [17/Jul/2025:09:15:49 -0400] "GET /?sitemap216.xml HTTP/1.1" 301 0 "-" "Mozilla/5.0 (compatible; AhrefsBot/7.0; +http://ahrefs.com/robot/)"
51.222.253.14 - - [17/Jul/2025:09:15:50 -0400] "GET /?sitemap216_xml HTTP/1.1" 200 6845 "-" "Mozilla/5.0 (compatible; AhrefsBot/7.0; +http://ahrefs.com/robot/)"
66.249.74.96 - - [17/Jul/2025:09:15:54 -0400] "GET /cue125036496.html HTTP/1.1" 301 0 "-" "Mozilla/5.0 (Linux; Android 6.0.1; Nexus 5X Build/MMB29P) AppleWebKit/537.36 (KHTML, like Gecko) Chrome/137.0.7151.103 Mobile Safari/537.36 (compatible; Googlebot/2.1; +http://www.google.com/bot.html)"
66.249.65.196 - - [17/Jul/2025:09:15:54 -0400] "GET /cue125036496.html HTTP/1.1" 404 4101 "-" "Mozilla/5.0 (Linux; Android 6.0.1; Nexus 5X Build/MMB29P) AppleWebKit/537.36 (KHTML, like Gecko) Chrome/137.0.7151.103 Mobile Safari/537.36 (compatible; Googlebot/2.1; +http://www.google.com/bot.html)"
20.171.207.187 - - [17/Jul/2025:09:16:00 -0400] "GET /search.php?zhHant%2Fproduct%2Fsurugaya%2Fm67709939726%3Fcampaign_uid=f64d716db5e979ed2f947dbaf4296895b951ae7f HTTP/1.1" 404 4119 "-" "Mozilla/5.0 AppleWebKit/537.36 (KHTML, like Gecko; compatible; GPTBot/1.2; +https://openai.com/gptbot)"
20.171.207.187 - - [17/Jul/2025:09:16:19 -0400] "GET /search.php?zhHant%2Fproduct%2Fsurugaya%2Fm75932209949%3Fcampaign_uid=f64d716db5e979ed2f947dbaf4296895b951ae7f HTTP/1.1" 404 3655 "-" "Mozilla/5.0 AppleWebKit/537.36 (KHTML, like Gecko; compatible; GPTBot/1.2; +https://openai.com/gptbot)"
66.29.141.133 - - [17/Jul/2025:09:16:37 -0400] "POST /wp-cron.php?doing_wp_cron=1752758197.8611640930175781250000 HTTP/1.1" 403 1242 "-" "WordPress/6.8.2; https://www.katrynrose.com"
20.171.207.187 - - [17/Jul/2025:09:16:37 -0400] "GET /search.php?zhHant%2Fproduct%2Fsurugaya%2Fm49900725261%3Fcampaign_uid=f64d716db5e979ed2f947dbaf4296895b951ae7f HTTP/1.1" 404 4119 "-" "Mozilla/5.0 AppleWebKit/537.36 (KHTML, like Gecko; compatible; GPTBot/1.2; +https://openai.com/gptbot)"
20.171.207.187 - - [17/Jul/2025:09:16:56 -0400] "GET /search.php?zhHant%2Fproduct%2Fsurugaya%2Fm28571746917%3Fcampaign_uid=f64d716db5e979ed2f947dbaf4296895b951ae7f HTTP/1.1" 404 4119 "-" "Mozilla/5.0 AppleWebKit/537.36 (KHTML, like Gecko; compatible; GPTBot/1.2; +https://openai.com/gptbot)"
20.171.207.187 - - [17/Jul/2025:09:17:15 -0400] "GET /search.php?zhHant%2Fproduct%2Fsurugaya%2Fm25220603283%3Fcampaign_uid=f64d716db5e979ed2f947dbaf4296895b951ae7f HTTP/1.1" 404 4119 "-" "Mozilla/5.0 AppleWebKit/537.36 (KHTML, like Gecko; compatible; GPTBot/1.2; +https://openai.com/gptbot)"
20.171.207.187 - - [17/Jul/2025:09:17:33 -0400] "GET /search.php?zhHant%2Fproduct%2Fsurugaya%2Fm15298867579%3Fcampaign_uid=f64d716db5e979ed2f947dbaf4296895b951ae7f HTTP/1.1" 404 4119 "-" "Mozilla/5.0 AppleWebKit/537.36 (KHTML, like Gecko; compatible; GPTBot/1.2; +https://openai.com/gptbot)"
66.29.141.133 - - [17/Jul/2025:09:17:52 -0400] "POST /wp-cron.php?doing_wp_cron=1752758272.1063830852508544921875 HTTP/1.1" 403 1242 "-" "WordPress/6.8.2; https://www.katrynrose.com"
20.171.207.187 - - [17/Jul/2025:09:17:51 -0400] "GET /search.php?zhHant%2Fproduct%2Fsurugaya%2Fm82084814688%3Fcampaign_uid=f64d716db5e979ed2f947dbaf4296895b951ae7f HTTP/1.1" 404 4101 "-" "Mozilla/5.0 AppleWebKit/537.36 (KHTML, like Gecko; compatible; GPTBot/1.2; +https://openai.com/gptbot)"
20.171.207.187 - - [17/Jul/2025:09:18:09 -0400] "GET /search.php?zhHant%2Fproduct%2Fsurugaya%2Fm96090541692%3Fcampaign_uid=f64d716db5e979ed2f947dbaf4296895b951ae7f HTTP/1.1" 404 3655 "-" "Mozilla/5.0 AppleWebKit/537.36 (KHTML, like Gecko; compatible; GPTBot/1.2; +https://openai.com/gptbot)"
20.171.207.187 - - [17/Jul/2025:09:18:28 -0400] "GET /search.php?zhHant%2Fproduct%2Fsurugaya%2Fm41301562213%3Fcampaign_uid=f64d716db5e979ed2f947dbaf4296895b951ae7f HTTP/1.1" 404 4119 "-" "Mozilla/5.0 AppleWebKit/537.36 (KHTML, like Gecko; compatible; GPTBot/1.2; +https://openai.com/gptbot)"
20.171.207.187 - - [17/Jul/2025:09:18:46 -0400] "GET /search.php?zhHant%2Fproduct%2Fsurugaya%2Fm87486799752%3Fcampaign_uid=f64d716db5e979ed2f947dbaf4296895b951ae7f HTTP/1.1" 404 3655 "-" "Mozilla/5.0 AppleWebKit/537.36 (KHTML, like Gecko; compatible; GPTBot/1.2; +https://openai.com/gptbot)"
66.29.141.133 - - [17/Jul/2025:09:18:54 -0400] "POST /wp-cron.php?doing_wp_cron=1752758334.3834490776062011718750 HTTP/1.1" 403 1242 "-" "WordPress/6.8.2; https://www.katrynrose.com"
69.197.135.226 - - [17/Jul/2025:09:18:54 -0400] "GET /wp-content/install.php HTTP/1.1" 301 0 "https://katrynrose.com/wp-content/install.php" "Mozilla/5.0 (Windows NT 10.0; Win64; x64) AppleWebKit/537.36 (KHTML, like Gecko) Chrome/58.0.3029.110 Safari/537.3"
69.197.135.226 - - [17/Jul/2025:09:18:54 -0400] "GET /wp-content/install.php HTTP/1.1" 404 4119 "https://katrynrose.com/wp-content/install.php" "Mozilla/5.0 (Windows NT 10.0; Win64; x64) AppleWebKit/537.36 (KHTML, like Gecko) Chrome/58.0.3029.110 Safari/537.3"
20.171.207.187 - - [17/Jul/2025:09:19:05 -0400] "GET /search.php?zhHant%2Fproduct%2Fsurugaya%2Fm63313917487%3Fcampaign_uid=f64d716db5e979ed2f947dbaf4296895b951ae7f HTTP/1.1" 404 4119 "-" "Mozilla/5.0 AppleWebKit/537.36 (KHTML, like Gecko; compatible; GPTBot/1.2; +https://openai.com/gptbot)"
66.249.74.97 - - [17/Jul/2025:09:19:05 -0400] "GET /items/iqtbh159/12551?key=TV HTTP/1.1" 301 0 "-" "Mozilla/5.0 (Linux; Android 6.0.1; Nexus 5X Build/MMB29P) AppleWebKit/537.36 (KHTML, like Gecko) Chrome/137.0.7151.103 Mobile Safari/537.36 (compatible; Googlebot/2.1; +http://www.google.com/bot.html)"
66.249.65.197 - - [17/Jul/2025:09:19:05 -0400] "GET /items/iqtbh159/12551?key=TV HTTP/1.1" 404 4529 "-" "Mozilla/5.0 (Linux; Android 6.0.1; Nexus 5X Build/MMB29P) AppleWebKit/537.36 (KHTML, like Gecko) Chrome/137.0.7151.103 Mobile Safari/537.36 (compatible; Googlebot/2.1; +http://www.google.com/bot.html)"
20.171.207.187 - - [17/Jul/2025:09:19:23 -0400] "GET /search.php?zhHant%2Fproduct%2Fsurugaya%2Fm92878343697%3Fcampaign_uid=f64d716db5e979ed2f947dbaf4296895b951ae7f HTTP/1.1" 404 4119 "-" "Mozilla/5.0 AppleWebKit/537.36 (KHTML, like Gecko; compatible; GPTBot/1.2; +https://openai.com/gptbot)"
20.171.207.187 - - [17/Jul/2025:09:19:42 -0400] "GET /search.php?zhHant%2Fproduct%2Fsurugaya%2Fm96518145060%3Fcampaign_uid=f64d716db5e979ed2f947dbaf4296895b951ae7f HTTP/1.1" 404 4119 "-" "Mozilla/5.0 AppleWebKit/537.36 (KHTML, like Gecko; compatible; GPTBot/1.2; +https://openai.com/gptbot)"
66.29.141.133 - - [17/Jul/2025:09:20:01 -0400] "POST /wp-cron.php?doing_wp_cron=1752758401.6207339763641357421875 HTTP/1.1" 403 1242 "-" "WordPress/6.8.2; https://www.katrynrose.com"
20.171.207.187 - - [17/Jul/2025:09:20:01 -0400] "GET /search.php?zhHant%2Fproduct%2Fsurugaya%2Fm78994997849%3Fcampaign_uid=f64d716db5e979ed2f947dbaf4296895b951ae7f HTTP/1.1" 404 3655 "-" "Mozilla/5.0 AppleWebKit/537.36 (KHTML, like Gecko; compatible; GPTBot/1.2; +https://openai.com/gptbot)"
20.171.207.187 - - [17/Jul/2025:09:20:19 -0400] "GET /search.php?zhHant%2Fproduct%2Fsurugaya%2Fm75423120622%3Fcampaign_uid=f64d716db5e979ed2f947dbaf4296895b951ae7f HTTP/1.1" 404 3655 "-" "Mozilla/5.0 AppleWebKit/537.36 (KHTML, like Gecko; compatible; GPTBot/1.2; +https://openai.com/gptbot)"
204.12.252.98 - - [17/Jul/2025:09:20:22 -0400] "GET /wp-content/install.php HTTP/1.1" 301 0 "https://katrynrose.com/wp-content/install.php" "Mozilla/5.0 (Windows NT 10.0; Win64; x64) AppleWebKit/537.36 (KHTML, like Gecko) Chrome/58.0.3029.110 Safari/537.3"
204.12.252.98 - - [17/Jul/2025:09:20:22 -0400] "GET /wp-content/install.php HTTP/1.1" 404 4119 "https://katrynrose.com/wp-content/install.php" "Mozilla/5.0 (Windows NT 10.0; Win64; x64) AppleWebKit/537.36 (KHTML, like Gecko) Chrome/58.0.3029.110 Safari/537.3"
20.171.207.187 - - [17/Jul/2025:09:20:38 -0400] "GET /search.php?zhHant%2Fproduct%2Fsurugaya%2Fm98974292287%3Fcampaign_uid=f64d716db5e979ed2f947dbaf4296895b951ae7f HTTP/1.1" 404 3655 "-" "Mozilla/5.0 AppleWebKit/537.36 (KHTML, like Gecko; compatible; GPTBot/1.2; +https://openai.com/gptbot)"
20.171.207.187 - - [17/Jul/2025:09:20:56 -0400] "GET /search.php?zhHant%2Fproduct%2Fsurugaya%2Fm65187789026%3Fcampaign_uid=f64d716db5e979ed2f947dbaf4296895b951ae7f HTTP/1.1" 404 3655 "-" "Mozilla/5.0 AppleWebKit/537.36 (KHTML, like Gecko; compatible; GPTBot/1.2; +https://openai.com/gptbot)"
66.29.141.133 - - [17/Jul/2025:09:21:14 -0400] "POST /wp-cron.php?doing_wp_cron=1752758474.2425689697265625000000 HTTP/1.1" 403 1242 "-" "WordPress/6.8.2; https://www.katrynrose.com"
20.171.207.187 - - [17/Jul/2025:09:21:14 -0400] "GET /search.php?zhHant%2Fproduct%2Fsurugaya%2Fm53098932541%3Fcampaign_uid=f64d716db5e979ed2f947dbaf4296895b951ae7f HTTP/1.1" 404 3655 "-" "Mozilla/5.0 AppleWebKit/537.36 (KHTML, like Gecko; compatible; GPTBot/1.2; +https://openai.com/gptbot)"
20.171.207.187 - - [17/Jul/2025:09:21:33 -0400] "GET /search.php?zhHant%2Fproduct%2Fsurugaya%2Fm66246590478%3Fcampaign_uid=f64d716db5e979ed2f947dbaf4296895b951ae7f HTTP/1.1" 404 3655 "-" "Mozilla/5.0 AppleWebKit/537.36 (KHTML, like Gecko; compatible; GPTBot/1.2; +https://openai.com/gptbot)"
20.171.207.187 - - [17/Jul/2025:09:21:51 -0400] "GET /search.php?zhHant%2Fproduct%2Fsurugaya%2Fm25428295490%3Fcampaign_uid=f64d716db5e979ed2f947dbaf4296895b951ae7f HTTP/1.1" 404 3655 "-" "Mozilla/5.0 AppleWebKit/537.36 (KHTML, like Gecko; compatible; GPTBot/1.2; +https://openai.com/gptbot)"
20.171.207.187 - - [17/Jul/2025:09:22:09 -0400] "GET /search.php?zhHant%2Fproduct%2Fsurugaya%2Fm62478930597%3Fcampaign_uid=f64d716db5e979ed2f947dbaf4296895b951ae7f HTTP/1.1" 404 3655 "-" "Mozilla/5.0 AppleWebKit/537.36 (KHTML, like Gecko; compatible; GPTBot/1.2; +https://openai.com/gptbot)"
66.29.141.133 - - [17/Jul/2025:09:22:24 -0400] "POST /wp-cron.php?doing_wp_cron=1752758544.1676590442657470703125 HTTP/1.1" 403 1242 "-" "WordPress/6.8.2; https://www.katrynrose.com"
66.249.74.96 - - [17/Jul/2025:09:22:24 -0400] "GET /items/najjl148/2282?key=spy HTTP/1.1" 301 0 "-" "Mozilla/5.0 (Linux; Android 6.0.1; Nexus 5X Build/MMB29P) AppleWebKit/537.36 (KHTML, like Gecko) Chrome/137.0.7151.103 Mobile Safari/537.36 (compatible; Googlebot/2.1; +http://www.google.com/bot.html)"
66.249.65.196 - - [17/Jul/2025:09:22:24 -0400] "GET /items/najjl148/2282?key=spy HTTP/1.1" 404 4529 "-" "Mozilla/5.0 (Linux; Android 6.0.1; Nexus 5X Build/MMB29P) AppleWebKit/537.36 (KHTML, like Gecko) Chrome/137.0.7151.103 Mobile Safari/537.36 (compatible; Googlebot/2.1; +http://www.google.com/bot.html)"
20.171.207.187 - - [17/Jul/2025:09:22:28 -0400] "GET /search.php?zhHant%2Fproduct%2Fsurugaya%2Fm72618208394%3Fcampaign_uid=f64d716db5e979ed2f947dbaf4296895b951ae7f HTTP/1.1" 404 3655 "-" "Mozilla/5.0 AppleWebKit/537.36 (KHTML, like Gecko; compatible; GPTBot/1.2; +https://openai.com/gptbot)"
66.249.74.96 - - [17/Jul/2025:09:22:41 -0400] "GET /translation185042174.html HTTP/1.1" 301 0 "-" "Mozilla/5.0 (Linux; Android 6.0.1; Nexus 5X Build/MMB29P) AppleWebKit/537.36 (KHTML, like Gecko) Chrome/137.0.7151.103 Mobile Safari/537.36 (compatible; Googlebot/2.1; +http://www.google.com/bot.html)"
66.249.65.196 - - [17/Jul/2025:09:22:41 -0400] "GET /translation185042174.html HTTP/1.1" 404 4119 "-" "Mozilla/5.0 (Linux; Android 6.0.1; Nexus 5X Build/MMB29P) AppleWebKit/537.36 (KHTML, like Gecko) Chrome/137.0.7151.103 Mobile Safari/537.36 (compatible; Googlebot/2.1; +http://www.google.com/bot.html)"
20.171.207.187 - - [17/Jul/2025:09:22:47 -0400] "GET /search.php?zhHant%2Fproduct%2Fsurugaya%2Fm96518145060%3Fcampaign_uid=f64d716db5e979ed2f947dbaf4296895b951ae7f HTTP/1.1" 404 3655 "-" "Mozilla/5.0 AppleWebKit/537.36 (KHTML, like Gecko; compatible; GPTBot/1.2; +https://openai.com/gptbot)"
20.171.207.187 - - [17/Jul/2025:09:23:05 -0400] "GET /search.php?zhHant%2Fproduct%2Fsurugaya%2Fm45831466355%3Fcampaign_uid=f64d716db5e979ed2f947dbaf4296895b951ae7f HTTP/1.1" 404 3655 "-" "Mozilla/5.0 AppleWebKit/537.36 (KHTML, like Gecko; compatible; GPTBot/1.2; +https://openai.com/gptbot)"
66.29.141.133 - - [17/Jul/2025:09:23:24 -0400] "POST /wp-cron.php?doing_wp_cron=1752758604.2031760215759277343750 HTTP/1.1" 403 1242 "-" "WordPress/6.8.2; https://www.katrynrose.com"
20.171.207.187 - - [17/Jul/2025:09:23:24 -0400] "GET /search.php?zhHant%2Fproduct%2Fsurugaya%2Fm49197330267%3Fcampaign_uid=f64d716db5e979ed2f947dbaf4296895b951ae7f HTTP/1.1" 404 3655 "-" "Mozilla/5.0 AppleWebKit/537.36 (KHTML, like Gecko; compatible; GPTBot/1.2; +https://openai.com/gptbot)"
20.171.207.187 - - [17/Jul/2025:09:23:42 -0400] "GET /search.php?zhHant%2Fproduct%2Fsurugaya%2Fm58429730457%3Fcampaign_uid=f64d716db5e979ed2f947dbaf4296895b951ae7f HTTP/1.1" 404 4119 "-" "Mozilla/5.0 AppleWebKit/537.36 (KHTML, like Gecko; compatible; GPTBot/1.2; +https://openai.com/gptbot)"
20.171.207.187 - - [17/Jul/2025:09:24:01 -0400] "GET /search.php?zhHant%2Fproduct%2Fsurugaya%2Fm22557983390%3Fcampaign_uid=f64d716db5e979ed2f947dbaf4296895b951ae7f HTTP/1.1" 404 3655 "-" "Mozilla/5.0 AppleWebKit/537.36 (KHTML, like Gecko; compatible; GPTBot/1.2; +https://openai.com/gptbot)"
20.171.207.187 - - [17/Jul/2025:09:24:19 -0400] "GET /search.php?zhHant%2Fproduct%2Fsurugaya%2Fm23186760171%3Fcampaign_uid=f64d716db5e979ed2f947dbaf4296895b951ae7f HTTP/1.1" 404 3655 "-" "Mozilla/5.0 AppleWebKit/537.36 (KHTML, like Gecko; compatible; GPTBot/1.2; +https://openai.com/gptbot)"
51.222.253.13 - - [17/Jul/2025:09:24:25 -0400] "GET /cgi-bin/ HTTP/1.1" 403 1242 "-" "Mozilla/5.0 (compatible; AhrefsBot/7.0; +http://ahrefs.com/robot/)"
66.29.141.133 - - [17/Jul/2025:09:24:39 -0400] "POST /wp-cron.php?doing_wp_cron=1752758679.8018701076507568359375 HTTP/1.1" 403 1242 "-" "WordPress/6.8.2; https://www.katrynrose.com"
20.171.207.187 - - [17/Jul/2025:09:24:39 -0400] "GET /search.php?zhHant%2Fproduct%2Fsurugaya%2Fm15498922141%3Fcampaign_uid=f64d716db5e979ed2f947dbaf4296895b951ae7f HTTP/1.1" 404 3655 "-" "Mozilla/5.0 AppleWebKit/537.36 (KHTML, like Gecko; compatible; GPTBot/1.2; +https://openai.com/gptbot)"
69.197.182.50 - - [17/Jul/2025:09:24:43 -0400] "GET /wp-content/install.php HTTP/1.1" 301 0 "https://katrynrose.com/wp-content/install.php" "Mozilla/5.0 (Windows NT 10.0; Win64; x64) AppleWebKit/537.36 (KHTML, like Gecko) Chrome/58.0.3029.110 Safari/537.3"
69.197.182.50 - - [17/Jul/2025:09:24:44 -0400] "GET /wp-content/install.php HTTP/1.1" 404 4119 "https://katrynrose.com/wp-content/install.php" "Mozilla/5.0 (Windows NT 10.0; Win64; x64) AppleWebKit/537.36 (KHTML, like Gecko) Chrome/58.0.3029.110 Safari/537.3"
20.171.207.187 - - [17/Jul/2025:09:24:55 -0400] "GET /search.php?zhHant%2Fproduct%2Fsurugaya%2Fm84128125040%3Fcampaign_uid=f64d716db5e979ed2f947dbaf4296895b951ae7f HTTP/1.1" 404 3655 "-" "Mozilla/5.0 AppleWebKit/537.36 (KHTML, like Gecko; compatible; GPTBot/1.2; +https://openai.com/gptbot)"
20.171.207.187 - - [17/Jul/2025:09:25:14 -0400] "GET /search.php?zhHant%2Fproduct%2Fsurugaya%2Fm42608109411%3Fcampaign_uid=f64d716db5e979ed2f947dbaf4296895b951ae7f HTTP/1.1" 404 3655 "-" "Mozilla/5.0 AppleWebKit/537.36 (KHTML, like Gecko; compatible; GPTBot/1.2; +https://openai.com/gptbot)"
20.171.207.187 - - [17/Jul/2025:09:25:33 -0400] "GET /search.php?zhHant%2Fproduct%2Fsurugaya%2Fm43065937400%3Fcampaign_uid=f64d716db5e979ed2f947dbaf4296895b951ae7f HTTP/1.1" 404 3655 "-" "Mozilla/5.0 AppleWebKit/537.36 (KHTML, like Gecko; compatible; GPTBot/1.2; +https://openai.com/gptbot)"
66.29.141.133 - - [17/Jul/2025:09:25:41 -0400] "POST /wp-cron.php?doing_wp_cron=1752758741.8801031112670898437500 HTTP/1.1" 403 1242 "-" "WordPress/6.8.2; https://www.katrynrose.com"
66.249.74.97 - - [17/Jul/2025:09:25:41 -0400] "GET /product/edit/z417652968 HTTP/1.1" 301 0 "-" "Mozilla/5.0 (Linux; Android 6.0.1; Nexus 5X Build/MMB29P) AppleWebKit/537.36 (KHTML, like Gecko) Chrome/137.0.7151.103 Mobile Safari/537.36 (compatible; Googlebot/2.1; +http://www.google.com/bot.html)"
66.249.65.198 - - [17/Jul/2025:09:25:42 -0400] "GET /product/edit/z417652968 HTTP/1.1" 404 4529 "-" "Mozilla/5.0 (Linux; Android 6.0.1; Nexus 5X Build/MMB29P) AppleWebKit/537.36 (KHTML, like Gecko) Chrome/137.0.7151.103 Mobile Safari/537.36 (compatible; Googlebot/2.1; +http://www.google.com/bot.html)"
20.171.207.187 - - [17/Jul/2025:09:25:51 -0400] "GET /search.php?zhHant%2Fproduct%2Fsurugaya%2Fm87715098493%3Fcampaign_uid=f64d716db5e979ed2f947dbaf4296895b951ae7f HTTP/1.1" 404 3655 "-" "Mozilla/5.0 AppleWebKit/537.36 (KHTML, like Gecko; compatible; GPTBot/1.2; +https://openai.com/gptbot)"
20.171.207.187 - - [17/Jul/2025:09:26:10 -0400] "GET /search.php?zhHant%2Fproduct%2Fsurugaya%2Fm74362718332%3Fcampaign_uid=f64d716db5e979ed2f947dbaf4296895b951ae7f HTTP/1.1" 404 3655 "-" "Mozilla/5.0 AppleWebKit/537.36 (KHTML, like Gecko; compatible; GPTBot/1.2; +https://openai.com/gptbot)"
20.171.207.187 - - [17/Jul/2025:09:26:28 -0400] "GET /search.php?zhHant%2Fproduct%2Fsurugaya%2Fm84547301634%3Fcampaign_uid=f64d716db5e979ed2f947dbaf4296895b951ae7f HTTP/1.1" 404 3655 "-" "Mozilla/5.0 AppleWebKit/537.36 (KHTML, like Gecko; compatible; GPTBot/1.2; +https://openai.com/gptbot)"
107.20.181.148 - - [17/Jul/2025:09:26:45 -0400] "GET /wp-includes/block-supports/dimensions.php HTTP/1.1" 403 1242 "-" "Mozilla/5.0 AppleWebKit/537.36 (KHTML, like Gecko; compatible; Amazonbot/0.1; +https://developer.amazon.com/support/amazonbot) Chrome/119.0.6045.214 Safari/537.36"
66.29.141.133 - - [17/Jul/2025:09:26:47 -0400] "POST /wp-cron.php?doing_wp_cron=1752758807.5236670970916748046875 HTTP/1.1" 403 1242 "-" "WordPress/6.8.2; https://www.katrynrose.com"
20.171.207.187 - - [17/Jul/2025:09:26:47 -0400] "GET /search.php?zhHant%2Fproduct%2Fsurugaya%2Fm93900812438%3Fcampaign_uid=f64d716db5e979ed2f947dbaf4296895b951ae7f HTTP/1.1" 404 4119 "-" "Mozilla/5.0 AppleWebKit/537.36 (KHTML, like Gecko; compatible; GPTBot/1.2; +https://openai.com/gptbot)"
52.203.152.231 - - [17/Jul/2025:09:26:49 -0400] "GET /wp-adriv/?SD HTTP/1.1" 200 809 "-" "Mozilla/5.0 AppleWebKit/537.36 (KHTML, like Gecko; compatible; Amazonbot/0.1; +https://developer.amazon.com/support/amazonbot) Chrome/119.0.6045.214 Safari/537.36"
18.211.39.188 - - [17/Jul/2025:09:26:53 -0400] "GET /wp-includes/customize/class-wp-customize-new-menu-section.php HTTP/1.1" 403 1242 "-" "Mozilla/5.0 AppleWebKit/537.36 (KHTML, like Gecko; compatible; Amazonbot/0.1; +https://developer.amazon.com/support/amazonbot) Chrome/119.0.6045.214 Safari/537.36"
66.249.74.97 - - [17/Jul/2025:09:26:54 -0400] "GET /items/tsscm277/19355?key=training HTTP/1.1" 301 0 "-" "Mozilla/5.0 (Linux; Android 6.0.1; Nexus 5X Build/MMB29P) AppleWebKit/537.36 (KHTML, like Gecko) Chrome/137.0.7151.103 Mobile Safari/537.36 (compatible; Googlebot/2.1; +http://www.google.com/bot.html)"
66.249.65.196 - - [17/Jul/2025:09:26:55 -0400] "GET /items/tsscm277/19355?key=training HTTP/1.1" 404 4529 "-" "Mozilla/5.0 (Linux; Android 6.0.1; Nexus 5X Build/MMB29P) AppleWebKit/537.36 (KHTML, like Gecko) Chrome/137.0.7151.103 Mobile Safari/537.36 (compatible; Googlebot/2.1; +http://www.google.com/bot.html)"
98.83.8.142 - - [17/Jul/2025:09:26:57 -0400] "GET /wp-includes/template.php HTTP/1.1" 403 1242 "-" "Mozilla/5.0 AppleWebKit/537.36 (KHTML, like Gecko; compatible; Amazonbot/0.1; +https://developer.amazon.com/support/amazonbot) Chrome/119.0.6045.214 Safari/537.36"
44.221.227.90 - - [17/Jul/2025:09:27:01 -0400] "GET /wp-includes/class-wp-network-query.php HTTP/1.1" 403 1242 "-" "Mozilla/5.0 AppleWebKit/537.36 (KHTML, like Gecko; compatible; Amazonbot/0.1; +https://developer.amazon.com/support/amazonbot) Chrome/119.0.6045.214 Safari/537.36"
34.234.200.207 - - [17/Jul/2025:09:27:05 -0400] "GET /wp-includes/php-compat/?MA HTTP/1.1" 200 785 "-" "Mozilla/5.0 AppleWebKit/537.36 (KHTML, like Gecko; compatible; Amazonbot/0.1; +https://developer.amazon.com/support/amazonbot) Chrome/119.0.6045.214 Safari/537.36"
20.171.207.187 - - [17/Jul/2025:09:27:06 -0400] "GET /search.php?zhHant%2Fproduct%2Fsurugaya%2Fm25489206733%3Fcampaign_uid=f64d716db5e979ed2f947dbaf4296895b951ae7f HTTP/1.1" 404 3655 "-" "Mozilla/5.0 AppleWebKit/537.36 (KHTML, like Gecko; compatible; GPTBot/1.2; +https://openai.com/gptbot)"
54.235.125.129 - - [17/Jul/2025:09:27:09 -0400] "GET /wp-includes/ID3/module.tag.id3v1.php HTTP/1.1" 403 1242 "-" "Mozilla/5.0 AppleWebKit/537.36 (KHTML, like Gecko; compatible; Amazonbot/0.1; +https://developer.amazon.com/support/amazonbot) Chrome/119.0.6045.214 Safari/537.36"
100.29.107.38 - - [17/Jul/2025:09:27:13 -0400] "GET /wp-includes/js/dist/ HTTP/1.1" 200 4622 "-" "Mozilla/5.0 AppleWebKit/537.36 (KHTML, like Gecko; compatible; Amazonbot/0.1; +https://developer.amazon.com/support/amazonbot) Chrome/119.0.6045.214 Safari/537.36"
66.249.74.110 - - [17/Jul/2025:09:27:14 -0400] "GET /forth039048658.html HTTP/1.1" 301 0 "-" "Mozilla/5.0 (Linux; Android 6.0.1; Nexus 5X Build/MMB29P) AppleWebKit/537.36 (KHTML, like Gecko) Chrome/137.0.7151.103 Mobile Safari/537.36 (compatible; Googlebot/2.1; +http://www.google.com/bot.html)"
66.249.65.196 - - [17/Jul/2025:09:27:14 -0400] "GET /forth039048658.html HTTP/1.1" 404 4119 "-" "Mozilla/5.0 (Linux; Android 6.0.1; Nexus 5X Build/MMB29P) AppleWebKit/537.36 (KHTML, like Gecko) Chrome/137.0.7151.103 Mobile Safari/537.36 (compatible; Googlebot/2.1; +http://www.google.com/bot.html)"
34.234.200.207 - - [17/Jul/2025:09:27:17 -0400] "GET /de9ca2/?edit=.litespeed_flag&path=/home/katmhsmi/katrynrose.com HTTP/1.1" 200 1585 "-" "Mozilla/5.0 AppleWebKit/537.36 (KHTML, like Gecko; compatible; Amazonbot/0.1; +https://developer.amazon.com/support/amazonbot) Chrome/119.0.6045.214 Safari/537.36"
20.171.207.187 - - [17/Jul/2025:09:27:25 -0400] "GET /search.php?zhHant%2Fproduct%2Fsurugaya%2Fm98651002437%3Fcampaign_uid=f64d716db5e979ed2f947dbaf4296895b951ae7f HTTP/1.1" 404 3655 "-" "Mozilla/5.0 AppleWebKit/537.36 (KHTML, like Gecko; compatible; GPTBot/1.2; +https://openai.com/gptbot)"
20.171.207.187 - - [17/Jul/2025:09:27:43 -0400] "GET /search.php?zhHant%2Fproduct%2Fsurugaya%2Fm55841439180%3Fcampaign_uid=f64d716db5e979ed2f947dbaf4296895b951ae7f HTTP/1.1" 404 4101 "-" "Mozilla/5.0 AppleWebKit/537.36 (KHTML, like Gecko; compatible; GPTBot/1.2; +https://openai.com/gptbot)"
66.29.141.133 - - [17/Jul/2025:09:28:02 -0400] "POST /wp-cron.php?doing_wp_cron=1752758882.3010509014129638671875 HTTP/1.1" 403 1242 "-" "WordPress/6.8.2; https://www.katrynrose.com"
20.171.207.187 - - [17/Jul/2025:09:28:02 -0400] "GET /search.php?zhHant%2Fproduct%2Fsurugaya%2Fm31902180681%3Fcampaign_uid=f64d716db5e979ed2f947dbaf4296895b951ae7f HTTP/1.1" 404 3655 "-" "Mozilla/5.0 AppleWebKit/537.36 (KHTML, like Gecko; compatible; GPTBot/1.2; +https://openai.com/gptbot)"
20.171.207.187 - - [17/Jul/2025:09:28:19 -0400] "GET /search.php?zhHant%2Fproduct%2Fsurugaya%2Fm99097943872%3Fcampaign_uid=f64d716db5e979ed2f947dbaf4296895b951ae7f HTTP/1.1" 404 3655 "-" "Mozilla/5.0 AppleWebKit/537.36 (KHTML, like Gecko; compatible; GPTBot/1.2; +https://openai.com/gptbot)"
208.110.64.178 - - [17/Jul/2025:09:28:33 -0400] "GET /wp-content/install.php HTTP/1.1" 301 0 "https://katrynrose.com/wp-content/install.php" "Mozilla/5.0 (Windows NT 10.0; Win64; x64) AppleWebKit/537.36 (KHTML, like Gecko) Chrome/58.0.3029.110 Safari/537.3"
