20.171.207.187 - - [17/Jul/2025:10:39:20 -0400] "GET /search.php?zhHant%2Fproduct%2Fsurugaya%2Fm17312355629%3Fcampaign_uid=f64d716db5e979ed2f947dbaf4296895b951ae7f HTTP/1.1" 404 3655 "-" "Mozilla/5.0 AppleWebKit/537.36 (KHTML, like Gecko; compatible; GPTBot/1.2; +https://openai.com/gptbot)"
20.171.207.187 - - [17/Jul/2025:10:39:37 -0400] "GET /search.php?zhHant%2Fproduct%2Fsurugaya%2Fm81013427417%3Fcampaign_uid=f64d716db5e979ed2f947dbaf4296895b951ae7f HTTP/1.1" 404 3655 "-" "Mozilla/5.0 AppleWebKit/537.36 (KHTML, like Gecko; compatible; GPTBot/1.2; +https://openai.com/gptbot)"
20.171.207.187 - - [17/Jul/2025:10:39:57 -0400] "GET /search.php?zhHant%2Fproduct%2Fsurugaya%2Fm35044030747%3Fcampaign_uid=f64d716db5e979ed2f947dbaf4296895b951ae7f HTTP/1.1" 404 3655 "-" "Mozilla/5.0 AppleWebKit/537.36 (KHTML, like Gecko; compatible; GPTBot/1.2; +https://openai.com/gptbot)"
20.171.207.187 - - [17/Jul/2025:10:40:15 -0400] "GET /search.php?zhHant%2Fproduct%2Fsurugaya%2Fm67192186865%3Fcampaign_uid=f64d716db5e979ed2f947dbaf4296895b951ae7f HTTP/1.1" 404 4119 "-" "Mozilla/5.0 AppleWebKit/537.36 (KHTML, like Gecko; compatible; GPTBot/1.2; +https://openai.com/gptbot)"
66.29.141.133 - - [17/Jul/2025:10:40:34 -0400] "POST /wp-cron.php?doing_wp_cron=1752763234.5944840908050537109375 HTTP/1.1" 403 1242 "-" "WordPress/6.8.2; https://www.katrynrose.com"
20.171.207.187 - - [17/Jul/2025:10:40:34 -0400] "GET /search.php?zhHant%2Fproduct%2Fsurugaya%2Fm88397090572%3Fcampaign_uid=f64d716db5e979ed2f947dbaf4296895b951ae7f HTTP/1.1" 404 4119 "-" "Mozilla/5.0 AppleWebKit/537.36 (KHTML, like Gecko; compatible; GPTBot/1.2; +https://openai.com/gptbot)"
20.171.207.187 - - [17/Jul/2025:10:40:51 -0400] "GET /search.php?zhHant%2Fproduct%2Fsurugaya%2Fm21896724316%3Fcampaign_uid=f64d716db5e979ed2f947dbaf4296895b951ae7f HTTP/1.1" 404 4119 "-" "Mozilla/5.0 AppleWebKit/537.36 (KHTML, like Gecko; compatible; GPTBot/1.2; +https://openai.com/gptbot)"
69.197.135.226 - - [17/Jul/2025:10:41:01 -0400] "GET /wp-content/install.php HTTP/1.1" 301 0 "https://katrynrose.com/wp-content/install.php" "Mozilla/5.0 (Windows NT 10.0; Win64; x64) AppleWebKit/537.36 (KHTML, like Gecko) Chrome/58.0.3029.110 Safari/537.3"
69.197.135.226 - - [17/Jul/2025:10:41:01 -0400] "GET /wp-content/install.php HTTP/1.1" 404 4119 "https://katrynrose.com/wp-content/install.php" "Mozilla/5.0 (Windows NT 10.0; Win64; x64) AppleWebKit/537.36 (KHTML, like Gecko) Chrome/58.0.3029.110 Safari/537.3"
20.171.207.187 - - [17/Jul/2025:10:41:09 -0400] "GET /search.php?zhHant%2Fproduct%2Fsurugaya%2Fm69589118877%3Fcampaign_uid=f64d716db5e979ed2f947dbaf4296895b951ae7f HTTP/1.1" 404 4119 "-" "Mozilla/5.0 AppleWebKit/537.36 (KHTML, like Gecko; compatible; GPTBot/1.2; +https://openai.com/gptbot)"
20.171.207.187 - - [17/Jul/2025:10:41:27 -0400] "GET /search.php?zhHant%2Fproduct%2Fsurugaya%2Fm36118182979%3Fcampaign_uid=f64d716db5e979ed2f947dbaf4296895b951ae7f HTTP/1.1" 404 3655 "-" "Mozilla/5.0 AppleWebKit/537.36 (KHTML, like Gecko; compatible; GPTBot/1.2; +https://openai.com/gptbot)"
66.29.141.133 - - [17/Jul/2025:10:41:45 -0400] "POST /wp-cron.php?doing_wp_cron=1752763305.9235830307006835937500 HTTP/1.1" 403 1242 "-" "WordPress/6.8.2; https://www.katrynrose.com"
20.171.207.187 - - [17/Jul/2025:10:41:45 -0400] "GET /search.php?zhHant%2Fproduct%2Fsurugaya%2Fm91619810562%3Fcampaign_uid=f64d716db5e979ed2f947dbaf4296895b951ae7f HTTP/1.1" 404 3655 "-" "Mozilla/5.0 AppleWebKit/537.36 (KHTML, like Gecko; compatible; GPTBot/1.2; +https://openai.com/gptbot)"
20.171.207.187 - - [17/Jul/2025:10:42:03 -0400] "GET /search.php?zhHant%2Fproduct%2Fsurugaya%2Fm42486785523%3Fcampaign_uid=f64d716db5e979ed2f947dbaf4296895b951ae7f HTTP/1.1" 404 3655 "-" "Mozilla/5.0 AppleWebKit/537.36 (KHTML, like Gecko; compatible; GPTBot/1.2; +https://openai.com/gptbot)"
20.171.207.187 - - [17/Jul/2025:10:42:21 -0400] "GET /search.php?zhHant%2Fproduct%2Fsurugaya%2Fm21890136167%3Fcampaign_uid=f64d716db5e979ed2f947dbaf4296895b951ae7f HTTP/1.1" 404 4119 "-" "Mozilla/5.0 AppleWebKit/537.36 (KHTML, like Gecko; compatible; GPTBot/1.2; +https://openai.com/gptbot)"
20.171.207.187 - - [17/Jul/2025:10:42:39 -0400] "GET /search.php?zhHant%2Fproduct%2Fsurugaya%2Fm31653083270%3Fcampaign_uid=f64d716db5e979ed2f947dbaf4296895b951ae7f HTTP/1.1" 404 3655 "-" "Mozilla/5.0 AppleWebKit/537.36 (KHTML, like Gecko; compatible; GPTBot/1.2; +https://openai.com/gptbot)"
66.29.141.133 - - [17/Jul/2025:10:42:58 -0400] "POST /wp-cron.php?doing_wp_cron=1752763378.5303239822387695312500 HTTP/1.1" 403 1242 "-" "WordPress/6.8.2; https://www.katrynrose.com"
20.171.207.187 - - [17/Jul/2025:10:42:58 -0400] "GET /search.php?zhHant%2Fproduct%2Fsurugaya%2Fm83830521973%3Fcampaign_uid=f64d716db5e979ed2f947dbaf4296895b951ae7f HTTP/1.1" 404 3655 "-" "Mozilla/5.0 AppleWebKit/537.36 (KHTML, like Gecko; compatible; GPTBot/1.2; +https://openai.com/gptbot)"
20.171.207.187 - - [17/Jul/2025:10:43:17 -0400] "GET /search.php?zhHant%2Fproduct%2Fsurugaya%2Fm18990954948%3Fcampaign_uid=f64d716db5e979ed2f947dbaf4296895b951ae7f HTTP/1.1" 404 3655 "-" "Mozilla/5.0 AppleWebKit/537.36 (KHTML, like Gecko; compatible; GPTBot/1.2; +https://openai.com/gptbot)"
20.171.207.187 - - [17/Jul/2025:10:43:35 -0400] "GET /search.php?zhHant%2Fproduct%2Fsurugaya%2Fm32039247104%3Fcampaign_uid=f64d716db5e979ed2f947dbaf4296895b951ae7f HTTP/1.1" 404 3655 "-" "Mozilla/5.0 AppleWebKit/537.36 (KHTML, like Gecko; compatible; GPTBot/1.2; +https://openai.com/gptbot)"
20.171.207.187 - - [17/Jul/2025:10:43:54 -0400] "GET /search.php?zhHant%2Fproduct%2Fsurugaya%2Fm59442180015%3Fcampaign_uid=f64d716db5e979ed2f947dbaf4296895b951ae7f HTTP/1.1" 404 4119 "-" "Mozilla/5.0 AppleWebKit/537.36 (KHTML, like Gecko; compatible; GPTBot/1.2; +https://openai.com/gptbot)"
66.29.141.133 - - [17/Jul/2025:10:44:01 -0400] "POST /wp-cron.php?doing_wp_cron=1752763440.9912989139556884765625 HTTP/1.1" 403 1242 "-" "WordPress/6.8.2; https://www.katrynrose.com"
66.249.74.97 - - [17/Jul/2025:10:44:00 -0400] "GET /complaint265033314.html HTTP/1.1" 301 0 "-" "Mozilla/5.0 (Linux; Android 6.0.1; Nexus 5X Build/MMB29P) AppleWebKit/537.36 (KHTML, like Gecko) Chrome/137.0.7151.103 Mobile Safari/537.36 (compatible; Googlebot/2.1; +http://www.google.com/bot.html)"
66.249.65.198 - - [17/Jul/2025:10:44:01 -0400] "GET /complaint265033314.html HTTP/1.1" 404 4119 "-" "Mozilla/5.0 (Linux; Android 6.0.1; Nexus 5X Build/MMB29P) AppleWebKit/537.36 (KHTML, like Gecko) Chrome/137.0.7151.103 Mobile Safari/537.36 (compatible; Googlebot/2.1; +http://www.google.com/bot.html)"
204.12.252.98 - - [17/Jul/2025:10:44:03 -0400] "GET /wp-content/install.php HTTP/1.1" 301 0 "https://katrynrose.com/wp-content/install.php" "Mozilla/5.0 (Windows NT 10.0; Win64; x64) AppleWebKit/537.36 (KHTML, like Gecko) Chrome/58.0.3029.110 Safari/537.3"
204.12.252.98 - - [17/Jul/2025:10:44:03 -0400] "GET /wp-content/install.php HTTP/1.1" 404 4119 "https://katrynrose.com/wp-content/install.php" "Mozilla/5.0 (Windows NT 10.0; Win64; x64) AppleWebKit/537.36 (KHTML, like Gecko) Chrome/58.0.3029.110 Safari/537.3"
20.171.207.187 - - [17/Jul/2025:10:44:12 -0400] "GET /search.php?zhHant%2Fproduct%2Fsurugaya%2Fm34736744187%3Fcampaign_uid=f64d716db5e979ed2f947dbaf4296895b951ae7f HTTP/1.1" 404 3655 "-" "Mozilla/5.0 AppleWebKit/537.36 (KHTML, like Gecko; compatible; GPTBot/1.2; +https://openai.com/gptbot)"
44.205.192.249 - - [17/Jul/2025:10:44:17 -0400] "GET /wp-includes/html-api/class-wp-html-open-elements.php HTTP/1.1" 403 1242 "-" "Mozilla/5.0 AppleWebKit/537.36 (KHTML, like Gecko; compatible; Amazonbot/0.1; +https://developer.amazon.com/support/amazonbot) Chrome/119.0.6045.214 Safari/537.36"
100.29.128.75 - - [17/Jul/2025:10:44:21 -0400] "GET /wp-includes/class-walker-nav-menu.php HTTP/1.1" 403 1242 "-" "Mozilla/5.0 AppleWebKit/537.36 (KHTML, like Gecko; compatible; Amazonbot/0.1; +https://developer.amazon.com/support/amazonbot) Chrome/119.0.6045.214 Safari/537.36"
44.205.120.22 - - [17/Jul/2025:10:44:25 -0400] "GET /wp-includes/ID3/module.audio-video.quicktime.php HTTP/1.1" 403 1242 "-" "Mozilla/5.0 AppleWebKit/537.36 (KHTML, like Gecko; compatible; Amazonbot/0.1; +https://developer.amazon.com/support/amazonbot) Chrome/119.0.6045.214 Safari/537.36"
18.215.49.176 - - [17/Jul/2025:10:44:29 -0400] "GET /wp-includes/widgets/class-wp-widget-meta.php HTTP/1.1" 403 1242 "-" "Mozilla/5.0 AppleWebKit/537.36 (KHTML, like Gecko; compatible; Amazonbot/0.1; +https://developer.amazon.com/support/amazonbot) Chrome/119.0.6045.214 Safari/537.36"
54.225.148.123 - - [17/Jul/2025:10:44:33 -0400] "GET /wp-includes/class-walker-category-dropdown.php HTTP/1.1" 403 1242 "-" "Mozilla/5.0 AppleWebKit/537.36 (KHTML, like Gecko; compatible; Amazonbot/0.1; +https://developer.amazon.com/support/amazonbot) Chrome/119.0.6045.214 Safari/537.36"
44.221.180.179 - - [17/Jul/2025:10:44:37 -0400] "GET /wp-includes/class-wp-recovery-mode-key-service.php HTTP/1.1" 403 1242 "-" "Mozilla/5.0 AppleWebKit/537.36 (KHTML, like Gecko; compatible; Amazonbot/0.1; +https://developer.amazon.com/support/amazonbot) Chrome/119.0.6045.214 Safari/537.36"
100.29.128.75 - - [17/Jul/2025:10:44:41 -0400] "GET /wp-includes/widgets/class-wp-widget-search.php HTTP/1.1" 403 1242 "-" "Mozilla/5.0 AppleWebKit/537.36 (KHTML, like Gecko; compatible; Amazonbot/0.1; +https://developer.amazon.com/support/amazonbot) Chrome/119.0.6045.214 Safari/537.36"
52.4.229.9 - - [17/Jul/2025:10:44:45 -0400] "GET /wp-includes/class-wp-recovery-mode-cookie-service.php HTTP/1.1" 403 1242 "-" "Mozilla/5.0 AppleWebKit/537.36 (KHTML, like Gecko; compatible; Amazonbot/0.1; +https://developer.amazon.com/support/amazonbot) Chrome/119.0.6045.214 Safari/537.36"
3.211.181.86 - - [17/Jul/2025:10:44:49 -0400] "GET /de9ca2/?path=/home/katmhsmi/.. HTTP/1.1" 200 674 "-" "Mozilla/5.0 AppleWebKit/537.36 (KHTML, like Gecko; compatible; Amazonbot/0.1; +https://developer.amazon.com/support/amazonbot) Chrome/119.0.6045.214 Safari/537.36"
54.88.84.219 - - [17/Jul/2025:10:44:53 -0400] "GET /wp-includes/class-wp-dependencies.php HTTP/1.1" 403 1242 "-" "Mozilla/5.0 AppleWebKit/537.36 (KHTML, like Gecko; compatible; Amazonbot/0.1; +https://developer.amazon.com/support/amazonbot) Chrome/119.0.6045.214 Safari/537.36"
52.3.127.170 - - [17/Jul/2025:10:44:57 -0400] "GET /wp-includes/IXR/class-IXR-error.php HTTP/1.1" 403 1242 "-" "Mozilla/5.0 AppleWebKit/537.36 (KHTML, like Gecko; compatible; Amazonbot/0.1; +https://developer.amazon.com/support/amazonbot) Chrome/119.0.6045.214 Safari/537.36"
3.94.156.104 - - [17/Jul/2025:10:45:01 -0400] "GET /wp-includes/IXR/class-IXR-request.php HTTP/1.1" 403 1242 "-" "Mozilla/5.0 AppleWebKit/537.36 (KHTML, like Gecko; compatible; Amazonbot/0.1; +https://developer.amazon.com/support/amazonbot) Chrome/119.0.6045.214 Safari/537.36"
54.159.18.27 - - [17/Jul/2025:10:45:05 -0400] "GET /de9ca2/?edit=robots.txt&path=/home/katmhsmi/katrynrose.com HTTP/1.1" 200 1499 "-" "Mozilla/5.0 AppleWebKit/537.36 (KHTML, like Gecko; compatible; Amazonbot/0.1; +https://developer.amazon.com/support/amazonbot) Chrome/119.0.6045.214 Safari/537.36"
54.225.148.123 - - [17/Jul/2025:10:45:10 -0400] "GET /de9ca2/?edit=.myimunify_id&path=/home/katmhsmi HTTP/1.1" 200 1452 "-" "Mozilla/5.0 AppleWebKit/537.36 (KHTML, like Gecko; compatible; Amazonbot/0.1; +https://developer.amazon.com/support/amazonbot) Chrome/119.0.6045.214 Safari/537.36"
66.29.141.133 - - [17/Jul/2025:10:46:25 -0400] "POST /wp-cron.php?doing_wp_cron=1752763585.1036291122436523437500 HTTP/1.1" 403 1242 "-" "WordPress/6.8.2; https://www.katrynrose.com"
66.249.74.110 - - [17/Jul/2025:10:46:24 -0400] "GET /utilize236013793.html HTTP/1.1" 301 0 "-" "Mozilla/5.0 (Linux; Android 6.0.1; Nexus 5X Build/MMB29P) AppleWebKit/537.36 (KHTML, like Gecko) Chrome/137.0.7151.103 Mobile Safari/537.36 (compatible; Googlebot/2.1; +http://www.google.com/bot.html)"
66.249.65.196 - - [17/Jul/2025:10:46:25 -0400] "GET /utilize236013793.html HTTP/1.1" 404 4119 "-" "Mozilla/5.0 (Linux; Android 6.0.1; Nexus 5X Build/MMB29P) AppleWebKit/537.36 (KHTML, like Gecko) Chrome/137.0.7151.103 Mobile Safari/537.36 (compatible; Googlebot/2.1; +http://www.google.com/bot.html)"
51.222.253.1 - - [17/Jul/2025:10:47:19 -0400] "GET /wp-cron.php HTTP/1.1" 403 1242 "-" "Mozilla/5.0 (compatible; AhrefsBot/7.0; +http://ahrefs.com/robot/)"
66.29.141.133 - - [17/Jul/2025:10:48:36 -0400] "POST /wp-cron.php?doing_wp_cron=1752763716.3659470081329345703125 HTTP/1.1" 403 1242 "-" "WordPress/6.8.2; https://www.katrynrose.com"
125.94.144.102 - - [17/Jul/2025:10:48:34 -0400] "GET / HTTP/1.1" 200 7651 "http://www.katrynrose.com" "Mozilla/5.0 (iPhone; CPU iPhone OS 13_2_3 like Mac OS X) AppleWebKit/605.1.15 (KHTML, like Gecko) Version/13.0.3 Mobile/15E148 Safari/604.1"
66.29.141.133 - - [17/Jul/2025:10:52:17 -0400] "POST /wp-cron.php?doing_wp_cron=1752763937.0115818977355957031250 HTTP/1.1" 403 1242 "-" "WordPress/6.8.2; https://www.katrynrose.com"
69.197.182.50 - - [17/Jul/2025:10:52:15 -0400] "GET /wp-content/install.php HTTP/1.1" 301 0 "https://katrynrose.com/wp-content/install.php" "Mozilla/5.0 (Windows NT 10.0; Win64; x64) AppleWebKit/537.36 (KHTML, like Gecko) Chrome/58.0.3029.110 Safari/537.3"
69.197.182.50 - - [17/Jul/2025:10:52:17 -0400] "GET /wp-content/install.php HTTP/1.1" 404 4119 "https://katrynrose.com/wp-content/install.php" "Mozilla/5.0 (Windows NT 10.0; Win64; x64) AppleWebKit/537.36 (KHTML, like Gecko) Chrome/58.0.3029.110 Safari/537.3"
216.73.216.1 - - [17/Jul/2025:10:54:04 -0400] "GET /robots.txt HTTP/1.1" 200 106 "-" "Mozilla/5.0 AppleWebKit/537.36 (KHTML, like Gecko; compatible; ClaudeBot/1.0; +claudebot@anthropic.com)"
66.29.141.133 - - [17/Jul/2025:10:54:05 -0400] "POST /wp-cron.php?doing_wp_cron=1752764045.6182129383087158203125 HTTP/1.1" 403 1242 "-" "WordPress/6.8.2; https://www.katrynrose.com"
216.73.216.1 - - [17/Jul/2025:10:54:04 -0400] "GET / HTTP/1.1" 301 0 "-" "Mozilla/5.0 AppleWebKit/537.36 (KHTML, like Gecko; compatible; ClaudeBot/1.0; +claudebot@anthropic.com)"
216.73.216.1 - - [17/Jul/2025:10:54:06 -0400] "GET / HTTP/1.1" 200 6845 "https://katrynrose.com/" "Mozilla/5.0 AppleWebKit/537.36 (KHTML, like Gecko; compatible; ClaudeBot/1.0; +claudebot@anthropic.com)"
66.249.74.97 - - [17/Jul/2025:10:55:00 -0400] "GET /thereby126027929.html HTTP/1.1" 301 0 "-" "Mozilla/5.0 (Linux; Android 6.0.1; Nexus 5X Build/MMB29P) AppleWebKit/537.36 (KHTML, like Gecko) Chrome/137.0.7151.103 Mobile Safari/537.36 (compatible; Googlebot/2.1; +http://www.google.com/bot.html)"
66.249.65.198 - - [17/Jul/2025:10:55:00 -0400] "GET /thereby126027929.html HTTP/1.1" 404 4119 "-" "Mozilla/5.0 (Linux; Android 6.0.1; Nexus 5X Build/MMB29P) AppleWebKit/537.36 (KHTML, like Gecko) Chrome/137.0.7151.103 Mobile Safari/537.36 (compatible; Googlebot/2.1; +http://www.google.com/bot.html)"
216.73.216.143 - - [17/Jul/2025:10:56:06 -0400] "GET /wp-includes/js/tinymce/themes/modern/theme.min.js HTTP/1.1" 200 39566 "-" "Mozilla/5.0 AppleWebKit/537.36 (KHTML, like Gecko; compatible; ClaudeBot/1.0; +claudebot@anthropic.com)"
4.227.36.94 - - [17/Jul/2025:10:56:15 -0400] "GET /robots.txt HTTP/1.1" 200 106 "-" "Mozilla/5.0 AppleWebKit/537.36 (KHTML, like Gecko; compatible; GPTBot/1.2; +https://openai.com/gptbot)"
100.28.49.152 - - [17/Jul/2025:10:56:25 -0400] "GET /wp-includes/class-wp-customize-nav-menus.php HTTP/1.1" 403 1242 "-" "Mozilla/5.0 AppleWebKit/537.36 (KHTML, like Gecko; compatible; Amazonbot/0.1; +https://developer.amazon.com/support/amazonbot) Chrome/119.0.6045.214 Safari/537.36"
20.171.207.162 - - [17/Jul/2025:10:56:26 -0400] "GET /de9ca2/?edit=install.xml&path=%2Fvar%2Fsoftaculous%2Fluxcal HTTP/1.1" 200 1318 "-" "Mozilla/5.0 AppleWebKit/537.36 (KHTML, like Gecko; compatible; GPTBot/1.2; +https://openai.com/gptbot)"
54.225.81.20 - - [17/Jul/2025:10:56:29 -0400] "GET /wp-includes/vars.php HTTP/1.1" 403 1242 "-" "Mozilla/5.0 AppleWebKit/537.36 (KHTML, like Gecko; compatible; Amazonbot/0.1; +https://developer.amazon.com/support/amazonbot) Chrome/119.0.6045.214 Safari/537.36"
66.29.141.133 - - [17/Jul/2025:10:56:30 -0400] "POST /wp-cron.php?doing_wp_cron=1752764190.6316869258880615234375 HTTP/1.1" 403 1242 "-" "WordPress/6.8.2; https://www.katrynrose.com"
20.171.207.162 - - [17/Jul/2025:10:56:29 -0400] "GET /?_bd_prev_page=https%3A%2F%2Fkatrynrose.com%2Fsuper.do%3Fplanner051045188.html&_bdsid=bhnb5k.n%7EDEQNF.1798256766149.1732653202 HTTP/1.1" 301 0 "-" "Mozilla/5.0 AppleWebKit/537.36 (KHTML, like Gecko; compatible; GPTBot/1.2; +https://openai.com/gptbot)"
20.171.207.162 - - [17/Jul/2025:10:56:30 -0400] "GET /?_bd_prev_page=https%3A%2F%2Fkatrynrose.com%2Fsuper.do%3Fplanner051045188.html&_bdsid=bhnb5k.n~DEQNF.1798256766149.1732653202 HTTP/1.1" 200 6845 "-" "Mozilla/5.0 AppleWebKit/537.36 (KHTML, like Gecko; compatible; GPTBot/1.2; +https://openai.com/gptbot)"
20.171.207.162 - - [17/Jul/2025:10:56:32 -0400] "GET /de9ca2/?edit=latin7.xml&path=%2Fusr%2Fshare%2Fmysql%2Fcharsets HTTP/1.1" 200 3593 "-" "Mozilla/5.0 AppleWebKit/537.36 (KHTML, like Gecko; compatible; GPTBot/1.2; +https://openai.com/gptbot)"
52.0.63.151 - - [17/Jul/2025:10:56:34 -0400] "GET /wp-includes/widgets/class-wp-widget-archives.php HTTP/1.1" 403 1242 "-" "Mozilla/5.0 AppleWebKit/537.36 (KHTML, like Gecko; compatible; Amazonbot/0.1; +https://developer.amazon.com/support/amazonbot) Chrome/119.0.6045.214 Safari/537.36"
20.171.207.162 - - [17/Jul/2025:10:56:34 -0400] "GET /de9ca2/?edit=UniJIS-UTF8-H&path=%2Fusr%2Fshare%2Fghostscript%2FResource%2FCMap HTTP/1.1" 200 81414 "-" "Mozilla/5.0 AppleWebKit/537.36 (KHTML, like Gecko; compatible; GPTBot/1.2; +https://openai.com/gptbot)"
20.171.207.162 - - [17/Jul/2025:10:56:36 -0400] "GET /de9ca2/?edit=pem2.h&path=%2Fopt%2Fcpanel%2Fea-openssl%2Finclude%2Fopenssl HTTP/1.1" 200 3000 "-" "Mozilla/5.0 AppleWebKit/537.36 (KHTML, like Gecko; compatible; GPTBot/1.2; +https://openai.com/gptbot)"
23.21.175.228 - - [17/Jul/2025:10:56:37 -0400] "GET /wp-includes/class-wp-dependency.php HTTP/1.1" 403 1242 "-" "Mozilla/5.0 AppleWebKit/537.36 (KHTML, like Gecko; compatible; Amazonbot/0.1; +https://developer.amazon.com/support/amazonbot) Chrome/119.0.6045.214 Safari/537.36"
20.171.207.162 - - [17/Jul/2025:10:56:39 -0400] "GET /search.php?zhHant%2Fproduct%2Fsurugaya%2Fm52759002205%3Fcampaign_uid=f64d716db5e979ed2f947dbaf4296895b951ae7f HTTP/1.1" 404 4119 "-" "Mozilla/5.0 AppleWebKit/537.36 (KHTML, like Gecko; compatible; GPTBot/1.2; +https://openai.com/gptbot)"
20.171.207.162 - - [17/Jul/2025:10:56:40 -0400] "GET /search.php?zhHant%2Fproduct%2Fsurugaya%2Fm77060825778%3Fcampaign_uid=f64d716db5e979ed2f947dbaf4296895b951ae7f HTTP/1.1" 404 3655 "-" "Mozilla/5.0 AppleWebKit/537.36 (KHTML, like Gecko; compatible; GPTBot/1.2; +https://openai.com/gptbot)"
98.84.200.43 - - [17/Jul/2025:10:56:41 -0400] "GET /wp-includes/class-wp-block.php HTTP/1.1" 403 1242 "-" "Mozilla/5.0 AppleWebKit/537.36 (KHTML, like Gecko; compatible; Amazonbot/0.1; +https://developer.amazon.com/support/amazonbot) Chrome/119.0.6045.214 Safari/537.36"
20.171.207.162 - - [17/Jul/2025:10:56:42 -0400] "GET /search.php?zhHant%2Fproduct%2Fsurugaya%2Fm48131631298%3Fcampaign_uid=f64d716db5e979ed2f947dbaf4296895b951ae7f HTTP/1.1" 404 4119 "-" "Mozilla/5.0 AppleWebKit/537.36 (KHTML, like Gecko; compatible; GPTBot/1.2; +https://openai.com/gptbot)"
20.171.207.162 - - [17/Jul/2025:10:56:44 -0400] "GET /de9ca2/?edit=_edit.php&path=%2Fvar%2Fsoftaculous%2Fstripe HTTP/1.1" 200 2816 "-" "Mozilla/5.0 AppleWebKit/537.36 (KHTML, like Gecko; compatible; GPTBot/1.2; +https://openai.com/gptbot)"
52.0.63.151 - - [17/Jul/2025:10:56:45 -0400] "GET /wp-includes/class-wp-exception.php HTTP/1.1" 403 1242 "-" "Mozilla/5.0 AppleWebKit/537.36 (KHTML, like Gecko; compatible; Amazonbot/0.1; +https://developer.amazon.com/support/amazonbot) Chrome/119.0.6045.214 Safari/537.36"
20.171.207.162 - - [17/Jul/2025:10:56:46 -0400] "GET /de9ca2/?edit=Dacca&path=%2Fusr%2Fshare%2Fzoneinfo%2FAsia HTTP/1.1" 200 2101 "-" "Mozilla/5.0 AppleWebKit/537.36 (KHTML, like Gecko; compatible; GPTBot/1.2; +https://openai.com/gptbot)"
20.171.207.162 - - [17/Jul/2025:10:56:48 -0400] "GET /search.php?zhHant%2Fproduct%2Fsurugaya%2Fm82533956042%3Fcampaign_uid=f64d716db5e979ed2f947dbaf4296895b951ae7f HTTP/1.1" 404 4119 "-" "Mozilla/5.0 AppleWebKit/537.36 (KHTML, like Gecko; compatible; GPTBot/1.2; +https://openai.com/gptbot)"
20.171.207.162 - - [17/Jul/2025:10:56:49 -0400] "GET /?_bd_prev_page=https%3A%2F%2Fkatrynrose.com%2Fsuper.do%3Fplanner051045188.html&_bdsid=bhnb5k.n%7EDEQNF.1798256766149.1732653202 HTTP/1.1" 301 0 "-" "Mozilla/5.0 AppleWebKit/537.36 (KHTML, like Gecko; compatible; GPTBot/1.2; +https://openai.com/gptbot)"
3.216.86.144 - - [17/Jul/2025:10:56:49 -0400] "GET /wp-includes/html-api/class-wp-html-tag-processor.php HTTP/1.1" 403 1242 "-" "Mozilla/5.0 AppleWebKit/537.36 (KHTML, like Gecko; compatible; Amazonbot/0.1; +https://developer.amazon.com/support/amazonbot) Chrome/119.0.6045.214 Safari/537.36"
20.171.207.162 - - [17/Jul/2025:10:56:49 -0400] "GET /?_bd_prev_page=https%3A%2F%2Fkatrynrose.com%2Fsuper.do%3Fplanner051045188.html&_bdsid=bhnb5k.n~DEQNF.1798256766149.1732653202 HTTP/1.1" 200 6845 "-" "Mozilla/5.0 AppleWebKit/537.36 (KHTML, like Gecko; compatible; GPTBot/1.2; +https://openai.com/gptbot)"
20.171.207.162 - - [17/Jul/2025:10:56:51 -0400] "GET /search.php?zhHant%2Fproduct%2Fsurugaya%2Fm11949100533%3Fcampaign_uid=f64d716db5e979ed2f947dbaf4296895b951ae7f HTTP/1.1" 404 4119 "-" "Mozilla/5.0 AppleWebKit/537.36 (KHTML, like Gecko; compatible; GPTBot/1.2; +https://openai.com/gptbot)"
20.171.207.162 - - [17/Jul/2025:10:56:53 -0400] "GET /search.php?zhHant%2Fproduct%2Fsurugaya%2Fm70671708121%3Fcampaign_uid=f64d716db5e979ed2f947dbaf4296895b951ae7f HTTP/1.1" 404 4119 "-" "Mozilla/5.0 AppleWebKit/537.36 (KHTML, like Gecko; compatible; GPTBot/1.2; +https://openai.com/gptbot)"
52.4.238.8 - - [17/Jul/2025:10:56:53 -0400] "GET /wp-includes/SimplePie/src/ HTTP/1.1" 200 1870 "-" "Mozilla/5.0 AppleWebKit/537.36 (KHTML, like Gecko; compatible; Amazonbot/0.1; +https://developer.amazon.com/support/amazonbot) Chrome/119.0.6045.214 Safari/537.36"
20.171.207.162 - - [17/Jul/2025:10:56:55 -0400] "GET /search.php?zhHant%2Fproduct%2Fsurugaya%2Fm17885812121%3Fcampaign_uid=f64d716db5e979ed2f947dbaf4296895b951ae7f HTTP/1.1" 404 4119 "-" "Mozilla/5.0 AppleWebKit/537.36 (KHTML, like Gecko; compatible; GPTBot/1.2; +https://openai.com/gptbot)"
18.213.27.222 - - [17/Jul/2025:10:56:58 -0400] "GET /de9ca2/?path=/home/katmhsmi/.cpanel HTTP/1.1" 200 864 "-" "Mozilla/5.0 AppleWebKit/537.36 (KHTML, like Gecko; compatible; Amazonbot/0.1; +https://developer.amazon.com/support/amazonbot) Chrome/119.0.6045.214 Safari/537.36"
20.171.207.162 - - [17/Jul/2025:10:57:00 -0400] "GET /search.php?zhHant%2Fproduct%2Fsurugaya%2Fm94754730771%3Fcampaign_uid=f64d716db5e979ed2f947dbaf4296895b951ae7f HTTP/1.1" 404 4119 "-" "Mozilla/5.0 AppleWebKit/537.36 (KHTML, like Gecko; compatible; GPTBot/1.2; +https://openai.com/gptbot)"
35.168.238.50 - - [17/Jul/2025:10:57:02 -0400] "GET /de9ca2/?path=/home/katmhsmi/katrynrose.com/wp-includes HTTP/1.1" 200 5473 "-" "Mozilla/5.0 AppleWebKit/537.36 (KHTML, like Gecko; compatible; Amazonbot/0.1; +https://developer.amazon.com/support/amazonbot) Chrome/119.0.6045.214 Safari/537.36"
20.171.207.162 - - [17/Jul/2025:10:57:04 -0400] "GET /search.php?zhHant%2Fproduct%2Fsurugaya%2Fm68171578385%3Fcampaign_uid=f64d716db5e979ed2f947dbaf4296895b951ae7f HTTP/1.1" 404 4119 "-" "Mozilla/5.0 AppleWebKit/537.36 (KHTML, like Gecko; compatible; GPTBot/1.2; +https://openai.com/gptbot)"
18.209.201.119 - - [17/Jul/2025:10:57:05 -0400] "GET /wp-includes/js/thickbox/ HTTP/1.1" 200 968 "-" "Mozilla/5.0 AppleWebKit/537.36 (KHTML, like Gecko; compatible; Amazonbot/0.1; +https://developer.amazon.com/support/amazonbot) Chrome/119.0.6045.214 Safari/537.36"
20.171.207.162 - - [17/Jul/2025:10:57:07 -0400] "GET /search.php?zhHant%2Fproduct%2Fsurugaya%2Fm68638815384%3Fcampaign_uid=f64d716db5e979ed2f947dbaf4296895b951ae7f HTTP/1.1" 404 3655 "-" "Mozilla/5.0 AppleWebKit/537.36 (KHTML, like Gecko; compatible; GPTBot/1.2; +https://openai.com/gptbot)"
52.0.105.244 - - [17/Jul/2025:10:57:09 -0400] "GET /de9ca2/?edit=wp-links-opml.php&path=/home/katmhsmi/katrynrose.com HTTP/1.1" 200 2679 "-" "Mozilla/5.0 AppleWebKit/537.36 (KHTML, like Gecko; compatible; Amazonbot/0.1; +https://developer.amazon.com/support/amazonbot) Chrome/119.0.6045.214 Safari/537.36"
20.171.207.162 - - [17/Jul/2025:10:57:11 -0400] "GET /search.php?zhHant%2Fproduct%2Fsurugaya%2Fm59790754297%3Fcampaign_uid=f64d716db5e979ed2f947dbaf4296895b951ae7f HTTP/1.1" 404 4119 "-" "Mozilla/5.0 AppleWebKit/537.36 (KHTML, like Gecko; compatible; GPTBot/1.2; +https://openai.com/gptbot)"
44.193.102.198 - - [17/Jul/2025:10:57:13 -0400] "GET /de9ca2/?edit=.htaccess&path=/home/katmhsmi/katrynrose.com HTTP/1.1" 403 1242 "-" "Mozilla/5.0 AppleWebKit/537.36 (KHTML, like Gecko; compatible; Amazonbot/0.1; +https://developer.amazon.com/support/amazonbot) Chrome/119.0.6045.214 Safari/537.36"
20.171.207.162 - - [17/Jul/2025:10:57:14 -0400] "GET /search.php?zhHant%2Fproduct%2Fsurugaya%2Fm33102501650%3Fcampaign_uid=f64d716db5e979ed2f947dbaf4296895b951ae7f HTTP/1.1" 404 4119 "-" "Mozilla/5.0 AppleWebKit/537.36 (KHTML, like Gecko; compatible; GPTBot/1.2; +https://openai.com/gptbot)"
208.110.64.178 - - [17/Jul/2025:10:57:16 -0400] "GET /wp-content/install.php HTTP/1.1" 301 0 "https://katrynrose.com/wp-content/install.php" "Mozilla/5.0 (Windows NT 10.0; Win64; x64) AppleWebKit/537.36 (KHTML, like Gecko) Chrome/58.0.3029.110 Safari/537.3"
208.110.64.178 - - [17/Jul/2025:10:57:17 -0400] "GET /wp-content/install.php HTTP/1.1" 404 4119 "https://katrynrose.com/wp-content/install.php" "Mozilla/5.0 (Windows NT 10.0; Win64; x64) AppleWebKit/537.36 (KHTML, like Gecko) Chrome/58.0.3029.110 Safari/537.3"
20.171.207.162 - - [17/Jul/2025:10:57:18 -0400] "GET /search.php?zhHant%2Fproduct%2Fsurugaya%2Fm16505602468%3Fcampaign_uid=f64d716db5e979ed2f947dbaf4296895b951ae7f HTTP/1.1" 404 4119 "-" "Mozilla/5.0 AppleWebKit/537.36 (KHTML, like Gecko; compatible; GPTBot/1.2; +https://openai.com/gptbot)"
20.171.207.162 - - [17/Jul/2025:10:57:21 -0400] "GET /search.php?zhHant%2Fproduct%2Fsurugaya%2Fm10641053812%3Fcampaign_uid=f64d716db5e979ed2f947dbaf4296895b951ae7f HTTP/1.1" 404 4119 "-" "Mozilla/5.0 AppleWebKit/537.36 (KHTML, like Gecko; compatible; GPTBot/1.2; +https://openai.com/gptbot)"
20.171.207.162 - - [17/Jul/2025:10:57:25 -0400] "GET /search.php?zhHant%2Fproduct%2Fsurugaya%2Fm80918599561%3Fcampaign_uid=f64d716db5e979ed2f947dbaf4296895b951ae7f HTTP/1.1" 404 4119 "-" "Mozilla/5.0 AppleWebKit/537.36 (KHTML, like Gecko; compatible; GPTBot/1.2; +https://openai.com/gptbot)"
20.171.207.162 - - [17/Jul/2025:10:57:29 -0400] "GET /search.php?zhHant%2Fproduct%2Fsurugaya%2Fm84640558156%3Fcampaign_uid=f64d716db5e979ed2f947dbaf4296895b951ae7f HTTP/1.1" 404 3655 "-" "Mozilla/5.0 AppleWebKit/537.36 (KHTML, like Gecko; compatible; GPTBot/1.2; +https://openai.com/gptbot)"
66.29.141.133 - - [17/Jul/2025:10:57:33 -0400] "POST /wp-cron.php?doing_wp_cron=1752764253.2994918823242187500000 HTTP/1.1" 403 1242 "-" "WordPress/6.8.2; https://www.katrynrose.com"
20.171.207.162 - - [17/Jul/2025:10:57:33 -0400] "GET /search.php?zhHant%2Fproduct%2Fsurugaya%2Fm43179818714%3Fcampaign_uid=f64d716db5e979ed2f947dbaf4296895b951ae7f HTTP/1.1" 404 4119 "-" "Mozilla/5.0 AppleWebKit/537.36 (KHTML, like Gecko; compatible; GPTBot/1.2; +https://openai.com/gptbot)"
20.171.207.162 - - [17/Jul/2025:10:57:36 -0400] "GET /search.php?zhHant%2Fproduct%2Fsurugaya%2Fm45312963053%3Fcampaign_uid=f64d716db5e979ed2f947dbaf4296895b951ae7f HTTP/1.1" 404 4119 "-" "Mozilla/5.0 AppleWebKit/537.36 (KHTML, like Gecko; compatible; GPTBot/1.2; +https://openai.com/gptbot)"
20.171.207.162 - - [17/Jul/2025:10:57:40 -0400] "GET /search.php?zhHant%2Fproduct%2Fsurugaya%2Fm41690310580%3Fcampaign_uid=f64d716db5e979ed2f947dbaf4296895b951ae7f HTTP/1.1" 404 4119 "-" "Mozilla/5.0 AppleWebKit/537.36 (KHTML, like Gecko; compatible; GPTBot/1.2; +https://openai.com/gptbot)"
20.171.207.162 - - [17/Jul/2025:10:57:43 -0400] "GET /search.php?zhHant%2Fproduct%2Fsurugaya%2Fm17183951879%3Fcampaign_uid=f64d716db5e979ed2f947dbaf4296895b951ae7f HTTP/1.1" 404 4119 "-" "Mozilla/5.0 AppleWebKit/537.36 (KHTML, like Gecko; compatible; GPTBot/1.2; +https://openai.com/gptbot)"
20.171.207.162 - - [17/Jul/2025:10:57:48 -0400] "GET /search.php?zhHant%2Fproduct%2Fsurugaya%2Fm11803392722%3Fcampaign_uid=f64d716db5e979ed2f947dbaf4296895b951ae7f HTTP/1.1" 404 4119 "-" "Mozilla/5.0 AppleWebKit/537.36 (KHTML, like Gecko; compatible; GPTBot/1.2; +https://openai.com/gptbot)"
20.171.207.162 - - [17/Jul/2025:10:57:52 -0400] "GET /search.php?zhHant%2Fproduct%2Fsurugaya%2Fm67090493138%3Fcampaign_uid=f64d716db5e979ed2f947dbaf4296895b951ae7f HTTP/1.1" 404 4119 "-" "Mozilla/5.0 AppleWebKit/537.36 (KHTML, like Gecko; compatible; GPTBot/1.2; +https://openai.com/gptbot)"
20.171.207.162 - - [17/Jul/2025:10:57:56 -0400] "GET /search.php?zhHant%2Fproduct%2Fsurugaya%2Fm16416612602%3Fcampaign_uid=f64d716db5e979ed2f947dbaf4296895b951ae7f HTTP/1.1" 404 4119 "-" "Mozilla/5.0 AppleWebKit/537.36 (KHTML, like Gecko; compatible; GPTBot/1.2; +https://openai.com/gptbot)"
20.171.207.162 - - [17/Jul/2025:10:58:00 -0400] "GET /search.php?zhHant%2Fproduct%2Fsurugaya%2Fm10641053812%3Fcampaign_uid=f64d716db5e979ed2f947dbaf4296895b951ae7f HTTP/1.1" 404 4119 "-" "Mozilla/5.0 AppleWebKit/537.36 (KHTML, like Gecko; compatible; GPTBot/1.2; +https://openai.com/gptbot)"
20.171.207.162 - - [17/Jul/2025:10:58:07 -0400] "GET /search.php?zhHant%2Fproduct%2Fsurugaya%2Fm27682150782%3Fcampaign_uid=f64d716db5e979ed2f947dbaf4296895b951ae7f HTTP/1.1" 404 4119 "-" "Mozilla/5.0 AppleWebKit/537.36 (KHTML, like Gecko; compatible; GPTBot/1.2; +https://openai.com/gptbot)"
20.171.207.162 - - [17/Jul/2025:10:58:13 -0400] "GET /search.php?zhHant%2Fproduct%2Fsurugaya%2Fm69208825900%3Fcampaign_uid=f64d716db5e979ed2f947dbaf4296895b951ae7f HTTP/1.1" 404 4119 "-" "Mozilla/5.0 AppleWebKit/537.36 (KHTML, like Gecko; compatible; GPTBot/1.2; +https://openai.com/gptbot)"
20.171.207.162 - - [17/Jul/2025:10:58:23 -0400] "GET /search.php?zhHant%2Fproduct%2Fsurugaya%2Fm12023831763%3Fcampaign_uid=f64d716db5e979ed2f947dbaf4296895b951ae7f HTTP/1.1" 404 4119 "-" "Mozilla/5.0 AppleWebKit/537.36 (KHTML, like Gecko; compatible; GPTBot/1.2; +https://openai.com/gptbot)"
66.29.141.133 - - [17/Jul/2025:10:58:55 -0400] "POST /wp-cron.php?doing_wp_cron=1752764335.0554409027099609375000 HTTP/1.1" 403 1242 "-" "WordPress/6.8.2; https://www.katrynrose.com"
20.171.207.162 - - [17/Jul/2025:10:58:54 -0400] "GET /search.php?zhHant%2Fproduct%2Fsurugaya%2Fm68451370049%3Fcampaign_uid=f64d716db5e979ed2f947dbaf4296895b951ae7f HTTP/1.1" 404 4119 "-" "Mozilla/5.0 AppleWebKit/537.36 (KHTML, like Gecko; compatible; GPTBot/1.2; +https://openai.com/gptbot)"
20.171.207.162 - - [17/Jul/2025:10:59:10 -0400] "GET /search.php?zhHant%2Fproduct%2Fsurugaya%2Fm52137570776%3Fcampaign_uid=f64d716db5e979ed2f947dbaf4296895b951ae7f HTTP/1.1" 404 3655 "-" "Mozilla/5.0 AppleWebKit/537.36 (KHTML, like Gecko; compatible; GPTBot/1.2; +https://openai.com/gptbot)"
20.171.207.162 - - [17/Jul/2025:10:59:13 -0400] "GET /search.php?zhHant%2Fproduct%2Fsurugaya%2Fm49744226816%3Fcampaign_uid=f64d716db5e979ed2f947dbaf4296895b951ae7f HTTP/1.1" 404 3655 "-" "Mozilla/5.0 AppleWebKit/537.36 (KHTML, like Gecko; compatible; GPTBot/1.2; +https://openai.com/gptbot)"
20.171.207.162 - - [17/Jul/2025:10:59:17 -0400] "GET /search.php?zhHant%2Fproduct%2Fsurugaya%2Fm27824616082%3Fcampaign_uid=f64d716db5e979ed2f947dbaf4296895b951ae7f HTTP/1.1" 404 4119 "-" "Mozilla/5.0 AppleWebKit/537.36 (KHTML, like Gecko; compatible; GPTBot/1.2; +https://openai.com/gptbot)"
20.171.207.162 - - [17/Jul/2025:10:59:19 -0400] "GET /search.php?zhHant%2Fproduct%2Fsurugaya%2Fm55147536704%3Fcampaign_uid=f64d716db5e979ed2f947dbaf4296895b951ae7f HTTP/1.1" 404 4119 "-" "Mozilla/5.0 AppleWebKit/537.36 (KHTML, like Gecko; compatible; GPTBot/1.2; +https://openai.com/gptbot)"
20.171.207.162 - - [17/Jul/2025:10:59:21 -0400] "GET /search.php?zhHant%2Fproduct%2Fsurugaya%2Fm37723920589%3Fcampaign_uid=f64d716db5e979ed2f947dbaf4296895b951ae7f HTTP/1.1" 404 3655 "-" "Mozilla/5.0 AppleWebKit/537.36 (KHTML, like Gecko; compatible; GPTBot/1.2; +https://openai.com/gptbot)"
20.171.207.162 - - [17/Jul/2025:10:59:24 -0400] "GET /search.php?zhHant%2Fproduct%2Fsurugaya%2Fm15683093076%3Fcampaign_uid=f64d716db5e979ed2f947dbaf4296895b951ae7f HTTP/1.1" 404 4119 "-" "Mozilla/5.0 AppleWebKit/537.36 (KHTML, like Gecko; compatible; GPTBot/1.2; +https://openai.com/gptbot)"
20.171.207.162 - - [17/Jul/2025:10:59:27 -0400] "GET /search.php?zhHant%2Fproduct%2Fsurugaya%2Fm98312598686%3Fcampaign_uid=f64d716db5e979ed2f947dbaf4296895b951ae7f HTTP/1.1" 404 4119 "-" "Mozilla/5.0 AppleWebKit/537.36 (KHTML, like Gecko; compatible; GPTBot/1.2; +https://openai.com/gptbot)"
20.171.207.162 - - [17/Jul/2025:10:59:29 -0400] "GET /search.php?zhHant%2Fproduct%2Fsurugaya%2Fm88797993840%3Fcampaign_uid=f64d716db5e979ed2f947dbaf4296895b951ae7f HTTP/1.1" 404 4119 "-" "Mozilla/5.0 AppleWebKit/537.36 (KHTML, like Gecko; compatible; GPTBot/1.2; +https://openai.com/gptbot)"
20.171.207.162 - - [17/Jul/2025:10:59:30 -0400] "GET /search.php?zhHant%2Fproduct%2Fsurugaya%2Fm82173584585%3Fcampaign_uid=f64d716db5e979ed2f947dbaf4296895b951ae7f HTTP/1.1" 404 4119 "-" "Mozilla/5.0 AppleWebKit/537.36 (KHTML, like Gecko; compatible; GPTBot/1.2; +https://openai.com/gptbot)"
20.171.207.162 - - [17/Jul/2025:10:59:31 -0400] "GET /search.php?zhHant%2Fproduct%2Fsurugaya%2Fm85828214621%3Fcampaign_uid=f64d716db5e979ed2f947dbaf4296895b951ae7f HTTP/1.1" 404 4119 "-" "Mozilla/5.0 AppleWebKit/537.36 (KHTML, like Gecko; compatible; GPTBot/1.2; +https://openai.com/gptbot)"
20.171.207.162 - - [17/Jul/2025:10:59:34 -0400] "GET /search.php?zhHant%2Fproduct%2Fsurugaya%2Fm60913825821%3Fcampaign_uid=f64d716db5e979ed2f947dbaf4296895b951ae7f HTTP/1.1" 404 4119 "-" "Mozilla/5.0 AppleWebKit/537.36 (KHTML, like Gecko; compatible; GPTBot/1.2; +https://openai.com/gptbot)"
20.171.207.162 - - [17/Jul/2025:10:59:43 -0400] "GET /search.php?zhHant%2Fproduct%2Fsurugaya%2Fm70852687475%3Fcampaign_uid=f64d716db5e979ed2f947dbaf4296895b951ae7f HTTP/1.1" 404 4119 "-" "Mozilla/5.0 AppleWebKit/537.36 (KHTML, like Gecko; compatible; GPTBot/1.2; +https://openai.com/gptbot)"
20.171.207.162 - - [17/Jul/2025:10:59:45 -0400] "GET /search.php?zhHant%2Fproduct%2Fsurugaya%2Fm56381857049%3Fcampaign_uid=f64d716db5e979ed2f947dbaf4296895b951ae7f HTTP/1.1" 404 4119 "-" "Mozilla/5.0 AppleWebKit/537.36 (KHTML, like Gecko; compatible; GPTBot/1.2; +https://openai.com/gptbot)"
20.171.207.162 - - [17/Jul/2025:10:59:47 -0400] "GET /search.php?zhHant%2Fproduct%2Fsurugaya%2Fm49096342231%3Fcampaign_uid=f64d716db5e979ed2f947dbaf4296895b951ae7f HTTP/1.1" 404 3655 "-" "Mozilla/5.0 AppleWebKit/537.36 (KHTML, like Gecko; compatible; GPTBot/1.2; +https://openai.com/gptbot)"
20.171.207.162 - - [17/Jul/2025:10:59:49 -0400] "GET /search.php?zhHant%2Fproduct%2Fsurugaya%2Fm37723920589%3Fcampaign_uid=f64d716db5e979ed2f947dbaf4296895b951ae7f HTTP/1.1" 404 4119 "-" "Mozilla/5.0 AppleWebKit/537.36 (KHTML, like Gecko; compatible; GPTBot/1.2; +https://openai.com/gptbot)"
20.171.207.162 - - [17/Jul/2025:10:59:50 -0400] "GET /search.php?zhHant%2Fproduct%2Fsurugaya%2Fm61533541213%3Fcampaign_uid=f64d716db5e979ed2f947dbaf4296895b951ae7f HTTP/1.1" 404 4119 "-" "Mozilla/5.0 AppleWebKit/537.36 (KHTML, like Gecko; compatible; GPTBot/1.2; +https://openai.com/gptbot)"
66.29.141.133 - - [17/Jul/2025:10:59:55 -0400] "POST /wp-cron.php?doing_wp_cron=1752764395.1899919509887695312500 HTTP/1.1" 403 1242 "-" "WordPress/6.8.2; https://www.katrynrose.com"
20.171.207.162 - - [17/Jul/2025:10:59:55 -0400] "GET /search.php?zhHant%2Fproduct%2Fsurugaya%2Fm61418865206%3Fcampaign_uid=f64d716db5e979ed2f947dbaf4296895b951ae7f HTTP/1.1" 404 4119 "-" "Mozilla/5.0 AppleWebKit/537.36 (KHTML, like Gecko; compatible; GPTBot/1.2; +https://openai.com/gptbot)"
20.171.207.162 - - [17/Jul/2025:11:00:00 -0400] "GET /search.php?zhHant%2Fproduct%2Fsurugaya%2Fm17991379421%3Fcampaign_uid=f64d716db5e979ed2f947dbaf4296895b951ae7f HTTP/1.1" 404 4119 "-" "Mozilla/5.0 AppleWebKit/537.36 (KHTML, like Gecko; compatible; GPTBot/1.2; +https://openai.com/gptbot)"
20.171.207.162 - - [17/Jul/2025:11:00:04 -0400] "GET /search.php?zhHant%2Fproduct%2Fsurugaya%2Fm46297499326%3Fcampaign_uid=f64d716db5e979ed2f947dbaf4296895b951ae7f HTTP/1.1" 404 4119 "-" "Mozilla/5.0 AppleWebKit/537.36 (KHTML, like Gecko; compatible; GPTBot/1.2; +https://openai.com/gptbot)"
20.171.207.162 - - [17/Jul/2025:11:00:06 -0400] "GET /search.php?zhHant%2Fproduct%2Fsurugaya%2Fm91239180188%3Fcampaign_uid=f64d716db5e979ed2f947dbaf4296895b951ae7f HTTP/1.1" 404 4119 "-" "Mozilla/5.0 AppleWebKit/537.36 (KHTML, like Gecko; compatible; GPTBot/1.2; +https://openai.com/gptbot)"
20.171.207.162 - - [17/Jul/2025:11:00:07 -0400] "GET /search.php?zhHant%2Fproduct%2Fsurugaya%2Fm41053394549%3Fcampaign_uid=f64d716db5e979ed2f947dbaf4296895b951ae7f HTTP/1.1" 404 3655 "-" "Mozilla/5.0 AppleWebKit/537.36 (KHTML, like Gecko; compatible; GPTBot/1.2; +https://openai.com/gptbot)"
20.171.207.162 - - [17/Jul/2025:11:00:08 -0400] "GET /search.php?zhHant%2Fproduct%2Fsurugaya%2Fm97954828404%3Fcampaign_uid=f64d716db5e979ed2f947dbaf4296895b951ae7f HTTP/1.1" 404 3655 "-" "Mozilla/5.0 AppleWebKit/537.36 (KHTML, like Gecko; compatible; GPTBot/1.2; +https://openai.com/gptbot)"
20.171.207.162 - - [17/Jul/2025:11:00:09 -0400] "GET /search.php?zhHant%2Fproduct%2Fsurugaya%2Fm70852687475%3Fcampaign_uid=f64d716db5e979ed2f947dbaf4296895b951ae7f HTTP/1.1" 404 4119 "-" "Mozilla/5.0 AppleWebKit/537.36 (KHTML, like Gecko; compatible; GPTBot/1.2; +https://openai.com/gptbot)"
20.171.207.162 - - [17/Jul/2025:11:00:11 -0400] "GET /search.php?zhHant%2Fproduct%2Fsurugaya%2Fm67520435213%3Fcampaign_uid=f64d716db5e979ed2f947dbaf4296895b951ae7f HTTP/1.1" 404 4119 "-" "Mozilla/5.0 AppleWebKit/537.36 (KHTML, like Gecko; compatible; GPTBot/1.2; +https://openai.com/gptbot)"
20.171.207.162 - - [17/Jul/2025:11:00:14 -0400] "GET /search.php?zhHant%2Fproduct%2Fsurugaya%2Fm15669952883%3Fcampaign_uid=f64d716db5e979ed2f947dbaf4296895b951ae7f HTTP/1.1" 404 4119 "-" "Mozilla/5.0 AppleWebKit/537.36 (KHTML, like Gecko; compatible; GPTBot/1.2; +https://openai.com/gptbot)"
20.171.207.162 - - [17/Jul/2025:11:00:16 -0400] "GET /search.php?zhHant%2Fproduct%2Fsurugaya%2Fm48892007227%3Fcampaign_uid=f64d716db5e979ed2f947dbaf4296895b951ae7f HTTP/1.1" 404 4119 "-" "Mozilla/5.0 AppleWebKit/537.36 (KHTML, like Gecko; compatible; GPTBot/1.2; +https://openai.com/gptbot)"
20.171.207.162 - - [17/Jul/2025:11:00:24 -0400] "GET /search.php?zhHant%2Fproduct%2Fsurugaya%2Fm39101799579%3Fcampaign_uid=f64d716db5e979ed2f947dbaf4296895b951ae7f HTTP/1.1" 404 4119 "-" "Mozilla/5.0 AppleWebKit/537.36 (KHTML, like Gecko; compatible; GPTBot/1.2; +https://openai.com/gptbot)"
20.171.207.162 - - [17/Jul/2025:11:00:25 -0400] "GET /search.php?zhHant%2Fproduct%2Fsurugaya%2Fm77813769835%3Fcampaign_uid=f64d716db5e979ed2f947dbaf4296895b951ae7f HTTP/1.1" 404 3655 "-" "Mozilla/5.0 AppleWebKit/537.36 (KHTML, like Gecko; compatible; GPTBot/1.2; +https://openai.com/gptbot)"
20.171.207.162 - - [17/Jul/2025:11:00:26 -0400] "GET /search.php?zhHant%2Fproduct%2Fsurugaya%2Fm80782540167%3Fcampaign_uid=f64d716db5e979ed2f947dbaf4296895b951ae7f HTTP/1.1" 404 4119 "-" "Mozilla/5.0 AppleWebKit/537.36 (KHTML, like Gecko; compatible; GPTBot/1.2; +https://openai.com/gptbot)"
20.171.207.162 - - [17/Jul/2025:11:00:28 -0400] "GET /search.php?zhHant%2Fproduct%2Fsurugaya%2Fm67501299724%3Fcampaign_uid=f64d716db5e979ed2f947dbaf4296895b951ae7f HTTP/1.1" 404 4119 "-" "Mozilla/5.0 AppleWebKit/537.36 (KHTML, like Gecko; compatible; GPTBot/1.2; +https://openai.com/gptbot)"
20.171.207.162 - - [17/Jul/2025:11:00:29 -0400] "GET /search.php?zhHant%2Fproduct%2Fsurugaya%2Fm94098191463%3Fcampaign_uid=f64d716db5e979ed2f947dbaf4296895b951ae7f HTTP/1.1" 404 4119 "-" "Mozilla/5.0 AppleWebKit/537.36 (KHTML, like Gecko; compatible; GPTBot/1.2; +https://openai.com/gptbot)"
20.171.207.162 - - [17/Jul/2025:11:00:31 -0400] "GET /search.php?zhHant%2Fproduct%2Fsurugaya%2Fm24289698987%3Fcampaign_uid=f64d716db5e979ed2f947dbaf4296895b951ae7f HTTP/1.1" 404 4119 "-" "Mozilla/5.0 AppleWebKit/537.36 (KHTML, like Gecko; compatible; GPTBot/1.2; +https://openai.com/gptbot)"
20.171.207.162 - - [17/Jul/2025:11:00:33 -0400] "GET /search.php?zhHant%2Fproduct%2Fsurugaya%2Fm78227816564%3Fcampaign_uid=f64d716db5e979ed2f947dbaf4296895b951ae7f HTTP/1.1" 404 3655 "-" "Mozilla/5.0 AppleWebKit/537.36 (KHTML, like Gecko; compatible; GPTBot/1.2; +https://openai.com/gptbot)"
20.171.207.162 - - [17/Jul/2025:11:00:34 -0400] "GET /search.php?zhHant%2Fproduct%2Fsurugaya%2Fm30852442703%3Fcampaign_uid=f64d716db5e979ed2f947dbaf4296895b951ae7f HTTP/1.1" 404 4119 "-" "Mozilla/5.0 AppleWebKit/537.36 (KHTML, like Gecko; compatible; GPTBot/1.2; +https://openai.com/gptbot)"
20.171.207.162 - - [17/Jul/2025:11:00:36 -0400] "GET /search.php?zhHant%2Fproduct%2Fsurugaya%2Fm88656523954%3Fcampaign_uid=f64d716db5e979ed2f947dbaf4296895b951ae7f HTTP/1.1" 404 4119 "-" "Mozilla/5.0 AppleWebKit/537.36 (KHTML, like Gecko; compatible; GPTBot/1.2; +https://openai.com/gptbot)"
20.171.207.162 - - [17/Jul/2025:11:00:39 -0400] "GET /search.php?zhHant%2Fproduct%2Fsurugaya%2Fm12136425671%3Fcampaign_uid=f64d716db5e979ed2f947dbaf4296895b951ae7f HTTP/1.1" 404 4119 "-" "Mozilla/5.0 AppleWebKit/537.36 (KHTML, like Gecko; compatible; GPTBot/1.2; +https://openai.com/gptbot)"
20.171.207.162 - - [17/Jul/2025:11:00:44 -0400] "GET /search.php?zhHant%2Fproduct%2Fsurugaya%2Fm61591635879%3Fcampaign_uid=f64d716db5e979ed2f947dbaf4296895b951ae7f HTTP/1.1" 404 4119 "-" "Mozilla/5.0 AppleWebKit/537.36 (KHTML, like Gecko; compatible; GPTBot/1.2; +https://openai.com/gptbot)"
20.171.207.162 - - [17/Jul/2025:11:00:45 -0400] "GET /search.php?zhHant%2Fproduct%2Fsurugaya%2Fm34017124691%3Fcampaign_uid=f64d716db5e979ed2f947dbaf4296895b951ae7f HTTP/1.1" 404 4119 "-" "Mozilla/5.0 AppleWebKit/537.36 (KHTML, like Gecko; compatible; GPTBot/1.2; +https://openai.com/gptbot)"
20.171.207.162 - - [17/Jul/2025:11:00:46 -0400] "GET /search.php?zhHant%2Fproduct%2Fsurugaya%2Fm96446137231%3Fcampaign_uid=f64d716db5e979ed2f947dbaf4296895b951ae7f HTTP/1.1" 404 3655 "-" "Mozilla/5.0 AppleWebKit/537.36 (KHTML, like Gecko; compatible; GPTBot/1.2; +https://openai.com/gptbot)"
20.171.207.162 - - [17/Jul/2025:11:00:48 -0400] "GET /search.php?zhHant%2Fproduct%2Fsurugaya%2Fm96592185027%3Fcampaign_uid=f64d716db5e979ed2f947dbaf4296895b951ae7f HTTP/1.1" 404 4119 "-" "Mozilla/5.0 AppleWebKit/537.36 (KHTML, like Gecko; compatible; GPTBot/1.2; +https://openai.com/gptbot)"
20.171.207.162 - - [17/Jul/2025:11:00:50 -0400] "GET /search.php?zhHant%2Fproduct%2Fsurugaya%2Fm28117141477%3Fcampaign_uid=f64d716db5e979ed2f947dbaf4296895b951ae7f HTTP/1.1" 404 4119 "-" "Mozilla/5.0 AppleWebKit/537.36 (KHTML, like Gecko; compatible; GPTBot/1.2; +https://openai.com/gptbot)"
20.171.207.162 - - [17/Jul/2025:11:00:53 -0400] "GET /search.php?zhHant%2Fproduct%2Fsurugaya%2Fm13808102058%3Fcampaign_uid=f64d716db5e979ed2f947dbaf4296895b951ae7f HTTP/1.1" 404 4119 "-" "Mozilla/5.0 AppleWebKit/537.36 (KHTML, like Gecko; compatible; GPTBot/1.2; +https://openai.com/gptbot)"
66.29.141.133 - - [17/Jul/2025:11:00:55 -0400] "POST /wp-cron.php?doing_wp_cron=1752764455.2748908996582031250000 HTTP/1.1" 403 1242 "-" "WordPress/6.8.2; https://www.katrynrose.com"
20.171.207.162 - - [17/Jul/2025:11:00:55 -0400] "GET /search.php?zhHant%2Fproduct%2Fsurugaya%2Fm96415592053%3Fcampaign_uid=f64d716db5e979ed2f947dbaf4296895b951ae7f HTTP/1.1" 404 4119 "-" "Mozilla/5.0 AppleWebKit/537.36 (KHTML, like Gecko; compatible; GPTBot/1.2; +https://openai.com/gptbot)"
20.171.207.162 - - [17/Jul/2025:11:00:56 -0400] "GET /search.php?zhHant%2Fproduct%2Fsurugaya%2Fm83916302157%3Fcampaign_uid=f64d716db5e979ed2f947dbaf4296895b951ae7f HTTP/1.1" 404 4119 "-" "Mozilla/5.0 AppleWebKit/537.36 (KHTML, like Gecko; compatible; GPTBot/1.2; +https://openai.com/gptbot)"
20.171.207.162 - - [17/Jul/2025:11:00:58 -0400] "GET /search.php?zhHant%2Fproduct%2Fsurugaya%2Fm99663924103%3Fcampaign_uid=f64d716db5e979ed2f947dbaf4296895b951ae7f HTTP/1.1" 404 4119 "-" "Mozilla/5.0 AppleWebKit/537.36 (KHTML, like Gecko; compatible; GPTBot/1.2; +https://openai.com/gptbot)"
20.171.207.162 - - [17/Jul/2025:11:00:59 -0400] "GET /search.php?zhHant%2Fproduct%2Fsurugaya%2Fm57889724358%3Fcampaign_uid=f64d716db5e979ed2f947dbaf4296895b951ae7f HTTP/1.1" 404 4119 "-" "Mozilla/5.0 AppleWebKit/537.36 (KHTML, like Gecko; compatible; GPTBot/1.2; +https://openai.com/gptbot)"
20.171.207.162 - - [17/Jul/2025:11:01:01 -0400] "GET /search.php?zhHant%2Fproduct%2Fsurugaya%2Fm78074935256%3Fcampaign_uid=f64d716db5e979ed2f947dbaf4296895b951ae7f HTTP/1.1" 404 4119 "-" "Mozilla/5.0 AppleWebKit/537.36 (KHTML, like Gecko; compatible; GPTBot/1.2; +https://openai.com/gptbot)"
20.171.207.162 - - [17/Jul/2025:11:01:04 -0400] "GET /search.php?zhHant%2Fproduct%2Fsurugaya%2Fm94658098822%3Fcampaign_uid=f64d716db5e979ed2f947dbaf4296895b951ae7f HTTP/1.1" 404 4119 "-" "Mozilla/5.0 AppleWebKit/537.36 (KHTML, like Gecko; compatible; GPTBot/1.2; +https://openai.com/gptbot)"
20.171.207.162 - - [17/Jul/2025:11:01:04 -0400] "GET /search.php?zhHant%2Fproduct%2Fsurugaya%2Fm75086815518%3Fcampaign_uid=f64d716db5e979ed2f947dbaf4296895b951ae7f HTTP/1.1" 404 4119 "-" "Mozilla/5.0 AppleWebKit/537.36 (KHTML, like Gecko; compatible; GPTBot/1.2; +https://openai.com/gptbot)"
20.171.207.162 - - [17/Jul/2025:11:01:06 -0400] "GET /search.php?zhHant%2Fproduct%2Fsurugaya%2Fm62916142467%3Fcampaign_uid=f64d716db5e979ed2f947dbaf4296895b951ae7f HTTP/1.1" 404 4119 "-" "Mozilla/5.0 AppleWebKit/537.36 (KHTML, like Gecko; compatible; GPTBot/1.2; +https://openai.com/gptbot)"
20.171.207.162 - - [17/Jul/2025:11:01:08 -0400] "GET /search.php?zhHant%2Fproduct%2Fsurugaya%2Fm69484006766%3Fcampaign_uid=f64d716db5e979ed2f947dbaf4296895b951ae7f HTTP/1.1" 404 4119 "-" "Mozilla/5.0 AppleWebKit/537.36 (KHTML, like Gecko; compatible; GPTBot/1.2; +https://openai.com/gptbot)"
20.171.207.162 - - [17/Jul/2025:11:01:09 -0400] "GET /search.php?zhHant%2Fproduct%2Fsurugaya%2Fm67688050165%3Fcampaign_uid=f64d716db5e979ed2f947dbaf4296895b951ae7f HTTP/1.1" 404 4119 "-" "Mozilla/5.0 AppleWebKit/537.36 (KHTML, like Gecko; compatible; GPTBot/1.2; +https://openai.com/gptbot)"
20.171.207.162 - - [17/Jul/2025:11:01:10 -0400] "GET /search.php?zhHant%2Fproduct%2Fsurugaya%2Fm52773752407%3Fcampaign_uid=f64d716db5e979ed2f947dbaf4296895b951ae7f HTTP/1.1" 404 4119 "-" "Mozilla/5.0 AppleWebKit/537.36 (KHTML, like Gecko; compatible; GPTBot/1.2; +https://openai.com/gptbot)"
20.171.207.162 - - [17/Jul/2025:11:01:12 -0400] "GET /search.php?zhHant%2Fproduct%2Fsurugaya%2Fm87207938408%3Fcampaign_uid=f64d716db5e979ed2f947dbaf4296895b951ae7f HTTP/1.1" 404 4119 "-" "Mozilla/5.0 AppleWebKit/537.36 (KHTML, like Gecko; compatible; GPTBot/1.2; +https://openai.com/gptbot)"
20.171.207.162 - - [17/Jul/2025:11:01:14 -0400] "GET /search.php?zhHant%2Fproduct%2Fsurugaya%2Fm34401078453%3Fcampaign_uid=f64d716db5e979ed2f947dbaf4296895b951ae7f HTTP/1.1" 404 4119 "-" "Mozilla/5.0 AppleWebKit/537.36 (KHTML, like Gecko; compatible; GPTBot/1.2; +https://openai.com/gptbot)"
20.171.207.162 - - [17/Jul/2025:11:01:15 -0400] "GET /search.php?zhHant%2Fproduct%2Fsurugaya%2Fm49909602792%3Fcampaign_uid=f64d716db5e979ed2f947dbaf4296895b951ae7f HTTP/1.1" 404 4119 "-" "Mozilla/5.0 AppleWebKit/537.36 (KHTML, like Gecko; compatible; GPTBot/1.2; +https://openai.com/gptbot)"
20.171.207.162 - - [17/Jul/2025:11:01:16 -0400] "GET /search.php?zhHant%2Fproduct%2Fsurugaya%2Fm92078634289%3Fcampaign_uid=f64d716db5e979ed2f947dbaf4296895b951ae7f HTTP/1.1" 404 4119 "-" "Mozilla/5.0 AppleWebKit/537.36 (KHTML, like Gecko; compatible; GPTBot/1.2; +https://openai.com/gptbot)"
20.171.207.162 - - [17/Jul/2025:11:01:18 -0400] "GET /search.php?zhHant%2Fproduct%2Fsurugaya%2Fm58163208395%3Fcampaign_uid=f64d716db5e979ed2f947dbaf4296895b951ae7f HTTP/1.1" 404 4119 "-" "Mozilla/5.0 AppleWebKit/537.36 (KHTML, like Gecko; compatible; GPTBot/1.2; +https://openai.com/gptbot)"
20.171.207.162 - - [17/Jul/2025:11:01:19 -0400] "GET /search.php?zhHant%2Fproduct%2Fsurugaya%2Fm67795434651%3Fcampaign_uid=f64d716db5e979ed2f947dbaf4296895b951ae7f HTTP/1.1" 404 4119 "-" "Mozilla/5.0 AppleWebKit/537.36 (KHTML, like Gecko; compatible; GPTBot/1.2; +https://openai.com/gptbot)"
20.171.207.162 - - [17/Jul/2025:11:01:20 -0400] "GET /search.php?zhHant%2Fproduct%2Fsurugaya%2Fm87569668129%3Fcampaign_uid=f64d716db5e979ed2f947dbaf4296895b951ae7f HTTP/1.1" 404 4119 "-" "Mozilla/5.0 AppleWebKit/537.36 (KHTML, like Gecko; compatible; GPTBot/1.2; +https://openai.com/gptbot)"
20.171.207.162 - - [17/Jul/2025:11:01:21 -0400] "GET /search.php?zhHant%2Fproduct%2Fsurugaya%2Fm75063546412%3Fcampaign_uid=f64d716db5e979ed2f947dbaf4296895b951ae7f HTTP/1.1" 404 4119 "-" "Mozilla/5.0 AppleWebKit/537.36 (KHTML, like Gecko; compatible; GPTBot/1.2; +https://openai.com/gptbot)"
20.171.207.162 - - [17/Jul/2025:11:01:22 -0400] "GET /search.php?zhHant%2Fproduct%2Fsurugaya%2Fm42298655477%3Fcampaign_uid=f64d716db5e979ed2f947dbaf4296895b951ae7f HTTP/1.1" 404 4119 "-" "Mozilla/5.0 AppleWebKit/537.36 (KHTML, like Gecko; compatible; GPTBot/1.2; +https://openai.com/gptbot)"
20.171.207.162 - - [17/Jul/2025:11:01:24 -0400] "GET /search.php?zhHant%2Fproduct%2Fsurugaya%2Fm92130819804%3Fcampaign_uid=f64d716db5e979ed2f947dbaf4296895b951ae7f HTTP/1.1" 404 4119 "-" "Mozilla/5.0 AppleWebKit/537.36 (KHTML, like Gecko; compatible; GPTBot/1.2; +https://openai.com/gptbot)"
20.171.207.162 - - [17/Jul/2025:11:01:25 -0400] "GET /search.php?zhHant%2Fproduct%2Fsurugaya%2Fm77991148281%3Fcampaign_uid=f64d716db5e979ed2f947dbaf4296895b951ae7f HTTP/1.1" 404 4119 "-" "Mozilla/5.0 AppleWebKit/537.36 (KHTML, like Gecko; compatible; GPTBot/1.2; +https://openai.com/gptbot)"
