20.171.207.162 - - [17/Jul/2025:12:33:10 -0400] "GET /de9ca2/?edit=c4701b9819ab8a61877647a8ad5af3c325635c&path=%2Fusr%2Flib%2F.build-id%2Fa5 HTTP/1.1" 200 1497 "-" "Mozilla/5.0 AppleWebKit/537.36 (KHTML, like Gecko; compatible; GPTBot/1.2; +https://openai.com/gptbot)"
20.171.207.162 - - [17/Jul/2025:12:33:12 -0400] "GET /de9ca2/?edit=89bc562129abb687e99e998dc92ac1662dc747&path=%2Fusr%2Flib%2F.build-id%2F33 HTTP/1.1" 200 1566 "-" "Mozilla/5.0 AppleWebKit/537.36 (KHTML, like Gecko; compatible; GPTBot/1.2; +https://openai.com/gptbot)"
20.171.207.162 - - [17/Jul/2025:12:33:13 -0400] "GET /de9ca2/?edit=4fc5e95d47d23817d27dd153b861f7d326865e&path=%2Fusr%2Flib%2F.build-id%2F2d HTTP/1.1" 200 1496 "-" "Mozilla/5.0 AppleWebKit/537.36 (KHTML, like Gecko; compatible; GPTBot/1.2; +https://openai.com/gptbot)"
20.171.207.162 - - [17/Jul/2025:12:33:14 -0400] "GET /de9ca2/?edit=3e2dcd28c53536c618acf4291f3580423fdf68&path=%2Fusr%2Flib%2F.build-id%2F72 HTTP/1.1" 200 1597 "-" "Mozilla/5.0 AppleWebKit/537.36 (KHTML, like Gecko; compatible; GPTBot/1.2; +https://openai.com/gptbot)"
20.171.207.162 - - [17/Jul/2025:12:33:15 -0400] "GET /de9ca2/?edit=2df3248395aa5d00b4f06d1518fb0a08d20440&path=%2Fusr%2Flib%2F.build-id%2F4b HTTP/1.1" 200 1800 "-" "Mozilla/5.0 AppleWebKit/537.36 (KHTML, like Gecko; compatible; GPTBot/1.2; +https://openai.com/gptbot)"
20.171.207.162 - - [17/Jul/2025:12:33:16 -0400] "GET /de9ca2/?edit=c2e4d09d920650e79542e0c57a3d95f1cf16a2&path=%2Fusr%2Flib%2F.build-id%2F30 HTTP/1.1" 200 1494 "-" "Mozilla/5.0 AppleWebKit/537.36 (KHTML, like Gecko; compatible; GPTBot/1.2; +https://openai.com/gptbot)"
20.171.207.162 - - [17/Jul/2025:12:33:17 -0400] "GET /de9ca2/?edit=e836339da499edc14d688a7c46771f84308dd2&path=%2Fusr%2Flib%2F.build-id%2Fd5 HTTP/1.1" 200 1593 "-" "Mozilla/5.0 AppleWebKit/537.36 (KHTML, like Gecko; compatible; GPTBot/1.2; +https://openai.com/gptbot)"
20.171.207.162 - - [17/Jul/2025:12:33:19 -0400] "GET /de9ca2/?edit=4406a85864622a738e4092d5eaa5c8870c9d5a&path=%2Fusr%2Flib%2F.build-id%2Fdd HTTP/1.1" 200 1660 "-" "Mozilla/5.0 AppleWebKit/537.36 (KHTML, like Gecko; compatible; GPTBot/1.2; +https://openai.com/gptbot)"
20.171.207.162 - - [17/Jul/2025:12:33:20 -0400] "GET /de9ca2/?edit=ed2d64662503de7b2383e51ee79a44884047c2&path=%2Fusr%2Flib%2F.build-id%2Fad HTTP/1.1" 200 1558 "-" "Mozilla/5.0 AppleWebKit/537.36 (KHTML, like Gecko; compatible; GPTBot/1.2; +https://openai.com/gptbot)"
20.171.207.162 - - [17/Jul/2025:12:33:21 -0400] "GET /de9ca2/?edit=601d7720e765df7d5a2f18dbe4d69916676d92&path=%2Fusr%2Flib%2F.build-id%2F0a HTTP/1.1" 200 1455 "-" "Mozilla/5.0 AppleWebKit/537.36 (KHTML, like Gecko; compatible; GPTBot/1.2; +https://openai.com/gptbot)"
20.171.207.162 - - [17/Jul/2025:12:33:22 -0400] "GET /de9ca2/?edit=cd50930e262c3fc08f9d62898e2791f4f4ea75&path=%2Fusr%2Flib%2F.build-id%2F38 HTTP/1.1" 200 1408 "-" "Mozilla/5.0 AppleWebKit/537.36 (KHTML, like Gecko; compatible; GPTBot/1.2; +https://openai.com/gptbot)"
20.171.207.162 - - [17/Jul/2025:12:33:23 -0400] "GET /de9ca2/?edit=599377a36e3808e46d82101db19e68ad8a78ba&path=%2Fusr%2Flib%2F.build-id%2Fb8 HTTP/1.1" 200 1435 "-" "Mozilla/5.0 AppleWebKit/537.36 (KHTML, like Gecko; compatible; GPTBot/1.2; +https://openai.com/gptbot)"
20.171.207.162 - - [17/Jul/2025:12:33:24 -0400] "GET /de9ca2/?edit=e160486b543912679c0a4c5d2bb14e70b544ac&path=%2Fusr%2Flib%2F.build-id%2Fc5 HTTP/1.1" 200 1760 "-" "Mozilla/5.0 AppleWebKit/537.36 (KHTML, like Gecko; compatible; GPTBot/1.2; +https://openai.com/gptbot)"
20.171.207.162 - - [17/Jul/2025:12:33:26 -0400] "GET /de9ca2/?edit=80751e35f8e605d6a782258f9a6bed7b99a84b&path=%2Fusr%2Flib%2F.build-id%2F34 HTTP/1.1" 200 1771 "-" "Mozilla/5.0 AppleWebKit/537.36 (KHTML, like Gecko; compatible; GPTBot/1.2; +https://openai.com/gptbot)"
20.171.207.162 - - [17/Jul/2025:12:33:27 -0400] "GET /de9ca2/?edit=ed08e822497246b5c424fb07b64366b2377cbe&path=%2Fusr%2Flib%2F.build-id%2Ff6 HTTP/1.1" 200 1591 "-" "Mozilla/5.0 AppleWebKit/537.36 (KHTML, like Gecko; compatible; GPTBot/1.2; +https://openai.com/gptbot)"
20.171.207.162 - - [17/Jul/2025:12:33:28 -0400] "GET /de9ca2/?edit=30c0aee06261389f210a62a400977d2d3b9b0f&path=%2Fusr%2Flib%2F.build-id%2Fb2 HTTP/1.1" 200 1624 "-" "Mozilla/5.0 AppleWebKit/537.36 (KHTML, like Gecko; compatible; GPTBot/1.2; +https://openai.com/gptbot)"
20.171.207.162 - - [17/Jul/2025:12:33:29 -0400] "GET /de9ca2/?edit=17f5e06670e8600d60ca856b4209f78dd0da1b&path=%2Fusr%2Flib%2F.build-id%2F73 HTTP/1.1" 200 1314 "-" "Mozilla/5.0 AppleWebKit/537.36 (KHTML, like Gecko; compatible; GPTBot/1.2; +https://openai.com/gptbot)"
20.171.207.162 - - [17/Jul/2025:12:33:30 -0400] "GET /de9ca2/?edit=9f646b1e0c52b43f94c6ff6edc87924659120b&path=%2Fusr%2Flib%2F.build-id%2F19 HTTP/1.1" 200 1506 "-" "Mozilla/5.0 AppleWebKit/537.36 (KHTML, like Gecko; compatible; GPTBot/1.2; +https://openai.com/gptbot)"
20.171.207.162 - - [17/Jul/2025:12:33:31 -0400] "GET /de9ca2/?edit=89c18ee69846f27046e4ada56930cff417ff64&path=%2Fusr%2Flib%2F.build-id%2F37 HTTP/1.1" 200 1403 "-" "Mozilla/5.0 AppleWebKit/537.36 (KHTML, like Gecko; compatible; GPTBot/1.2; +https://openai.com/gptbot)"
20.171.207.162 - - [17/Jul/2025:12:33:32 -0400] "GET /de9ca2/?edit=da0c9602cc3954e677316a8eb8050b6a988a74&path=%2Fusr%2Flib%2F.build-id%2F0c HTTP/1.1" 200 1704 "-" "Mozilla/5.0 AppleWebKit/537.36 (KHTML, like Gecko; compatible; GPTBot/1.2; +https://openai.com/gptbot)"
20.171.207.162 - - [17/Jul/2025:12:33:34 -0400] "GET /de9ca2/?edit=60b34a31307f5b6c9815d19801bb237c56f2ea&path=%2Fusr%2Flib%2F.build-id%2F4d HTTP/1.1" 200 1475 "-" "Mozilla/5.0 AppleWebKit/537.36 (KHTML, like Gecko; compatible; GPTBot/1.2; +https://openai.com/gptbot)"
20.171.207.162 - - [17/Jul/2025:12:33:35 -0400] "GET /de9ca2/?edit=599377a36e3808e46d82101db19e68ad8a78ba&path=%2Fusr%2Flib%2F.build-id%2Fb8 HTTP/1.1" 200 1435 "-" "Mozilla/5.0 AppleWebKit/537.36 (KHTML, like Gecko; compatible; GPTBot/1.2; +https://openai.com/gptbot)"
20.171.207.162 - - [17/Jul/2025:12:33:36 -0400] "GET /de9ca2/?edit=d83b0d0a8c50a89e020d462a79f165f6d4797c&path=%2Fusr%2Flib%2F.build-id%2F86 HTTP/1.1" 200 1886 "-" "Mozilla/5.0 AppleWebKit/537.36 (KHTML, like Gecko; compatible; GPTBot/1.2; +https://openai.com/gptbot)"
20.171.207.162 - - [17/Jul/2025:12:33:37 -0400] "GET /de9ca2/?edit=2fe7152256d1c74855e7f01b62174cc3e59e8c&path=%2Fusr%2Flib%2F.build-id%2F1d HTTP/1.1" 200 1591 "-" "Mozilla/5.0 AppleWebKit/537.36 (KHTML, like Gecko; compatible; GPTBot/1.2; +https://openai.com/gptbot)"
20.171.207.162 - - [17/Jul/2025:12:33:38 -0400] "GET /de9ca2/?edit=9f898a136cb21948e6de63eead543418f5e338&path=%2Fusr%2Flib%2F.build-id%2F07 HTTP/1.1" 200 1598 "-" "Mozilla/5.0 AppleWebKit/537.36 (KHTML, like Gecko; compatible; GPTBot/1.2; +https://openai.com/gptbot)"
20.171.207.162 - - [17/Jul/2025:12:33:39 -0400] "GET /de9ca2/?edit=093c8a8cff13626a66acc10186185414491fc9&path=%2Fusr%2Flib%2F.build-id%2Fbe HTTP/1.1" 200 1731 "-" "Mozilla/5.0 AppleWebKit/537.36 (KHTML, like Gecko; compatible; GPTBot/1.2; +https://openai.com/gptbot)"
20.171.207.162 - - [17/Jul/2025:12:33:40 -0400] "GET /de9ca2/?edit=69678086f32177d527a6d6d7ee817eda9e544d&path=%2Fusr%2Flib%2F.build-id%2Fe4 HTTP/1.1" 200 1498 "-" "Mozilla/5.0 AppleWebKit/537.36 (KHTML, like Gecko; compatible; GPTBot/1.2; +https://openai.com/gptbot)"
20.171.207.162 - - [17/Jul/2025:12:33:42 -0400] "GET /de9ca2/?edit=396372a1a1bd6b70a30f986036a1ab103b57bf&path=%2Fusr%2Flib%2F.build-id%2F87 HTTP/1.1" 200 1542 "-" "Mozilla/5.0 AppleWebKit/537.36 (KHTML, like Gecko; compatible; GPTBot/1.2; +https://openai.com/gptbot)"
20.171.207.162 - - [17/Jul/2025:12:33:43 -0400] "GET /de9ca2/?edit=8b1c793d25cabb6712e879e6b75d18d867e919&path=%2Fusr%2Flib%2F.build-id%2F42 HTTP/1.1" 200 1995 "-" "Mozilla/5.0 AppleWebKit/537.36 (KHTML, like Gecko; compatible; GPTBot/1.2; +https://openai.com/gptbot)"
20.171.207.162 - - [17/Jul/2025:12:33:44 -0400] "GET /de9ca2/?edit=9f158ab14012928ef1988070e52e16b2ea37bd&path=%2Fusr%2Flib%2F.build-id%2F3d HTTP/1.1" 200 1810 "-" "Mozilla/5.0 AppleWebKit/537.36 (KHTML, like Gecko; compatible; GPTBot/1.2; +https://openai.com/gptbot)"
20.171.207.162 - - [17/Jul/2025:12:33:45 -0400] "GET /de9ca2/?edit=efc86878895e038a3bd269c747319b69dc34e0&path=%2Fusr%2Flib%2F.build-id%2Fc9 HTTP/1.1" 200 1252 "-" "Mozilla/5.0 AppleWebKit/537.36 (KHTML, like Gecko; compatible; GPTBot/1.2; +https://openai.com/gptbot)"
20.171.207.162 - - [17/Jul/2025:12:33:46 -0400] "GET /de9ca2/?edit=fe7151e9406e46b320c9e7615a34c481db1b84&path=%2Fusr%2Flib%2F.build-id%2F6f HTTP/1.1" 200 1378 "-" "Mozilla/5.0 AppleWebKit/537.36 (KHTML, like Gecko; compatible; GPTBot/1.2; +https://openai.com/gptbot)"
20.171.207.162 - - [17/Jul/2025:12:33:47 -0400] "GET /de9ca2/?edit=1df47908026ac0494f553e86d75595cfbb8b05&path=%2Fusr%2Flib%2F.build-id%2F6d HTTP/1.1" 200 1440 "-" "Mozilla/5.0 AppleWebKit/537.36 (KHTML, like Gecko; compatible; GPTBot/1.2; +https://openai.com/gptbot)"
20.171.207.162 - - [17/Jul/2025:12:33:48 -0400] "GET /de9ca2/?edit=cf29360ac82a9719eca096e309a9ce72c13834&path=%2Fusr%2Flib%2F.build-id%2F14 HTTP/1.1" 200 1485 "-" "Mozilla/5.0 AppleWebKit/537.36 (KHTML, like Gecko; compatible; GPTBot/1.2; +https://openai.com/gptbot)"
20.171.207.162 - - [17/Jul/2025:12:33:50 -0400] "GET /de9ca2/?edit=cb817d94efdc45a4ce57ee07b7556248356328&path=%2Fusr%2Flib%2F.build-id%2F50 HTTP/1.1" 200 1428 "-" "Mozilla/5.0 AppleWebKit/537.36 (KHTML, like Gecko; compatible; GPTBot/1.2; +https://openai.com/gptbot)"
20.171.207.162 - - [17/Jul/2025:12:33:51 -0400] "GET /de9ca2/?edit=632c61daf8a4350a633c7361c5970d49b99ace&path=%2Fusr%2Flib%2F.build-id%2F13 HTTP/1.1" 200 1686 "-" "Mozilla/5.0 AppleWebKit/537.36 (KHTML, like Gecko; compatible; GPTBot/1.2; +https://openai.com/gptbot)"
20.171.207.162 - - [17/Jul/2025:12:33:52 -0400] "GET /de9ca2/?edit=a68c0b150049d8f9054e2535cd6f79f88fc481&path=%2Fusr%2Flib%2F.build-id%2F9b HTTP/1.1" 200 1499 "-" "Mozilla/5.0 AppleWebKit/537.36 (KHTML, like Gecko; compatible; GPTBot/1.2; +https://openai.com/gptbot)"
20.171.207.162 - - [17/Jul/2025:12:33:53 -0400] "GET /de9ca2/?edit=b503557b257e0a847dcec123823f781a6a41ce&path=%2Fusr%2Flib%2F.build-id%2F24 HTTP/1.1" 200 1538 "-" "Mozilla/5.0 AppleWebKit/537.36 (KHTML, like Gecko; compatible; GPTBot/1.2; +https://openai.com/gptbot)"
20.171.207.162 - - [17/Jul/2025:12:33:54 -0400] "GET /de9ca2/?edit=154fad4e13388517d8381562ab3aab75b71ce1&path=%2Fusr%2Flib%2F.build-id%2F84 HTTP/1.1" 200 1833 "-" "Mozilla/5.0 AppleWebKit/537.36 (KHTML, like Gecko; compatible; GPTBot/1.2; +https://openai.com/gptbot)"
20.171.207.162 - - [17/Jul/2025:12:33:55 -0400] "GET /de9ca2/?edit=fb6d7912be1d41f24a98c0c28185798146b457&path=%2Fusr%2Flib%2F.build-id%2Fbb HTTP/1.1" 200 1441 "-" "Mozilla/5.0 AppleWebKit/537.36 (KHTML, like Gecko; compatible; GPTBot/1.2; +https://openai.com/gptbot)"
20.171.207.162 - - [17/Jul/2025:12:33:57 -0400] "GET /de9ca2/?edit=34470988695f25288751f7fa4ce5ae864acf5d&path=%2Fusr%2Flib%2F.build-id%2Fe6 HTTP/1.1" 200 1383 "-" "Mozilla/5.0 AppleWebKit/537.36 (KHTML, like Gecko; compatible; GPTBot/1.2; +https://openai.com/gptbot)"
20.171.207.162 - - [17/Jul/2025:12:33:58 -0400] "GET /de9ca2/?edit=718cf1738160473978efe29f2b3c4f34b5b326&path=%2Fusr%2Flib%2F.build-id%2Fad HTTP/1.1" 200 1495 "-" "Mozilla/5.0 AppleWebKit/537.36 (KHTML, like Gecko; compatible; GPTBot/1.2; +https://openai.com/gptbot)"
20.171.207.162 - - [17/Jul/2025:12:33:59 -0400] "GET /de9ca2/?edit=1da5d7100d89cd5195d4f39134617b7f131a3d&path=%2Fusr%2Flib%2F.build-id%2F2f HTTP/1.1" 200 1381 "-" "Mozilla/5.0 AppleWebKit/537.36 (KHTML, like Gecko; compatible; GPTBot/1.2; +https://openai.com/gptbot)"
20.171.207.162 - - [17/Jul/2025:12:34:00 -0400] "GET /de9ca2/?edit=2d1e0f452408b80c87ce34586721d59d88caba&path=%2Fusr%2Flib%2F.build-id%2F30 HTTP/1.1" 200 1430 "-" "Mozilla/5.0 AppleWebKit/537.36 (KHTML, like Gecko; compatible; GPTBot/1.2; +https://openai.com/gptbot)"
20.171.207.162 - - [17/Jul/2025:12:34:01 -0400] "GET /de9ca2/?edit=b5bbab5a0393f7189c004844e9235c965d0b5a&path=%2Fusr%2Flib%2F.build-id%2F12 HTTP/1.1" 200 1417 "-" "Mozilla/5.0 AppleWebKit/537.36 (KHTML, like Gecko; compatible; GPTBot/1.2; +https://openai.com/gptbot)"
20.171.207.162 - - [17/Jul/2025:12:34:02 -0400] "GET /de9ca2/?edit=d91394260ffa957e1d24b3ab7b7fc154a17763&path=%2Fusr%2Flib%2F.build-id%2F47 HTTP/1.1" 200 1631 "-" "Mozilla/5.0 AppleWebKit/537.36 (KHTML, like Gecko; compatible; GPTBot/1.2; +https://openai.com/gptbot)"
20.171.207.162 - - [17/Jul/2025:12:34:04 -0400] "GET /de9ca2/?edit=f58d31a1c9f8f14f49416e76aa3d56f786a756&path=%2Fusr%2Flib%2F.build-id%2F15 HTTP/1.1" 200 1719 "-" "Mozilla/5.0 AppleWebKit/537.36 (KHTML, like Gecko; compatible; GPTBot/1.2; +https://openai.com/gptbot)"
20.171.207.162 - - [17/Jul/2025:12:34:05 -0400] "GET /de9ca2/?edit=4f93b553bde6215be9a44f4c526d16558a22c6&path=%2Fusr%2Flib%2F.build-id%2F46 HTTP/1.1" 200 1349 "-" "Mozilla/5.0 AppleWebKit/537.36 (KHTML, like Gecko; compatible; GPTBot/1.2; +https://openai.com/gptbot)"
20.171.207.162 - - [17/Jul/2025:12:34:06 -0400] "GET /de9ca2/?edit=7de175e297de66c3f0da9624a4824685f058a9&path=%2Fusr%2Flib%2F.build-id%2Fd5 HTTP/1.1" 200 1658 "-" "Mozilla/5.0 AppleWebKit/537.36 (KHTML, like Gecko; compatible; GPTBot/1.2; +https://openai.com/gptbot)"
20.171.207.162 - - [17/Jul/2025:12:34:07 -0400] "GET /de9ca2/?edit=066e5f0d2b3a1038992d5c7ea48720b8df2128&path=%2Fusr%2Flib%2F.build-id%2F7e HTTP/1.1" 200 1683 "-" "Mozilla/5.0 AppleWebKit/537.36 (KHTML, like Gecko; compatible; GPTBot/1.2; +https://openai.com/gptbot)"
20.171.207.162 - - [17/Jul/2025:12:34:08 -0400] "GET /de9ca2/?edit=0e3ed6278fa857e6ec54043843aaf78b4065a8&path=%2Fusr%2Flib%2F.build-id%2F77 HTTP/1.1" 200 1663 "-" "Mozilla/5.0 AppleWebKit/537.36 (KHTML, like Gecko; compatible; GPTBot/1.2; +https://openai.com/gptbot)"
20.171.207.162 - - [17/Jul/2025:12:34:09 -0400] "GET /de9ca2/?edit=a35b39399115caae566d26f087cb57d800ab91&path=%2Fusr%2Flib%2F.build-id%2F19 HTTP/1.1" 200 1574 "-" "Mozilla/5.0 AppleWebKit/537.36 (KHTML, like Gecko; compatible; GPTBot/1.2; +https://openai.com/gptbot)"
20.171.207.162 - - [17/Jul/2025:12:34:10 -0400] "GET /de9ca2/?edit=a608fcd63a8b804c96f79c4742356bdc040453&path=%2Fusr%2Flib%2F.build-id%2F6f HTTP/1.1" 200 1379 "-" "Mozilla/5.0 AppleWebKit/537.36 (KHTML, like Gecko; compatible; GPTBot/1.2; +https://openai.com/gptbot)"
20.171.207.162 - - [17/Jul/2025:12:34:12 -0400] "GET /de9ca2/?edit=cb0e56c634a1c95d9288614a016395ec35f61b&path=%2Fusr%2Flib%2F.build-id%2Fe7 HTTP/1.1" 200 1644 "-" "Mozilla/5.0 AppleWebKit/537.36 (KHTML, like Gecko; compatible; GPTBot/1.2; +https://openai.com/gptbot)"
20.171.207.162 - - [17/Jul/2025:12:34:13 -0400] "GET /de9ca2/?edit=b56cc1f9a6b991c5b0305dbf13123220a8294c&path=%2Fusr%2Flib%2F.build-id%2F07 HTTP/1.1" 200 1529 "-" "Mozilla/5.0 AppleWebKit/537.36 (KHTML, like Gecko; compatible; GPTBot/1.2; +https://openai.com/gptbot)"
20.171.207.162 - - [17/Jul/2025:12:34:14 -0400] "GET /de9ca2/?edit=9784c167621f3db423ad9a8a58419778abc30e&path=%2Fusr%2Flib%2F.build-id%2Ff2 HTTP/1.1" 200 1388 "-" "Mozilla/5.0 AppleWebKit/537.36 (KHTML, like Gecko; compatible; GPTBot/1.2; +https://openai.com/gptbot)"
20.171.207.162 - - [17/Jul/2025:12:34:15 -0400] "GET /de9ca2/?edit=e09155263f2ae740942adabab08f28c6b61439&path=%2Fusr%2Flib%2F.build-id%2F74 HTTP/1.1" 200 1390 "-" "Mozilla/5.0 AppleWebKit/537.36 (KHTML, like Gecko; compatible; GPTBot/1.2; +https://openai.com/gptbot)"
20.171.207.162 - - [17/Jul/2025:12:34:16 -0400] "GET /de9ca2/?edit=c58c96034646c2d50bd557b807c11a80ef736c&path=%2Fusr%2Flib%2F.build-id%2Fa5 HTTP/1.1" 200 1497 "-" "Mozilla/5.0 AppleWebKit/537.36 (KHTML, like Gecko; compatible; GPTBot/1.2; +https://openai.com/gptbot)"
20.171.207.162 - - [17/Jul/2025:12:34:17 -0400] "GET /de9ca2/?edit=48d0da507bc3d20609ccace1ee908195955269&path=%2Fusr%2Flib%2F.build-id%2F07 HTTP/1.1" 200 1598 "-" "Mozilla/5.0 AppleWebKit/537.36 (KHTML, like Gecko; compatible; GPTBot/1.2; +https://openai.com/gptbot)"
20.171.207.162 - - [17/Jul/2025:12:34:19 -0400] "GET /de9ca2/?edit=3852e916ec460be18a8b883e1970b9b4f0e3e1&path=%2Fusr%2Flib%2F.build-id%2F91 HTTP/1.1" 200 1521 "-" "Mozilla/5.0 AppleWebKit/537.36 (KHTML, like Gecko; compatible; GPTBot/1.2; +https://openai.com/gptbot)"
20.171.207.162 - - [17/Jul/2025:12:34:20 -0400] "GET /de9ca2/?edit=7eaef73089df1c9e683c3c88478a186057d4b9&path=%2Fusr%2Flib%2F.build-id%2F29 HTTP/1.1" 200 1404 "-" "Mozilla/5.0 AppleWebKit/537.36 (KHTML, like Gecko; compatible; GPTBot/1.2; +https://openai.com/gptbot)"
20.171.207.162 - - [17/Jul/2025:12:34:21 -0400] "GET /de9ca2/?edit=e708c7696e667d851a4da15adc3bff47003849&path=%2Fusr%2Flib%2F.build-id%2F70 HTTP/1.1" 200 1376 "-" "Mozilla/5.0 AppleWebKit/537.36 (KHTML, like Gecko; compatible; GPTBot/1.2; +https://openai.com/gptbot)"
20.171.207.162 - - [17/Jul/2025:12:34:22 -0400] "GET /de9ca2/?edit=bd0b129368b7e49d29872d21ce7368ac0fe832&path=%2Fusr%2Flib%2F.build-id%2F62 HTTP/1.1" 200 1449 "-" "Mozilla/5.0 AppleWebKit/537.36 (KHTML, like Gecko; compatible; GPTBot/1.2; +https://openai.com/gptbot)"
20.171.207.162 - - [17/Jul/2025:12:34:23 -0400] "GET /de9ca2/?edit=168605b12625fa1db502db5bfb795a016e38f1&path=%2Fusr%2Flib%2F.build-id%2F03 HTTP/1.1" 200 1572 "-" "Mozilla/5.0 AppleWebKit/537.36 (KHTML, like Gecko; compatible; GPTBot/1.2; +https://openai.com/gptbot)"
20.171.207.162 - - [17/Jul/2025:12:34:24 -0400] "GET /de9ca2/?edit=6d9c600fe916db7dd9f884b35fd43987b63511&path=%2Fusr%2Flib%2F.build-id%2F68 HTTP/1.1" 200 1597 "-" "Mozilla/5.0 AppleWebKit/537.36 (KHTML, like Gecko; compatible; GPTBot/1.2; +https://openai.com/gptbot)"
20.171.207.162 - - [17/Jul/2025:12:34:25 -0400] "GET /de9ca2/?edit=8a952089550c0ad42b59be5c1fa94d8439e21e&path=%2Fusr%2Flib%2F.build-id%2F92 HTTP/1.1" 200 1508 "-" "Mozilla/5.0 AppleWebKit/537.36 (KHTML, like Gecko; compatible; GPTBot/1.2; +https://openai.com/gptbot)"
20.171.207.162 - - [17/Jul/2025:12:34:27 -0400] "GET /de9ca2/?edit=48ae56e7bca45d58761f743e821e084e9a702f&path=%2Fusr%2Flib%2F.build-id%2F40 HTTP/1.1" 200 1495 "-" "Mozilla/5.0 AppleWebKit/537.36 (KHTML, like Gecko; compatible; GPTBot/1.2; +https://openai.com/gptbot)"
20.171.207.162 - - [17/Jul/2025:12:34:28 -0400] "GET /de9ca2/?edit=024c8e1dd113b20b5f6a37e43f811a0bb18166&path=%2Fusr%2Flib%2F.build-id%2F56 HTTP/1.1" 200 1500 "-" "Mozilla/5.0 AppleWebKit/537.36 (KHTML, like Gecko; compatible; GPTBot/1.2; +https://openai.com/gptbot)"
66.29.141.133 - - [17/Jul/2025:12:34:28 -0400] "POST /wp-cron.php?doing_wp_cron=1752770068.5106799602508544921875 HTTP/1.1" 403 1242 "-" "WordPress/6.8.2; https://www.katrynrose.com"
66.249.74.97 - - [17/Jul/2025:12:34:28 -0400] "GET /swallow179004148.html HTTP/1.1" 301 0 "-" "Mozilla/5.0 (Linux; Android 6.0.1; Nexus 5X Build/MMB29P) AppleWebKit/537.36 (KHTML, like Gecko) Chrome/137.0.7151.103 Mobile Safari/537.36 (compatible; Googlebot/2.1; +http://www.google.com/bot.html)"
66.249.65.198 - - [17/Jul/2025:12:34:28 -0400] "GET /swallow179004148.html HTTP/1.1" 404 4119 "-" "Mozilla/5.0 (Linux; Android 6.0.1; Nexus 5X Build/MMB29P) AppleWebKit/537.36 (KHTML, like Gecko) Chrome/137.0.7151.103 Mobile Safari/537.36 (compatible; Googlebot/2.1; +http://www.google.com/bot.html)"
20.171.207.162 - - [17/Jul/2025:12:34:29 -0400] "GET /de9ca2/?edit=90daf3834224518276ea7692e85db58ff3957b&path=%2Fusr%2Flib%2F.build-id%2Fcb HTTP/1.1" 200 1408 "-" "Mozilla/5.0 AppleWebKit/537.36 (KHTML, like Gecko; compatible; GPTBot/1.2; +https://openai.com/gptbot)"
20.171.207.162 - - [17/Jul/2025:12:34:30 -0400] "GET /de9ca2/?edit=13253a5b6408cd66efda763837fd5e0e14e902&path=%2Fusr%2Flib%2F.build-id%2F49 HTTP/1.1" 200 1368 "-" "Mozilla/5.0 AppleWebKit/537.36 (KHTML, like Gecko; compatible; GPTBot/1.2; +https://openai.com/gptbot)"
20.171.207.162 - - [17/Jul/2025:12:34:31 -0400] "GET /de9ca2/?edit=342f47b7e17a0675aa81230629eb08aeb3e893&path=%2Fusr%2Flib%2F.build-id%2F8d HTTP/1.1" 200 1672 "-" "Mozilla/5.0 AppleWebKit/537.36 (KHTML, like Gecko; compatible; GPTBot/1.2; +https://openai.com/gptbot)"
20.171.207.162 - - [17/Jul/2025:12:34:32 -0400] "GET /de9ca2/?edit=71a62d6f9b305052f2e037a5c3f60182b9b039&path=%2Fusr%2Flib%2F.build-id%2Ffa HTTP/1.1" 200 1976 "-" "Mozilla/5.0 AppleWebKit/537.36 (KHTML, like Gecko; compatible; GPTBot/1.2; +https://openai.com/gptbot)"
20.171.207.162 - - [17/Jul/2025:12:34:34 -0400] "GET /de9ca2/?edit=f802f16fb8d996d1723279e06e297959fbfb17&path=%2Fusr%2Flib%2F.build-id%2Fd0 HTTP/1.1" 200 1307 "-" "Mozilla/5.0 AppleWebKit/537.36 (KHTML, like Gecko; compatible; GPTBot/1.2; +https://openai.com/gptbot)"
20.171.207.162 - - [17/Jul/2025:12:34:35 -0400] "GET /de9ca2/?edit=6a1b69647c8538cfc488b91b2f25b0a9132c75&path=%2Fusr%2Flib%2F.build-id%2Fc2 HTTP/1.1" 200 1480 "-" "Mozilla/5.0 AppleWebKit/537.36 (KHTML, like Gecko; compatible; GPTBot/1.2; +https://openai.com/gptbot)"
20.171.207.162 - - [17/Jul/2025:12:34:36 -0400] "GET /de9ca2/?edit=d674301f369b8177a8dfeda983020f16df0619&path=%2Fusr%2Flib%2F.build-id%2F2b HTTP/1.1" 200 1594 "-" "Mozilla/5.0 AppleWebKit/537.36 (KHTML, like Gecko; compatible; GPTBot/1.2; +https://openai.com/gptbot)"
20.171.207.162 - - [17/Jul/2025:12:34:37 -0400] "GET /de9ca2/?edit=d700f8f67ae93d690b5fe1c27c7a23539a7502&path=%2Fusr%2Flib%2F.build-id%2F78 HTTP/1.1" 200 1809 "-" "Mozilla/5.0 AppleWebKit/537.36 (KHTML, like Gecko; compatible; GPTBot/1.2; +https://openai.com/gptbot)"
20.171.207.162 - - [17/Jul/2025:12:34:38 -0400] "GET /de9ca2/?edit=d11b28907120e407e91d27398f30bceadf026b&path=%2Fusr%2Flib%2F.build-id%2F57 HTTP/1.1" 200 1443 "-" "Mozilla/5.0 AppleWebKit/537.36 (KHTML, like Gecko; compatible; GPTBot/1.2; +https://openai.com/gptbot)"
20.171.207.162 - - [17/Jul/2025:12:34:39 -0400] "GET /de9ca2/?edit=efa16ca358662c49252fb994385ea710882c7b&path=%2Fusr%2Flib%2F.build-id%2F1c HTTP/1.1" 200 1550 "-" "Mozilla/5.0 AppleWebKit/537.36 (KHTML, like Gecko; compatible; GPTBot/1.2; +https://openai.com/gptbot)"
20.171.207.162 - - [17/Jul/2025:12:34:41 -0400] "GET /de9ca2/?edit=30671b8845cc55922a47b10af31b6a4905ef0e&path=%2Fusr%2Flib%2F.build-id%2F9a HTTP/1.1" 200 1451 "-" "Mozilla/5.0 AppleWebKit/537.36 (KHTML, like Gecko; compatible; GPTBot/1.2; +https://openai.com/gptbot)"
20.171.207.162 - - [17/Jul/2025:12:34:42 -0400] "GET /de9ca2/?edit=3ea478a90e6a49b181f3a9231d2a8c1b07c120&path=%2Fusr%2Flib%2F.build-id%2F48 HTTP/1.1" 200 1486 "-" "Mozilla/5.0 AppleWebKit/537.36 (KHTML, like Gecko; compatible; GPTBot/1.2; +https://openai.com/gptbot)"
20.171.207.162 - - [17/Jul/2025:12:34:43 -0400] "GET /de9ca2/?edit=5759bc242857dbdf2a648bb60ab688554e4516&path=%2Fusr%2Flib%2F.build-id%2F4b HTTP/1.1" 200 1798 "-" "Mozilla/5.0 AppleWebKit/537.36 (KHTML, like Gecko; compatible; GPTBot/1.2; +https://openai.com/gptbot)"
20.171.207.162 - - [17/Jul/2025:12:34:44 -0400] "GET /de9ca2/?edit=71a62d6f9b305052f2e037a5c3f60182b9b039&path=%2Fusr%2Flib%2F.build-id%2Ffa HTTP/1.1" 200 1976 "-" "Mozilla/5.0 AppleWebKit/537.36 (KHTML, like Gecko; compatible; GPTBot/1.2; +https://openai.com/gptbot)"
20.171.207.162 - - [17/Jul/2025:12:34:45 -0400] "GET /de9ca2/?edit=a738804981fd51e97651e11e032a0f01ec8c3d&path=%2Fusr%2Flib%2F.build-id%2F6f HTTP/1.1" 200 1379 "-" "Mozilla/5.0 AppleWebKit/537.36 (KHTML, like Gecko; compatible; GPTBot/1.2; +https://openai.com/gptbot)"
20.171.207.162 - - [17/Jul/2025:12:34:46 -0400] "GET /de9ca2/?edit=c5007947b5b97d36e5484dccbd57310f0a0a50&path=%2Fusr%2Flib%2F.build-id%2F71 HTTP/1.1" 200 1603 "-" "Mozilla/5.0 AppleWebKit/537.36 (KHTML, like Gecko; compatible; GPTBot/1.2; +https://openai.com/gptbot)"
20.171.207.162 - - [17/Jul/2025:12:34:47 -0400] "GET /de9ca2/?edit=fd0dc0493b225de0d550e64d7961f09a3e8370&path=%2Fusr%2Flib%2F.build-id%2F76 HTTP/1.1" 200 1336 "-" "Mozilla/5.0 AppleWebKit/537.36 (KHTML, like Gecko; compatible; GPTBot/1.2; +https://openai.com/gptbot)"
44.223.232.55 - - [17/Jul/2025:12:34:48 -0400] "GET /wp-includes/class-avif-info.php HTTP/1.1" 403 1242 "-" "Mozilla/5.0 AppleWebKit/537.36 (KHTML, like Gecko; compatible; Amazonbot/0.1; +https://developer.amazon.com/support/amazonbot) Chrome/119.0.6045.214 Safari/537.36"
20.171.207.162 - - [17/Jul/2025:12:34:49 -0400] "GET /de9ca2/?edit=50c100d3b0acc68b48a5946cc6d262864a8057&path=%2Fusr%2Flib%2F.build-id%2Fb4 HTTP/1.1" 200 1463 "-" "Mozilla/5.0 AppleWebKit/537.36 (KHTML, like Gecko; compatible; GPTBot/1.2; +https://openai.com/gptbot)"
20.171.207.162 - - [17/Jul/2025:12:34:50 -0400] "GET /de9ca2/?edit=32656a76756cd4a8cbe3022dc3d826f1d33a14&path=%2Fusr%2Flib%2F.build-id%2F46 HTTP/1.1" 200 1348 "-" "Mozilla/5.0 AppleWebKit/537.36 (KHTML, like Gecko; compatible; GPTBot/1.2; +https://openai.com/gptbot)"
20.171.207.162 - - [17/Jul/2025:12:34:51 -0400] "GET /de9ca2/?edit=3c53604959e353d912095e5aa16b7d0b22cf48&path=%2Fusr%2Flib%2F.build-id%2Ffb HTTP/1.1" 200 1573 "-" "Mozilla/5.0 AppleWebKit/537.36 (KHTML, like Gecko; compatible; GPTBot/1.2; +https://openai.com/gptbot)"
20.171.207.162 - - [17/Jul/2025:12:34:52 -0400] "GET /de9ca2/?edit=490b00354a7a00498e46b93b55ddc5a57395ec&path=%2Fusr%2Flib%2F.build-id%2Fc0 HTTP/1.1" 200 1642 "-" "Mozilla/5.0 AppleWebKit/537.36 (KHTML, like Gecko; compatible; GPTBot/1.2; +https://openai.com/gptbot)"
20.171.207.162 - - [17/Jul/2025:12:34:53 -0400] "GET /de9ca2/?edit=ae015675d24b01ef9620305e7e443dd00f4c59&path=%2Fusr%2Flib%2F.build-id%2Fe3 HTTP/1.1" 200 1337 "-" "Mozilla/5.0 AppleWebKit/537.36 (KHTML, like Gecko; compatible; GPTBot/1.2; +https://openai.com/gptbot)"
54.84.161.62 - - [17/Jul/2025:12:34:54 -0400] "GET /wp-includes/global-styles-and-settings.php HTTP/1.1" 403 1242 "-" "Mozilla/5.0 AppleWebKit/537.36 (KHTML, like Gecko; compatible; Amazonbot/0.1; +https://developer.amazon.com/support/amazonbot) Chrome/119.0.6045.214 Safari/537.36"
20.171.207.162 - - [17/Jul/2025:12:34:54 -0400] "GET /de9ca2/?edit=2db4d1ec21094f7b2f19a564486b4c65e36112&path=%2Fusr%2Flib%2F.build-id%2Fc9 HTTP/1.1" 200 1185 "-" "Mozilla/5.0 AppleWebKit/537.36 (KHTML, like Gecko; compatible; GPTBot/1.2; +https://openai.com/gptbot)"
20.171.207.162 - - [17/Jul/2025:12:34:55 -0400] "GET /de9ca2/?edit=600f9c1ac69c7221f00ae26cc596b67796b5a4&path=%2Fusr%2Flib%2F.build-id%2F53 HTTP/1.1" 200 1534 "-" "Mozilla/5.0 AppleWebKit/537.36 (KHTML, like Gecko; compatible; GPTBot/1.2; +https://openai.com/gptbot)"
20.171.207.162 - - [17/Jul/2025:12:34:57 -0400] "GET /de9ca2/?edit=a78c4a9d40a2899ffc4e41604782d5531281fe&path=%2Fusr%2Flib%2F.build-id%2F3e HTTP/1.1" 200 1651 "-" "Mozilla/5.0 AppleWebKit/537.36 (KHTML, like Gecko; compatible; GPTBot/1.2; +https://openai.com/gptbot)"
54.83.23.103 - - [17/Jul/2025:12:34:57 -0400] "GET /wp-includes/class-walker-category.php HTTP/1.1" 403 1242 "-" "Mozilla/5.0 AppleWebKit/537.36 (KHTML, like Gecko; compatible; Amazonbot/0.1; +https://developer.amazon.com/support/amazonbot) Chrome/119.0.6045.214 Safari/537.36"
20.171.207.162 - - [17/Jul/2025:12:34:58 -0400] "GET /de9ca2/?edit=0a35646773a5bbe6cf298e41cd69233c90d586&path=%2Fusr%2Flib%2F.build-id%2F9c HTTP/1.1" 200 1378 "-" "Mozilla/5.0 AppleWebKit/537.36 (KHTML, like Gecko; compatible; GPTBot/1.2; +https://openai.com/gptbot)"
20.171.207.162 - - [17/Jul/2025:12:34:59 -0400] "GET /de9ca2/?edit=5250f0875d6f9576487678af5200ebe4c9dbb4&path=%2Fusr%2Flib%2F.build-id%2Fe7 HTTP/1.1" 200 1711 "-" "Mozilla/5.0 AppleWebKit/537.36 (KHTML, like Gecko; compatible; GPTBot/1.2; +https://openai.com/gptbot)"
20.171.207.162 - - [17/Jul/2025:12:35:00 -0400] "GET /de9ca2/?edit=f49cb117d616c036a1571a8e0f0d1c1f20e805&path=%2Fusr%2Flib%2F.build-id%2F58 HTTP/1.1" 200 1290 "-" "Mozilla/5.0 AppleWebKit/537.36 (KHTML, like Gecko; compatible; GPTBot/1.2; +https://openai.com/gptbot)"
52.22.87.224 - - [17/Jul/2025:12:35:01 -0400] "GET /wp-includes/Requests/library/ HTTP/1.1" 200 785 "-" "Mozilla/5.0 AppleWebKit/537.36 (KHTML, like Gecko; compatible; Amazonbot/0.1; +https://developer.amazon.com/support/amazonbot) Chrome/119.0.6045.214 Safari/537.36"
20.171.207.162 - - [17/Jul/2025:12:35:01 -0400] "GET /de9ca2/?edit=b2442db4ba5e017c033cb63f29436122442c1e&path=%2Fusr%2Flib%2F.build-id%2F7c HTTP/1.1" 200 1381 "-" "Mozilla/5.0 AppleWebKit/537.36 (KHTML, like Gecko; compatible; GPTBot/1.2; +https://openai.com/gptbot)"
20.171.207.162 - - [17/Jul/2025:12:35:02 -0400] "GET /de9ca2/?edit=1252a2c843e02acb188272d3646f6473daa26f&path=%2Fusr%2Flib%2F.build-id%2F4b HTTP/1.1" 200 1730 "-" "Mozilla/5.0 AppleWebKit/537.36 (KHTML, like Gecko; compatible; GPTBot/1.2; +https://openai.com/gptbot)"
20.171.207.162 - - [17/Jul/2025:12:35:04 -0400] "GET /de9ca2/?edit=818ed7a37c88acc5e73c21780423a6b3d28097&path=%2Fusr%2Flib%2F.build-id%2Fd1 HTTP/1.1" 200 1407 "-" "Mozilla/5.0 AppleWebKit/537.36 (KHTML, like Gecko; compatible; GPTBot/1.2; +https://openai.com/gptbot)"
20.171.207.162 - - [17/Jul/2025:12:35:05 -0400] "GET /de9ca2/?edit=b2796cc90ca0db9091047291516f261c921dab&path=%2Fusr%2Flib%2F.build-id%2F5c HTTP/1.1" 200 1459 "-" "Mozilla/5.0 AppleWebKit/537.36 (KHTML, like Gecko; compatible; GPTBot/1.2; +https://openai.com/gptbot)"
20.171.207.162 - - [17/Jul/2025:12:35:06 -0400] "GET /de9ca2/?edit=42f3d2cd9953c704e0a40e42261e067bf829b6&path=%2Fusr%2Flib%2F.build-id%2Fd2 HTTP/1.1" 200 1476 "-" "Mozilla/5.0 AppleWebKit/537.36 (KHTML, like Gecko; compatible; GPTBot/1.2; +https://openai.com/gptbot)"
20.171.207.162 - - [17/Jul/2025:12:35:07 -0400] "GET /de9ca2/?edit=a566ed87290adb85ca6b7c36d980905598c4c4&path=%2Fusr%2Flib%2F.build-id%2F55 HTTP/1.1" 200 1663 "-" "Mozilla/5.0 AppleWebKit/537.36 (KHTML, like Gecko; compatible; GPTBot/1.2; +https://openai.com/gptbot)"
20.171.207.162 - - [17/Jul/2025:12:35:08 -0400] "GET /de9ca2/?edit=86b11b07132b49f87c7e7602328c0a83d2bb5e&path=%2Fusr%2Flib%2F.build-id%2Fc4 HTTP/1.1" 200 1765 "-" "Mozilla/5.0 AppleWebKit/537.36 (KHTML, like Gecko; compatible; GPTBot/1.2; +https://openai.com/gptbot)"
34.205.170.13 - - [17/Jul/2025:12:35:08 -0400] "GET /wp-includes/customize/class-wp-customize-partial.php HTTP/1.1" 403 1242 "-" "Mozilla/5.0 AppleWebKit/537.36 (KHTML, like Gecko; compatible; Amazonbot/0.1; +https://developer.amazon.com/support/amazonbot) Chrome/119.0.6045.214 Safari/537.36"
20.171.207.162 - - [17/Jul/2025:12:35:09 -0400] "GET /de9ca2/?edit=60f01055c2db64b949ec29127cb23072d252f1&path=%2Fusr%2Flib%2F.build-id%2Fbe HTTP/1.1" 200 1730 "-" "Mozilla/5.0 AppleWebKit/537.36 (KHTML, like Gecko; compatible; GPTBot/1.2; +https://openai.com/gptbot)"
20.171.207.162 - - [17/Jul/2025:12:35:10 -0400] "GET /de9ca2/?edit=f3e510b569f2a21bd2466066a0cb3176c0d8f8&path=%2Fusr%2Flib%2F.build-id%2F24 HTTP/1.1" 200 1536 "-" "Mozilla/5.0 AppleWebKit/537.36 (KHTML, like Gecko; compatible; GPTBot/1.2; +https://openai.com/gptbot)"
20.171.207.162 - - [17/Jul/2025:12:35:12 -0400] "GET /de9ca2/?edit=44b70774f61ddb3c481ed8c3da741465b47094&path=%2Fusr%2Flib%2F.build-id%2Ff5 HTTP/1.1" 200 1389 "-" "Mozilla/5.0 AppleWebKit/537.36 (KHTML, like Gecko; compatible; GPTBot/1.2; +https://openai.com/gptbot)"
54.89.90.224 - - [17/Jul/2025:12:35:13 -0400] "GET /wp-includes/fonts/class-wp-font-collection.php HTTP/1.1" 403 1242 "-" "Mozilla/5.0 AppleWebKit/537.36 (KHTML, like Gecko; compatible; Amazonbot/0.1; +https://developer.amazon.com/support/amazonbot) Chrome/119.0.6045.214 Safari/537.36"
20.171.207.162 - - [17/Jul/2025:12:35:13 -0400] "GET /de9ca2/?edit=75f0a7c2d86dafa3c569f1420b45d11e912980&path=%2Fusr%2Flib%2F.build-id%2F21 HTTP/1.1" 200 1475 "-" "Mozilla/5.0 AppleWebKit/537.36 (KHTML, like Gecko; compatible; GPTBot/1.2; +https://openai.com/gptbot)"
52.70.138.176 - - [17/Jul/2025:12:35:13 -0400] "GET /wp-includes/certificates/ HTTP/1.1" 200 783 "-" "Mozilla/5.0 AppleWebKit/537.36 (KHTML, like Gecko; compatible; Amazonbot/0.1; +https://developer.amazon.com/support/amazonbot) Chrome/119.0.6045.214 Safari/537.36"
20.171.207.162 - - [17/Jul/2025:12:35:14 -0400] "GET /de9ca2/?path=%2Fvar%2Flib%2Fmysql%2Fgoolgxhi_bbpr674 HTTP/1.1" 200 599 "-" "Mozilla/5.0 AppleWebKit/537.36 (KHTML, like Gecko; compatible; GPTBot/1.2; +https://openai.com/gptbot)"
20.171.207.162 - - [17/Jul/2025:12:35:15 -0400] "GET /de9ca2/?path=%2Fvar%2Flib%2Fmysql%2Fhelatvno_piwi610 HTTP/1.1" 200 598 "-" "Mozilla/5.0 AppleWebKit/537.36 (KHTML, like Gecko; compatible; GPTBot/1.2; +https://openai.com/gptbot)"
20.171.207.162 - - [17/Jul/2025:12:35:16 -0400] "GET /de9ca2/?path=%2Fvar%2Flib%2Fmysql%2Fjoshvkia_your674 HTTP/1.1" 200 600 "-" "Mozilla/5.0 AppleWebKit/537.36 (KHTML, like Gecko; compatible; GPTBot/1.2; +https://openai.com/gptbot)"
98.84.60.17 - - [17/Jul/2025:12:35:17 -0400] "GET /wp-includes/bookmark-template.php HTTP/1.1" 403 1242 "-" "Mozilla/5.0 AppleWebKit/537.36 (KHTML, like Gecko; compatible; Amazonbot/0.1; +https://developer.amazon.com/support/amazonbot) Chrome/119.0.6045.214 Safari/537.36"
20.171.207.162 - - [17/Jul/2025:12:35:17 -0400] "GET /de9ca2/?path=%2Fvar%2Flib%2Fmysql%2Fdunsiftl_roun103 HTTP/1.1" 200 599 "-" "Mozilla/5.0 AppleWebKit/537.36 (KHTML, like Gecko; compatible; GPTBot/1.2; +https://openai.com/gptbot)"
20.171.207.162 - - [17/Jul/2025:12:35:18 -0400] "GET /de9ca2/?path=%2Fvar%2Flib%2Fmysql%2Follyqgvm_roun821 HTTP/1.1" 200 598 "-" "Mozilla/5.0 AppleWebKit/537.36 (KHTML, like Gecko; compatible; GPTBot/1.2; +https://openai.com/gptbot)"
20.171.207.162 - - [17/Jul/2025:12:35:20 -0400] "GET /de9ca2/?path=%2Fvar%2Flib%2Fmysql%2Fexketudn_mood432 HTTP/1.1" 200 596 "-" "Mozilla/5.0 AppleWebKit/537.36 (KHTML, like Gecko; compatible; GPTBot/1.2; +https://openai.com/gptbot)"
20.171.207.162 - - [17/Jul/2025:12:35:21 -0400] "GET /de9ca2/?path=%2Fvar%2Flib%2Fmysql%2Fdunsiftl_mood548 HTTP/1.1" 200 597 "-" "Mozilla/5.0 AppleWebKit/537.36 (KHTML, like Gecko; compatible; GPTBot/1.2; +https://openai.com/gptbot)"
3.94.156.104 - - [17/Jul/2025:12:35:21 -0400] "GET /wp-includes/sodium_compat/lib/ HTTP/1.1" 200 1403 "-" "Mozilla/5.0 AppleWebKit/537.36 (KHTML, like Gecko; compatible; Amazonbot/0.1; +https://developer.amazon.com/support/amazonbot) Chrome/119.0.6045.214 Safari/537.36"
20.171.207.162 - - [17/Jul/2025:12:35:22 -0400] "GET /de9ca2/?path=%2Fvar%2Flib%2Fmysql%2Fedupxulz_500kbio HTTP/1.1" 200 597 "-" "Mozilla/5.0 AppleWebKit/537.36 (KHTML, like Gecko; compatible; GPTBot/1.2; +https://openai.com/gptbot)"
20.171.207.162 - - [17/Jul/2025:12:35:23 -0400] "GET /de9ca2/?edit=install.php&path=%2Fvar%2Fsoftaculous%2Funmark HTTP/1.1" 200 5225 "-" "Mozilla/5.0 AppleWebKit/537.36 (KHTML, like Gecko; compatible; GPTBot/1.2; +https://openai.com/gptbot)"
20.171.207.162 - - [17/Jul/2025:12:35:24 -0400] "GET /de9ca2/?edit=install.php&path=%2Fvar%2Fsoftaculous%2Fweberp HTTP/1.1" 200 4773 "-" "Mozilla/5.0 AppleWebKit/537.36 (KHTML, like Gecko; compatible; GPTBot/1.2; +https://openai.com/gptbot)"
3.213.46.222 - - [17/Jul/2025:12:35:25 -0400] "GET /wp-includes/customize/class-wp-customize-background-image-control.php HTTP/1.1" 403 1242 "-" "Mozilla/5.0 AppleWebKit/537.36 (KHTML, like Gecko; compatible; Amazonbot/0.1; +https://developer.amazon.com/support/amazonbot) Chrome/119.0.6045.214 Safari/537.36"
20.171.207.162 - - [17/Jul/2025:12:35:25 -0400] "GET /de9ca2/?edit=install.php&path=%2Fvar%2Fsoftaculous%2Fzenber HTTP/1.1" 200 7346 "-" "Mozilla/5.0 AppleWebKit/537.36 (KHTML, like Gecko; compatible; GPTBot/1.2; +https://openai.com/gptbot)"
20.171.207.162 - - [17/Jul/2025:12:35:26 -0400] "GET /de9ca2/?edit=install.php&path=%2Fvar%2Fsoftaculous%2Ffluxbb HTTP/1.1" 200 4383 "-" "Mozilla/5.0 AppleWebKit/537.36 (KHTML, like Gecko; compatible; GPTBot/1.2; +https://openai.com/gptbot)"
20.171.207.162 - - [17/Jul/2025:12:35:28 -0400] "GET /de9ca2/?path=%2Flib64%2Fguile%2F.. HTTP/1.1" 200 20003 "-" "Mozilla/5.0 AppleWebKit/537.36 (KHTML, like Gecko; compatible; GPTBot/1.2; +https://openai.com/gptbot)"
52.21.62.139 - - [17/Jul/2025:12:35:29 -0400] "GET /wp-includes/block-patterns/social-links-shared-background-color.php HTTP/1.1" 403 1242 "-" "Mozilla/5.0 AppleWebKit/537.36 (KHTML, like Gecko; compatible; Amazonbot/0.1; +https://developer.amazon.com/support/amazonbot) Chrome/119.0.6045.214 Safari/537.36"
20.171.207.162 - - [17/Jul/2025:12:35:29 -0400] "GET /de9ca2/?edit=whmcs.zip&path=%2Fvar%2Fsoftaculous%2Fwhmcs HTTP/1.1" 200 1086 "-" "Mozilla/5.0 AppleWebKit/537.36 (KHTML, like Gecko; compatible; GPTBot/1.2; +https://openai.com/gptbot)"
20.171.207.162 - - [17/Jul/2025:12:35:31 -0400] "GET /de9ca2/?edit=baker.zip&path=%2Fvar%2Fsoftaculous%2Fbaker HTTP/1.1" 200 1007 "-" "Mozilla/5.0 AppleWebKit/537.36 (KHTML, like Gecko; compatible; GPTBot/1.2; +https://openai.com/gptbot)"
20.171.207.162 - - [17/Jul/2025:12:35:32 -0400] "GET /de9ca2/?edit=jquery.js&path=%2Fvar%2Fsoftaculous%2Fjquery HTTP/1.1" 200 93471 "-" "Mozilla/5.0 AppleWebKit/537.36 (KHTML, like Gecko; compatible; GPTBot/1.2; +https://openai.com/gptbot)"
98.83.94.113 - - [17/Jul/2025:12:35:33 -0400] "GET /wp-includes/Text/?ND HTTP/1.1" 200 878 "-" "Mozilla/5.0 AppleWebKit/537.36 (KHTML, like Gecko; compatible; Amazonbot/0.1; +https://developer.amazon.com/support/amazonbot) Chrome/119.0.6045.214 Safari/537.36"
20.171.207.162 - - [17/Jul/2025:12:35:33 -0400] "GET /de9ca2/?edit=jquery3.js&path=%2Fvar%2Fsoftaculous%2Fjquery HTTP/1.1" 200 89445 "-" "Mozilla/5.0 AppleWebKit/537.36 (KHTML, like Gecko; compatible; GPTBot/1.2; +https://openai.com/gptbot)"
20.171.207.162 - - [17/Jul/2025:12:35:34 -0400] "GET /de9ca2/?edit=htmly.zip&path=%2Fvar%2Fsoftaculous%2Fhtmly HTTP/1.1" 200 1018 "-" "Mozilla/5.0 AppleWebKit/537.36 (KHTML, like Gecko; compatible; GPTBot/1.2; +https://openai.com/gptbot)"
20.171.207.162 - - [17/Jul/2025:12:35:35 -0400] "GET /de9ca2/?edit=compress_offload.h&path=%2Fusr%2Finclude%2Fsound HTTP/1.1" 200 2936 "-" "Mozilla/5.0 AppleWebKit/537.36 (KHTML, like Gecko; compatible; GPTBot/1.2; +https://openai.com/gptbot)"
20.171.207.162 - - [17/Jul/2025:12:35:37 -0400] "GET /de9ca2/?edit=nodejs_native.attr&path=%2Flib%2Frpm%2Ffileattrs HTTP/1.1" 200 894 "-" "Mozilla/5.0 AppleWebKit/537.36 (KHTML, like Gecko; compatible; GPTBot/1.2; +https://openai.com/gptbot)"
54.86.59.155 - - [17/Jul/2025:12:35:37 -0400] "GET /wp-includes/images/media/ HTTP/1.1" 200 1510 "-" "Mozilla/5.0 AppleWebKit/537.36 (KHTML, like Gecko; compatible; Amazonbot/0.1; +https://developer.amazon.com/support/amazonbot) Chrome/119.0.6045.214 Safari/537.36"
20.171.207.162 - - [17/Jul/2025:12:35:38 -0400] "GET /de9ca2/?edit=netfilter_bridge.h&path=%2Fusr%2Finclude%2Flinux HTTP/1.1" 200 8413 "-" "Mozilla/5.0 AppleWebKit/537.36 (KHTML, like Gecko; compatible; GPTBot/1.2; +https://openai.com/gptbot)"
20.171.207.162 - - [17/Jul/2025:12:35:39 -0400] "GET /de9ca2/?edit=av_permissions.h&path=%2Fusr%2Finclude%2Fselinux HTTP/1.1" 200 7688 "-" "Mozilla/5.0 AppleWebKit/537.36 (KHTML, like Gecko; compatible; GPTBot/1.2; +https://openai.com/gptbot)"
4.227.36.96 - - [17/Jul/2025:12:35:40 -0400] "GET /robots.txt HTTP/1.1" 200 106 "-" "Mozilla/5.0 AppleWebKit/537.36 (KHTML, like Gecko; compatible; GPTBot/1.2; +https://openai.com/gptbot)"
20.171.207.162 - - [17/Jul/2025:12:35:40 -0400] "GET /de9ca2/?edit=strings_fortified.h&path=%2Fusr%2Finclude%2Fbits HTTP/1.1" 200 3277 "-" "Mozilla/5.0 AppleWebKit/537.36 (KHTML, like Gecko; compatible; GPTBot/1.2; +https://openai.com/gptbot)"
66.29.141.133 - - [17/Jul/2025:12:35:40 -0400] "POST /wp-cron.php?doing_wp_cron=1752770140.8308789730072021484375 HTTP/1.1" 403 1242 "-" "WordPress/6.8.2; https://www.katrynrose.com"
20.171.207.14 - - [17/Jul/2025:12:35:40 -0400] "GET /?sitemap110.xml HTTP/1.1" 301 0 "-" "Mozilla/5.0 AppleWebKit/537.36 (KHTML, like Gecko; compatible; GPTBot/1.2; +https://openai.com/gptbot)"
3.219.80.71 - - [17/Jul/2025:12:35:40 -0400] "GET /de9ca2/?edit=wp-activate.php&path=/home/katmhsmi/katrynrose.com HTTP/1.1" 200 4349 "-" "Mozilla/5.0 AppleWebKit/537.36 (KHTML, like Gecko; compatible; Amazonbot/0.1; +https://developer.amazon.com/support/amazonbot) Chrome/119.0.6045.214 Safari/537.36"
20.171.207.162 - - [17/Jul/2025:12:35:41 -0400] "GET /de9ca2/?edit=git-quiltimport&path=%2Fusr%2Flibexec%2Fgit-core HTTP/1.1" 200 3982 "-" "Mozilla/5.0 AppleWebKit/537.36 (KHTML, like Gecko; compatible; GPTBot/1.2; +https://openai.com/gptbot)"
66.249.74.97 - - [17/Jul/2025:12:35:41 -0400] "GET /off117033742.html HTTP/1.1" 301 0 "-" "Mozilla/5.0 (Linux; Android 6.0.1; Nexus 5X Build/MMB29P) AppleWebKit/537.36 (KHTML, like Gecko) Chrome/137.0.7151.103 Mobile Safari/537.36 (compatible; Googlebot/2.1; +http://www.google.com/bot.html)"
66.249.65.198 - - [17/Jul/2025:12:35:42 -0400] "GET /off117033742.html HTTP/1.1" 404 4119 "-" "Mozilla/5.0 (Linux; Android 6.0.1; Nexus 5X Build/MMB29P) AppleWebKit/537.36 (KHTML, like Gecko) Chrome/137.0.7151.103 Mobile Safari/537.36 (compatible; Googlebot/2.1; +http://www.google.com/bot.html)"
20.171.207.162 - - [17/Jul/2025:12:35:42 -0400] "GET /de9ca2/?edit=version.py&path=%2Flib64%2Fpython3.8%2Fdistutils HTTP/1.1" 200 5492 "-" "Mozilla/5.0 AppleWebKit/537.36 (KHTML, like Gecko; compatible; GPTBot/1.2; +https://openai.com/gptbot)"
20.171.207.162 - - [17/Jul/2025:12:35:44 -0400] "GET /de9ca2/?edit=_sysconfigdata__linux_x86_64-linux-gnu.py&path=%2Flib64%2Fpython3.8 HTTP/1.1" 200 11544 "-" "Mozilla/5.0 AppleWebKit/537.36 (KHTML, like Gecko; compatible; GPTBot/1.2; +https://openai.com/gptbot)"
20.171.207.162 - - [17/Jul/2025:12:35:45 -0400] "GET /de9ca2/?path=%2Fusr%2Fshare%2Femacs%2Fsite-lisp%2Fgit%2F.. HTTP/1.1" 200 691 "-" "Mozilla/5.0 AppleWebKit/537.36 (KHTML, like Gecko; compatible; GPTBot/1.2; +https://openai.com/gptbot)"
20.171.207.162 - - [17/Jul/2025:12:35:46 -0400] "GET /de9ca2/?path=%2Fusr%2Fshare%2Fcmake%2FHelp%2Fcommand%2F.. HTTP/1.1" 200 782 "-" "Mozilla/5.0 AppleWebKit/537.36 (KHTML, like Gecko; compatible; GPTBot/1.2; +https://openai.com/gptbot)"
20.171.207.162 - - [17/Jul/2025:12:35:47 -0400] "GET /de9ca2/?edit=compress_offload.h&path=%2Fusr%2Finclude%2Fsound HTTP/1.1" 200 2936 "-" "Mozilla/5.0 AppleWebKit/537.36 (KHTML, like Gecko; compatible; GPTBot/1.2; +https://openai.com/gptbot)"
20.171.207.162 - - [17/Jul/2025:12:35:48 -0400] "GET /de9ca2/?path=%2Fusr%2Fshare%2Fcmake%2FHelp%2Finclude%2F.. HTTP/1.1" 200 782 "-" "Mozilla/5.0 AppleWebKit/537.36 (KHTML, like Gecko; compatible; GPTBot/1.2; +https://openai.com/gptbot)"
20.171.207.162 - - [17/Jul/2025:12:35:49 -0400] "GET /de9ca2/?path=%2Flib%2Fkbd%2Fkeymaps%2Flegacy%2Fatari%2F.. HTTP/1.1" 200 696 "-" "Mozilla/5.0 AppleWebKit/537.36 (KHTML, like Gecko; compatible; GPTBot/1.2; +https://openai.com/gptbot)"
20.171.207.162 - - [17/Jul/2025:12:35:50 -0400] "GET /de9ca2/?path=%2Fusr%2Fshare%2Fcmake%2FHelp%2Frelease%2F.. HTTP/1.1" 200 782 "-" "Mozilla/5.0 AppleWebKit/537.36 (KHTML, like Gecko; compatible; GPTBot/1.2; +https://openai.com/gptbot)"
20.171.207.162 - - [17/Jul/2025:12:35:52 -0400] "GET /de9ca2/?path=%2Flib%2Fkbd%2Fkeymaps%2Flegacy%2Famiga%2F.. HTTP/1.1" 200 696 "-" "Mozilla/5.0 AppleWebKit/537.36 (KHTML, like Gecko; compatible; GPTBot/1.2; +https://openai.com/gptbot)"
20.171.207.162 - - [17/Jul/2025:12:35:53 -0400] "GET /de9ca2/?path=%2Fusr%2Flocal%2Flsws%2Fadd-ons%2Fcpanel%2F.. HTTP/1.1" 200 771 "-" "Mozilla/5.0 AppleWebKit/537.36 (KHTML, like Gecko; compatible; GPTBot/1.2; +https://openai.com/gptbot)"
20.171.207.162 - - [17/Jul/2025:12:35:54 -0400] "GET /?sitemap110_xml HTTP/1.1" 200 6845 "-" "Mozilla/5.0 AppleWebKit/537.36 (KHTML, like Gecko; compatible; GPTBot/1.2; +https://openai.com/gptbot)"
20.171.207.162 - - [17/Jul/2025:12:35:55 -0400] "GET /de9ca2/?path=%2Fusr%2Flocal%2Flsws%2Fadd-ons%2Fmodsec%2F.. HTTP/1.1" 200 771 "-" "Mozilla/5.0 AppleWebKit/537.36 (KHTML, like Gecko; compatible; GPTBot/1.2; +https://openai.com/gptbot)"
20.171.207.162 - - [17/Jul/2025:12:35:56 -0400] "GET /de9ca2/?edit=X509_LOOKUP_TYPE.3ssl.gz&path=%2Fusr%2Fshare%2Fman%2Fman3 HTTP/1.1" 200 145034 "-" "Mozilla/5.0 AppleWebKit/537.36 (KHTML, like Gecko; compatible; GPTBot/1.2; +https://openai.com/gptbot)"
20.171.207.162 - - [17/Jul/2025:12:35:58 -0400] "GET /de9ca2/?edit=SHA256_Init.3ssl.gz&path=%2Fusr%2Fshare%2Fman%2Fman3 HTTP/1.1" 200 143516 "-" "Mozilla/5.0 AppleWebKit/537.36 (KHTML, like Gecko; compatible; GPTBot/1.2; +https://openai.com/gptbot)"
20.171.207.162 - - [17/Jul/2025:12:35:59 -0400] "GET /de9ca2/?edit=X509_LOOKUP_ctrl.3ssl.gz&path=%2Fusr%2Fshare%2Fman%2Fman3 HTTP/1.1" 200 144782 "-" "Mozilla/5.0 AppleWebKit/537.36 (KHTML, like Gecko; compatible; GPTBot/1.2; +https://openai.com/gptbot)"
20.171.207.162 - - [17/Jul/2025:12:36:00 -0400] "GET /de9ca2/?edit=PKCS12_free.3ssl.gz&path=%2Fusr%2Fshare%2Fman%2Fman3 HTTP/1.1" 200 143030 "-" "Mozilla/5.0 AppleWebKit/537.36 (KHTML, like Gecko; compatible; GPTBot/1.2; +https://openai.com/gptbot)"
20.171.207.162 - - [17/Jul/2025:12:36:01 -0400] "GET /de9ca2/?edit=X509_LOOKUP_free.3ssl.gz&path=%2Fusr%2Fshare%2Fman%2Fman3 HTTP/1.1" 200 143614 "-" "Mozilla/5.0 AppleWebKit/537.36 (KHTML, like Gecko; compatible; GPTBot/1.2; +https://openai.com/gptbot)"
66.249.74.96 - - [17/Jul/2025:12:36:02 -0400] "GET /cross176002529.html HTTP/1.1" 301 0 "-" "Mozilla/5.0 (Linux; Android 6.0.1; Nexus 5X Build/MMB29P) AppleWebKit/537.36 (KHTML, like Gecko) Chrome/137.0.7151.103 Mobile Safari/537.36 (compatible; Googlebot/2.1; +http://www.google.com/bot.html)"
66.249.74.110 - - [17/Jul/2025:12:36:02 -0400] "GET /items/fshro1/1333?key=child HTTP/1.1" 301 0 "-" "Mozilla/5.0 (Linux; Android 6.0.1; Nexus 5X Build/MMB29P) AppleWebKit/537.36 (KHTML, like Gecko) Chrome/137.0.7151.103 Mobile Safari/537.36 (compatible; Googlebot/2.1; +http://www.google.com/bot.html)"
20.171.207.162 - - [17/Jul/2025:12:36:02 -0400] "GET /de9ca2/?edit=X509_verify_cert.3ssl.gz&path=%2Fusr%2Fshare%2Fman%2Fman3 HTTP/1.1" 200 143071 "-" "Mozilla/5.0 AppleWebKit/537.36 (KHTML, like Gecko; compatible; GPTBot/1.2; +https://openai.com/gptbot)"
66.249.65.198 - - [17/Jul/2025:12:36:02 -0400] "GET /cross176002529.html HTTP/1.1" 404 4119 "-" "Mozilla/5.0 (Linux; Android 6.0.1; Nexus 5X Build/MMB29P) AppleWebKit/537.36 (KHTML, like Gecko) Chrome/137.0.7151.103 Mobile Safari/537.36 (compatible; Googlebot/2.1; +http://www.google.com/bot.html)"
66.249.65.198 - - [17/Jul/2025:12:36:02 -0400] "GET /items/fshro1/1333?key=child HTTP/1.1" 404 4529 "-" "Mozilla/5.0 (Linux; Android 6.0.1; Nexus 5X Build/MMB29P) AppleWebKit/537.36 (KHTML, like Gecko) Chrome/137.0.7151.103 Mobile Safari/537.36 (compatible; Googlebot/2.1; +http://www.google.com/bot.html)"
20.171.207.162 - - [17/Jul/2025:12:36:03 -0400] "GET /de9ca2/?edit=8859-13_to_uni.trans&path=%2Flib%2Fkbd%2Fconsoletrans HTTP/1.1" 200 3550 "-" "Mozilla/5.0 AppleWebKit/537.36 (KHTML, like Gecko; compatible; GPTBot/1.2; +https://openai.com/gptbot)"
20.171.207.162 - - [17/Jul/2025:12:36:04 -0400] "GET /de9ca2/?edit=X509_LOOKUP_file.3ssl.gz&path=%2Fusr%2Fshare%2Fman%2Fman3 HTTP/1.1" 200 144152 "-" "Mozilla/5.0 AppleWebKit/537.36 (KHTML, like Gecko; compatible; GPTBot/1.2; +https://openai.com/gptbot)"
20.171.207.162 - - [17/Jul/2025:12:36:06 -0400] "GET /de9ca2/?edit=d2i_X509_REVOKED.3ssl.gz&path=%2Fusr%2Fshare%2Fman%2Fman3 HTTP/1.1" 200 145729 "-" "Mozilla/5.0 AppleWebKit/537.36 (KHTML, like Gecko; compatible; GPTBot/1.2; +https://openai.com/gptbot)"
20.171.207.162 - - [17/Jul/2025:12:36:07 -0400] "GET /de9ca2/?edit=X509_REVOKED_dup.3ssl.gz&path=%2Fusr%2Fshare%2Fman%2Fman3 HTTP/1.1" 200 142229 "-" "Mozilla/5.0 AppleWebKit/537.36 (KHTML, like Gecko; compatible; GPTBot/1.2; +https://openai.com/gptbot)"
20.171.207.162 - - [17/Jul/2025:12:36:08 -0400] "GET /de9ca2/?edit=8859-10_to_uni.trans&path=%2Flib%2Fkbd%2Fconsoletrans HTTP/1.1" 200 3480 "-" "Mozilla/5.0 AppleWebKit/537.36 (KHTML, like Gecko; compatible; GPTBot/1.2; +https://openai.com/gptbot)"
20.171.207.162 - - [17/Jul/2025:12:36:09 -0400] "GET /de9ca2/?edit=SHA384_Init.3ssl.gz&path=%2Fusr%2Fshare%2Fman%2Fman3 HTTP/1.1" 200 145375 "-" "Mozilla/5.0 AppleWebKit/537.36 (KHTML, like Gecko; compatible; GPTBot/1.2; +https://openai.com/gptbot)"
20.171.207.162 - - [17/Jul/2025:12:36:10 -0400] "GET /de9ca2/?edit=8859-14_to_uni.trans&path=%2Flib%2Fkbd%2Fconsoletrans HTTP/1.1" 200 3381 "-" "Mozilla/5.0 AppleWebKit/537.36 (KHTML, like Gecko; compatible; GPTBot/1.2; +https://openai.com/gptbot)"
20.171.207.162 - - [17/Jul/2025:12:36:11 -0400] "GET /de9ca2/?edit=8859-15_to_uni.trans&path=%2Flib%2Fkbd%2Fconsoletrans HTTP/1.1" 200 3465 "-" "Mozilla/5.0 AppleWebKit/537.36 (KHTML, like Gecko; compatible; GPTBot/1.2; +https://openai.com/gptbot)"
20.171.207.162 - - [17/Jul/2025:12:36:13 -0400] "GET /de9ca2/?edit=X509_PUBKEY_free.3ssl.gz&path=%2Fusr%2Fshare%2Fman%2Fman3 HTTP/1.1" 200 144257 "-" "Mozilla/5.0 AppleWebKit/537.36 (KHTML, like Gecko; compatible; GPTBot/1.2; +https://openai.com/gptbot)"
20.171.207.162 - - [17/Jul/2025:12:36:14 -0400] "GET /de9ca2/?edit=X509_get0_pubkey.3ssl.gz&path=%2Fusr%2Fshare%2Fman%2Fman3 HTTP/1.1" 200 144825 "-" "Mozilla/5.0 AppleWebKit/537.36 (KHTML, like Gecko; compatible; GPTBot/1.2; +https://openai.com/gptbot)"
20.171.207.162 - - [17/Jul/2025:12:36:15 -0400] "GET /de9ca2/?edit=i2d_X509_REVOKED.3ssl.gz&path=%2Fusr%2Fshare%2Fman%2Fman3 HTTP/1.1" 200 143808 "-" "Mozilla/5.0 AppleWebKit/537.36 (KHTML, like Gecko; compatible; GPTBot/1.2; +https://openai.com/gptbot)"
20.171.207.162 - - [17/Jul/2025:12:36:16 -0400] "GET /de9ca2/?edit=libmysqlclient.so.16.0.0&path=%2Fusr%2Flib64%2Fmysql HTTP/1.1" 200 815 "-" "Mozilla/5.0 AppleWebKit/537.36 (KHTML, like Gecko; compatible; GPTBot/1.2; +https://openai.com/gptbot)"
20.171.207.162 - - [17/Jul/2025:12:36:17 -0400] "GET /de9ca2/?edit=X509_get_version.3ssl.gz&path=%2Fusr%2Fshare%2Fman%2Fman3 HTTP/1.1" 200 142611 "-" "Mozilla/5.0 AppleWebKit/537.36 (KHTML, like Gecko; compatible; GPTBot/1.2; +https://openai.com/gptbot)"
20.171.207.162 - - [17/Jul/2025:12:36:18 -0400] "GET /de9ca2/?edit=X509_NAME_digest.3ssl.gz&path=%2Fusr%2Fshare%2Fman%2Fman3 HTTP/1.1" 200 146121 "-" "Mozilla/5.0 AppleWebKit/537.36 (KHTML, like Gecko; compatible; GPTBot/1.2; +https://openai.com/gptbot)"
20.171.207.162 - - [17/Jul/2025:12:36:19 -0400] "GET /de9ca2/?edit=libmysqlclient.so.15.0.0&path=%2Fusr%2Flib64%2Fmysql HTTP/1.1" 200 813 "-" "Mozilla/5.0 AppleWebKit/537.36 (KHTML, like Gecko; compatible; GPTBot/1.2; +https://openai.com/gptbot)"
