66.249.74.96 - - [17/Jul/2025:11:09:45 -0400] "GET /goal273032740.html HTTP/1.1" 301 0 "-" "Mozilla/5.0 (Linux; Android 6.0.1; Nexus 5X Build/MMB29P) AppleWebKit/537.36 (KHTML, like Gecko) Chrome/137.0.7151.103 Mobile Safari/537.36 (compatible; Googlebot/2.1; +http://www.google.com/bot.html)"
66.249.74.97 - - [17/Jul/2025:11:09:45 -0400] "GET /items/dluuw186/27216?key=closer HTTP/1.1" 301 0 "-" "Mozilla/5.0 (Linux; Android 6.0.1; Nexus 5X Build/MMB29P) AppleWebKit/537.36 (KHTML, like Gecko) Chrome/137.0.7151.103 Mobile Safari/537.36 (compatible; Googlebot/2.1; +http://www.google.com/bot.html)"
20.171.207.162 - - [17/Jul/2025:11:09:45 -0400] "GET /search.php?candidate106026717.html HTTP/1.1" 404 3655 "-" "Mozilla/5.0 AppleWebKit/537.36 (KHTML, like Gecko; compatible; GPTBot/1.2; +https://openai.com/gptbot)"
66.249.65.197 - - [17/Jul/2025:11:09:45 -0400] "GET /goal273032740.html HTTP/1.1" 404 4119 "-" "Mozilla/5.0 (Linux; Android 6.0.1; Nexus 5X Build/MMB29P) AppleWebKit/537.36 (KHTML, like Gecko) Chrome/137.0.7151.103 Mobile Safari/537.36 (compatible; Googlebot/2.1; +http://www.google.com/bot.html)"
66.249.65.196 - - [17/Jul/2025:11:09:45 -0400] "GET /items/dluuw186/27216?key=closer HTTP/1.1" 404 4529 "-" "Mozilla/5.0 (Linux; Android 6.0.1; Nexus 5X Build/MMB29P) AppleWebKit/537.36 (KHTML, like Gecko) Chrome/137.0.7151.103 Mobile Safari/537.36 (compatible; Googlebot/2.1; +http://www.google.com/bot.html)"
66.249.74.96 - - [17/Jul/2025:11:09:45 -0400] "GET /search.php?math009030140.html HTTP/1.1" 301 0 "-" "Mozilla/5.0 (Linux; Android 6.0.1; Nexus 5X Build/MMB29P) AppleWebKit/537.36 (KHTML, like Gecko) Chrome/137.0.7151.103 Mobile Safari/537.36 (compatible; Googlebot/2.1; +http://www.google.com/bot.html)"
66.249.65.196 - - [17/Jul/2025:11:09:46 -0400] "GET /search.php?math009030140.html HTTP/1.1" 404 4119 "-" "Mozilla/5.0 (Linux; Android 6.0.1; Nexus 5X Build/MMB29P) AppleWebKit/537.36 (KHTML, like Gecko) Chrome/137.0.7151.103 Mobile Safari/537.36 (compatible; Googlebot/2.1; +http://www.google.com/bot.html)"
20.171.207.162 - - [17/Jul/2025:11:09:46 -0400] "GET /search.php?encounter235022982.html HTTP/1.1" 404 3655 "-" "Mozilla/5.0 AppleWebKit/537.36 (KHTML, like Gecko; compatible; GPTBot/1.2; +https://openai.com/gptbot)"
20.171.207.162 - - [17/Jul/2025:11:09:47 -0400] "GET /search.php?tolerance058036735.html HTTP/1.1" 404 3655 "-" "Mozilla/5.0 AppleWebKit/537.36 (KHTML, like Gecko; compatible; GPTBot/1.2; +https://openai.com/gptbot)"
20.171.207.162 - - [17/Jul/2025:11:09:48 -0400] "GET /search.php?vegetable287007926.html HTTP/1.1" 404 3655 "-" "Mozilla/5.0 AppleWebKit/537.36 (KHTML, like Gecko; compatible; GPTBot/1.2; +https://openai.com/gptbot)"
20.171.207.162 - - [17/Jul/2025:11:09:49 -0400] "GET /search.php?emotional127021510.html HTTP/1.1" 404 3655 "-" "Mozilla/5.0 AppleWebKit/537.36 (KHTML, like Gecko; compatible; GPTBot/1.2; +https://openai.com/gptbot)"
204.12.252.98 - - [17/Jul/2025:11:09:50 -0400] "GET /wp-content/install.php HTTP/1.1" 301 0 "https://katrynrose.com/wp-content/install.php" "Mozilla/5.0 (Windows NT 10.0; Win64; x64) AppleWebKit/537.36 (KHTML, like Gecko) Chrome/58.0.3029.110 Safari/537.3"
20.171.207.162 - - [17/Jul/2025:11:09:51 -0400] "GET /search.php?practical024019853.html HTTP/1.1" 404 3655 "-" "Mozilla/5.0 AppleWebKit/537.36 (KHTML, like Gecko; compatible; GPTBot/1.2; +https://openai.com/gptbot)"
204.12.252.98 - - [17/Jul/2025:11:09:51 -0400] "GET /wp-content/install.php HTTP/1.1" 404 4119 "https://katrynrose.com/wp-content/install.php" "Mozilla/5.0 (Windows NT 10.0; Win64; x64) AppleWebKit/537.36 (KHTML, like Gecko) Chrome/58.0.3029.110 Safari/537.3"
20.171.207.162 - - [17/Jul/2025:11:09:52 -0400] "GET /search.php?negotiate210028803.html HTTP/1.1" 404 3655 "-" "Mozilla/5.0 AppleWebKit/537.36 (KHTML, like Gecko; compatible; GPTBot/1.2; +https://openai.com/gptbot)"
20.171.207.162 - - [17/Jul/2025:11:09:53 -0400] "GET /search.php?construct284044117.html HTTP/1.1" 404 3655 "-" "Mozilla/5.0 AppleWebKit/537.36 (KHTML, like Gecko; compatible; GPTBot/1.2; +https://openai.com/gptbot)"
20.171.207.162 - - [17/Jul/2025:11:09:54 -0400] "GET /search.php?detective246008267.html HTTP/1.1" 404 3655 "-" "Mozilla/5.0 AppleWebKit/537.36 (KHTML, like Gecko; compatible; GPTBot/1.2; +https://openai.com/gptbot)"
20.171.207.162 - - [17/Jul/2025:11:09:55 -0400] "GET /search.php?coalition002011239.html HTTP/1.1" 404 4119 "-" "Mozilla/5.0 AppleWebKit/537.36 (KHTML, like Gecko; compatible; GPTBot/1.2; +https://openai.com/gptbot)"
66.249.74.110 - - [17/Jul/2025:11:09:56 -0400] "GET /ultimate270023289.html HTTP/1.1" 301 0 "-" "Mozilla/5.0 (Linux; Android 6.0.1; Nexus 5X Build/MMB29P) AppleWebKit/537.36 (KHTML, like Gecko) Chrome/137.0.7151.103 Mobile Safari/537.36 (compatible; Googlebot/2.1; +http://www.google.com/bot.html)"
20.171.207.162 - - [17/Jul/2025:11:09:56 -0400] "GET /search.php?emergency284011417.html HTTP/1.1" 404 3655 "-" "Mozilla/5.0 AppleWebKit/537.36 (KHTML, like Gecko; compatible; GPTBot/1.2; +https://openai.com/gptbot)"
66.249.65.197 - - [17/Jul/2025:11:09:56 -0400] "GET /ultimate270023289.html HTTP/1.1" 404 4119 "-" "Mozilla/5.0 (Linux; Android 6.0.1; Nexus 5X Build/MMB29P) AppleWebKit/537.36 (KHTML, like Gecko) Chrome/137.0.7151.103 Mobile Safari/537.36 (compatible; Googlebot/2.1; +http://www.google.com/bot.html)"
20.171.207.162 - - [17/Jul/2025:11:09:57 -0400] "GET /search.php?situation099001926.html HTTP/1.1" 404 4119 "-" "Mozilla/5.0 AppleWebKit/537.36 (KHTML, like Gecko; compatible; GPTBot/1.2; +https://openai.com/gptbot)"
20.171.207.162 - - [17/Jul/2025:11:09:59 -0400] "GET /search.php?generally099021670.html HTTP/1.1" 404 4119 "-" "Mozilla/5.0 AppleWebKit/537.36 (KHTML, like Gecko; compatible; GPTBot/1.2; +https://openai.com/gptbot)"
20.171.207.162 - - [17/Jul/2025:11:10:00 -0400] "GET /search.php?isolation068002621.html HTTP/1.1" 404 3655 "-" "Mozilla/5.0 AppleWebKit/537.36 (KHTML, like Gecko; compatible; GPTBot/1.2; +https://openai.com/gptbot)"
66.29.141.133 - - [17/Jul/2025:11:10:01 -0400] "POST /wp-cron.php?doing_wp_cron=1752765001.8923139572143554687500 HTTP/1.1" 403 1242 "-" "WordPress/6.8.2; https://www.katrynrose.com"
20.171.207.162 - - [17/Jul/2025:11:10:01 -0400] "GET /search.php?recession205016440.html HTTP/1.1" 404 4119 "-" "Mozilla/5.0 AppleWebKit/537.36 (KHTML, like Gecko; compatible; GPTBot/1.2; +https://openai.com/gptbot)"
20.171.207.162 - - [17/Jul/2025:11:10:02 -0400] "GET /search.php?extensive079001042.html HTTP/1.1" 404 3655 "-" "Mozilla/5.0 AppleWebKit/537.36 (KHTML, like Gecko; compatible; GPTBot/1.2; +https://openai.com/gptbot)"
20.171.207.162 - - [17/Jul/2025:11:10:03 -0400] "GET /search.php?jurisdiction100027535.html HTTP/1.1" 404 3655 "-" "Mozilla/5.0 AppleWebKit/537.36 (KHTML, like Gecko; compatible; GPTBot/1.2; +https://openai.com/gptbot)"
20.171.207.162 - - [17/Jul/2025:11:10:05 -0400] "GET /search.php?competition066022567.html HTTP/1.1" 404 4119 "-" "Mozilla/5.0 AppleWebKit/537.36 (KHTML, like Gecko; compatible; GPTBot/1.2; +https://openai.com/gptbot)"
20.171.207.162 - - [17/Jul/2025:11:10:06 -0400] "GET /search.php?preparation048020467.html HTTP/1.1" 404 3655 "-" "Mozilla/5.0 AppleWebKit/537.36 (KHTML, like Gecko; compatible; GPTBot/1.2; +https://openai.com/gptbot)"
20.171.207.162 - - [17/Jul/2025:11:10:07 -0400] "GET /search.php?convenience001032216.html HTTP/1.1" 404 3655 "-" "Mozilla/5.0 AppleWebKit/537.36 (KHTML, like Gecko; compatible; GPTBot/1.2; +https://openai.com/gptbot)"
20.171.207.162 - - [17/Jul/2025:11:10:08 -0400] "GET /search.php?recognition215025002.html HTTP/1.1" 404 3655 "-" "Mozilla/5.0 AppleWebKit/537.36 (KHTML, like Gecko; compatible; GPTBot/1.2; +https://openai.com/gptbot)"
20.171.207.162 - - [17/Jul/2025:11:10:09 -0400] "GET /search.php?reservation010020751.html HTTP/1.1" 404 3655 "-" "Mozilla/5.0 AppleWebKit/537.36 (KHTML, like Gecko; compatible; GPTBot/1.2; +https://openai.com/gptbot)"
20.171.207.162 - - [17/Jul/2025:11:10:10 -0400] "GET /search.php?requirement014001315.html HTTP/1.1" 404 3655 "-" "Mozilla/5.0 AppleWebKit/537.36 (KHTML, like Gecko; compatible; GPTBot/1.2; +https://openai.com/gptbot)"
20.171.207.162 - - [17/Jul/2025:11:10:12 -0400] "GET /search.php?statistical269035774.html HTTP/1.1" 404 4119 "-" "Mozilla/5.0 AppleWebKit/537.36 (KHTML, like Gecko; compatible; GPTBot/1.2; +https://openai.com/gptbot)"
20.171.207.162 - - [17/Jul/2025:11:10:13 -0400] "GET /search.php?introduction053025520.html HTTP/1.1" 404 4119 "-" "Mozilla/5.0 AppleWebKit/537.36 (KHTML, like Gecko; compatible; GPTBot/1.2; +https://openai.com/gptbot)"
20.171.207.162 - - [17/Jul/2025:11:10:14 -0400] "GET /search.php?announcement093020854.html HTTP/1.1" 404 4119 "-" "Mozilla/5.0 AppleWebKit/537.36 (KHTML, like Gecko; compatible; GPTBot/1.2; +https://openai.com/gptbot)"
20.171.207.162 - - [17/Jul/2025:11:10:15 -0400] "GET /search.php?transmission072032593.html HTTP/1.1" 404 3655 "-" "Mozilla/5.0 AppleWebKit/537.36 (KHTML, like Gecko; compatible; GPTBot/1.2; +https://openai.com/gptbot)"
20.171.207.162 - - [17/Jul/2025:11:10:16 -0400] "GET /search.php?historically096012361.html HTTP/1.1" 404 4119 "-" "Mozilla/5.0 AppleWebKit/537.36 (KHTML, like Gecko; compatible; GPTBot/1.2; +https://openai.com/gptbot)"
66.249.74.96 - - [17/Jul/2025:11:10:17 -0400] "GET /experimental013007196.html HTTP/1.1" 301 0 "-" "Mozilla/5.0 (Linux; Android 6.0.1; Nexus 5X Build/MMB29P) AppleWebKit/537.36 (KHTML, like Gecko) Chrome/137.0.7151.103 Mobile Safari/537.36 (compatible; Googlebot/2.1; +http://www.google.com/bot.html)"
66.249.74.96 - - [17/Jul/2025:11:10:17 -0400] "GET /appeal214042967.html HTTP/1.1" 301 0 "-" "Mozilla/5.0 (Linux; Android 6.0.1; Nexus 5X Build/MMB29P) AppleWebKit/537.36 (KHTML, like Gecko) Chrome/137.0.7151.103 Mobile Safari/537.36 (compatible; Googlebot/2.1; +http://www.google.com/bot.html)"
66.249.65.198 - - [17/Jul/2025:11:10:17 -0400] "GET /experimental013007196.html HTTP/1.1" 404 4119 "-" "Mozilla/5.0 (Linux; Android 6.0.1; Nexus 5X Build/MMB29P) AppleWebKit/537.36 (KHTML, like Gecko) Chrome/137.0.7151.103 Mobile Safari/537.36 (compatible; Googlebot/2.1; +http://www.google.com/bot.html)"
66.249.65.198 - - [17/Jul/2025:11:10:17 -0400] "GET /appeal214042967.html HTTP/1.1" 404 4119 "-" "Mozilla/5.0 (Linux; Android 6.0.1; Nexus 5X Build/MMB29P) AppleWebKit/537.36 (KHTML, like Gecko) Chrome/137.0.7151.103 Mobile Safari/537.36 (compatible; Googlebot/2.1; +http://www.google.com/bot.html)"
20.171.207.162 - - [17/Jul/2025:11:10:18 -0400] "GET /search.php?sensitivity182045723.html HTTP/1.1" 404 3655 "-" "Mozilla/5.0 AppleWebKit/537.36 (KHTML, like Gecko; compatible; GPTBot/1.2; +https://openai.com/gptbot)"
216.73.216.143 - - [17/Jul/2025:11:10:18 -0400] "GET /de9ca2/?edit=class-wp-interactivity-api-directives-processor.php&path=%2Fhome%2Fkatmhsmi%2Fkatrynrose.com%2Fwp-includes%2Finteractivity-api HTTP/1.1" 200 3151 "-" "Mozilla/5.0 AppleWebKit/537.36 (KHTML, like Gecko; compatible; ClaudeBot/1.0; +claudebot@anthropic.com)"
20.171.207.162 - - [17/Jul/2025:11:10:19 -0400] "GET /search.php?observation097026882.html HTTP/1.1" 404 3655 "-" "Mozilla/5.0 AppleWebKit/537.36 (KHTML, like Gecko; compatible; GPTBot/1.2; +https://openai.com/gptbot)"
20.171.207.162 - - [17/Jul/2025:11:10:20 -0400] "GET /search.php?surprisingly033025524.html HTTP/1.1" 404 3655 "-" "Mozilla/5.0 AppleWebKit/537.36 (KHTML, like Gecko; compatible; GPTBot/1.2; +https://openai.com/gptbot)"
20.171.207.162 - - [17/Jul/2025:11:10:21 -0400] "GET /search.php?installation215038284.html HTTP/1.1" 404 3655 "-" "Mozilla/5.0 AppleWebKit/537.36 (KHTML, like Gecko; compatible; GPTBot/1.2; +https://openai.com/gptbot)"
20.171.207.162 - - [17/Jul/2025:11:10:22 -0400] "GET /search.php?significance291007440.html HTTP/1.1" 404 3655 "-" "Mozilla/5.0 AppleWebKit/537.36 (KHTML, like Gecko; compatible; GPTBot/1.2; +https://openai.com/gptbot)"
20.171.207.162 - - [17/Jul/2025:11:10:23 -0400] "GET /search.php?metropolitan205043386.html HTTP/1.1" 404 4119 "-" "Mozilla/5.0 AppleWebKit/537.36 (KHTML, like Gecko; compatible; GPTBot/1.2; +https://openai.com/gptbot)"
20.171.207.162 - - [17/Jul/2025:11:10:25 -0400] "GET /search.php?occasionally084022145.html HTTP/1.1" 404 3655 "-" "Mozilla/5.0 AppleWebKit/537.36 (KHTML, like Gecko; compatible; GPTBot/1.2; +https://openai.com/gptbot)"
20.171.207.162 - - [17/Jul/2025:11:10:26 -0400] "GET /search.php?intelligence248043735.html HTTP/1.1" 404 3655 "-" "Mozilla/5.0 AppleWebKit/537.36 (KHTML, like Gecko; compatible; GPTBot/1.2; +https://openai.com/gptbot)"
20.171.207.162 - - [17/Jul/2025:11:10:27 -0400] "GET /search.php?refrigerator156047961.html HTTP/1.1" 404 4119 "-" "Mozilla/5.0 AppleWebKit/537.36 (KHTML, like Gecko; compatible; GPTBot/1.2; +https://openai.com/gptbot)"
20.171.207.162 - - [17/Jul/2025:11:10:28 -0400] "GET /search.php?accountability021002184.html HTTP/1.1" 404 4119 "-" "Mozilla/5.0 AppleWebKit/537.36 (KHTML, like Gecko; compatible; GPTBot/1.2; +https://openai.com/gptbot)"
20.171.207.162 - - [17/Jul/2025:11:10:29 -0400] "GET /search.php?installation089046092.html HTTP/1.1" 404 4119 "-" "Mozilla/5.0 AppleWebKit/537.36 (KHTML, like Gecko; compatible; GPTBot/1.2; +https://openai.com/gptbot)"
20.171.207.162 - - [17/Jul/2025:11:10:30 -0400] "GET /search.php?intelligence074013543.html HTTP/1.1" 404 4119 "-" "Mozilla/5.0 AppleWebKit/537.36 (KHTML, like Gecko; compatible; GPTBot/1.2; +https://openai.com/gptbot)"
20.171.207.162 - - [17/Jul/2025:11:10:32 -0400] "GET /search.php?nevertheless257034158.html HTTP/1.1" 404 3655 "-" "Mozilla/5.0 AppleWebKit/537.36 (KHTML, like Gecko; compatible; GPTBot/1.2; +https://openai.com/gptbot)"
20.171.207.162 - - [17/Jul/2025:11:10:33 -0400] "GET /search.php?unemployment158009019.html HTTP/1.1" 404 4119 "-" "Mozilla/5.0 AppleWebKit/537.36 (KHTML, like Gecko; compatible; GPTBot/1.2; +https://openai.com/gptbot)"
20.171.207.162 - - [17/Jul/2025:11:10:34 -0400] "GET /search.php?intellectual278028739.html HTTP/1.1" 404 4119 "-" "Mozilla/5.0 AppleWebKit/537.36 (KHTML, like Gecko; compatible; GPTBot/1.2; +https://openai.com/gptbot)"
20.171.207.162 - - [17/Jul/2025:11:10:35 -0400] "GET /search.php?experimental054025715.html HTTP/1.1" 404 4119 "-" "Mozilla/5.0 AppleWebKit/537.36 (KHTML, like Gecko; compatible; GPTBot/1.2; +https://openai.com/gptbot)"
20.171.207.162 - - [17/Jul/2025:11:10:36 -0400] "GET /search.php?explanation054000779.html HTTP/1.1" 404 4119 "-" "Mozilla/5.0 AppleWebKit/537.36 (KHTML, like Gecko; compatible; GPTBot/1.2; +https://openai.com/gptbot)"
20.171.207.162 - - [17/Jul/2025:11:10:37 -0400] "GET /search.php?earnings037049370.html HTTP/1.1" 404 4119 "-" "Mozilla/5.0 AppleWebKit/537.36 (KHTML, like Gecko; compatible; GPTBot/1.2; +https://openai.com/gptbot)"
20.171.207.162 - - [17/Jul/2025:11:10:38 -0400] "GET /search.php?likelihood220000831.html HTTP/1.1" 404 3655 "-" "Mozilla/5.0 AppleWebKit/537.36 (KHTML, like Gecko; compatible; GPTBot/1.2; +https://openai.com/gptbot)"
20.171.207.162 - - [17/Jul/2025:11:10:40 -0400] "GET /search.php?calculation076039401.html HTTP/1.1" 404 4119 "-" "Mozilla/5.0 AppleWebKit/537.36 (KHTML, like Gecko; compatible; GPTBot/1.2; +https://openai.com/gptbot)"
20.171.207.162 - - [17/Jul/2025:11:10:41 -0400] "GET /search.php?legislation069033892.html HTTP/1.1" 404 4119 "-" "Mozilla/5.0 AppleWebKit/537.36 (KHTML, like Gecko; compatible; GPTBot/1.2; +https://openai.com/gptbot)"
20.171.207.162 - - [17/Jul/2025:11:10:42 -0400] "GET /search.php?immigration022035769.html HTTP/1.1" 404 4119 "-" "Mozilla/5.0 AppleWebKit/537.36 (KHTML, like Gecko; compatible; GPTBot/1.2; +https://openai.com/gptbot)"
20.171.207.162 - - [17/Jul/2025:11:10:43 -0400] "GET /search.php?publication171005420.html HTTP/1.1" 404 4119 "-" "Mozilla/5.0 AppleWebKit/537.36 (KHTML, like Gecko; compatible; GPTBot/1.2; +https://openai.com/gptbot)"
77.174.205.56 - - [17/Jul/2025:11:10:44 -0400] "GET /robots.txt HTTP/1.1" 200 371 "-" "Mozilla/5.0 (compatible; MJ12bot/v1.4.8; http://mj12bot.com/)"
20.171.207.162 - - [17/Jul/2025:11:10:44 -0400] "GET /search.php?differently126036229.html HTTP/1.1" 404 3655 "-" "Mozilla/5.0 AppleWebKit/537.36 (KHTML, like Gecko; compatible; GPTBot/1.2; +https://openai.com/gptbot)"
20.171.207.162 - - [17/Jul/2025:11:10:45 -0400] "GET /search.php?credibility205037460.html HTTP/1.1" 404 4119 "-" "Mozilla/5.0 AppleWebKit/537.36 (KHTML, like Gecko; compatible; GPTBot/1.2; +https://openai.com/gptbot)"
77.174.205.56 - - [17/Jul/2025:11:10:46 -0400] "GET /de9ca2/?path=/dev/shm&edit=.factor HTTP/1.1" 200 1180 "-" "Mozilla/5.0 (compatible; MJ12bot/v1.4.8; http://mj12bot.com/)"
20.171.207.162 - - [17/Jul/2025:11:10:47 -0400] "GET /search.php?exclusively166008987.html HTTP/1.1" 404 4119 "-" "Mozilla/5.0 AppleWebKit/537.36 (KHTML, like Gecko; compatible; GPTBot/1.2; +https://openai.com/gptbot)"
77.174.205.56 - - [17/Jul/2025:11:10:48 -0400] "GET /de9ca2/?path=/home/katmhsmi/katrynrose.com/wp-content/plugins/akismet/views HTTP/1.1" 200 927 "-" "Mozilla/5.0 (compatible; MJ12bot/v1.4.8; http://mj12bot.com/)"
20.171.207.162 - - [17/Jul/2025:11:10:48 -0400] "GET /search.php?development056017319.html HTTP/1.1" 404 4119 "-" "Mozilla/5.0 AppleWebKit/537.36 (KHTML, like Gecko; compatible; GPTBot/1.2; +https://openai.com/gptbot)"
20.171.207.162 - - [17/Jul/2025:11:10:49 -0400] "GET /search.php?uncertainty037004826.html HTTP/1.1" 404 4119 "-" "Mozilla/5.0 AppleWebKit/537.36 (KHTML, like Gecko; compatible; GPTBot/1.2; +https://openai.com/gptbot)"
77.174.205.56 - - [17/Jul/2025:11:10:49 -0400] "GET /de9ca2/?path=/home/katmhsmi/katrynrose.com/wp-includes&edit=class-wp-date-query.php HTTP/1.1" 200 14071 "-" "Mozilla/5.0 (compatible; MJ12bot/v1.4.8; http://mj12bot.com/)"
20.171.207.162 - - [17/Jul/2025:11:10:50 -0400] "GET /search.php?integration099038728.html HTTP/1.1" 404 4119 "-" "Mozilla/5.0 AppleWebKit/537.36 (KHTML, like Gecko; compatible; GPTBot/1.2; +https://openai.com/gptbot)"
77.174.205.56 - - [17/Jul/2025:11:10:51 -0400] "GET /de9ca2/?path=/home/katmhsmi/lifecoachbostonma.com/wp-content/themes/twentytwentyone/assets/sass/05-blocks/button&edit=_style.scss HTTP/1.1" 200 1506 "-" "Mozilla/5.0 (compatible; MJ12bot/v1.4.8; http://mj12bot.com/)"
20.171.207.162 - - [17/Jul/2025:11:10:51 -0400] "GET /search.php?electronics061032958.html HTTP/1.1" 404 4119 "-" "Mozilla/5.0 AppleWebKit/537.36 (KHTML, like Gecko; compatible; GPTBot/1.2; +https://openai.com/gptbot)"
20.171.207.162 - - [17/Jul/2025:11:10:52 -0400] "GET /search.php?destruction188006631.html HTTP/1.1" 404 4119 "-" "Mozilla/5.0 AppleWebKit/537.36 (KHTML, like Gecko; compatible; GPTBot/1.2; +https://openai.com/gptbot)"
77.174.205.56 - - [17/Jul/2025:11:10:53 -0400] "GET /de9ca2/?path=/home/katmhsmi/lifecoachbostonma.com/wp-content/themes/twentytwentyone/assets/sass/05-blocks/button/.. HTTP/1.1" 200 1124 "-" "Mozilla/5.0 (compatible; MJ12bot/v1.4.8; http://mj12bot.com/)"
20.171.207.162 - - [17/Jul/2025:11:10:53 -0400] "GET /search.php?grandfather037028464.html HTTP/1.1" 404 4119 "-" "Mozilla/5.0 AppleWebKit/537.36 (KHTML, like Gecko; compatible; GPTBot/1.2; +https://openai.com/gptbot)"
77.174.205.56 - - [17/Jul/2025:11:10:55 -0400] "GET /de9ca2/?path=/home/katmhsmi/lifecoachbostonma.com/wp-content/themes/twentytwentyone/assets/sass/05-blocks/code&edit=_editor.scss HTTP/1.1" 200 991 "-" "Mozilla/5.0 (compatible; MJ12bot/v1.4.8; http://mj12bot.com/)"
20.171.207.162 - - [17/Jul/2025:11:10:55 -0400] "GET /search.php?destruction020035349.html HTTP/1.1" 404 4119 "-" "Mozilla/5.0 AppleWebKit/537.36 (KHTML, like Gecko; compatible; GPTBot/1.2; +https://openai.com/gptbot)"
20.171.207.162 - - [17/Jul/2025:11:10:56 -0400] "GET /search.php?improvement196008377.html HTTP/1.1" 404 4119 "-" "Mozilla/5.0 AppleWebKit/537.36 (KHTML, like Gecko; compatible; GPTBot/1.2; +https://openai.com/gptbot)"
77.174.205.56 - - [17/Jul/2025:11:10:56 -0400] "GET /de9ca2/?path=/home/katmhsmi/lifecoachbostonma.com/wp-content/themes/twentytwentyone/assets/sass/05-blocks/code&edit=_style.scss HTTP/1.1" 200 995 "-" "Mozilla/5.0 (compatible; MJ12bot/v1.4.8; http://mj12bot.com/)"
20.171.207.162 - - [17/Jul/2025:11:10:57 -0400] "GET /search.php?celebration071045478.html HTTP/1.1" 404 4119 "-" "Mozilla/5.0 AppleWebKit/537.36 (KHTML, like Gecko; compatible; GPTBot/1.2; +https://openai.com/gptbot)"
77.174.205.56 - - [17/Jul/2025:11:10:58 -0400] "GET /de9ca2/?path=/home/katmhsmi/lifecoachbostonma.com/wp-content/themes/twentytwentyone/assets/sass/05-blocks/code/.. HTTP/1.1" 200 1124 "-" "Mozilla/5.0 (compatible; MJ12bot/v1.4.8; http://mj12bot.com/)"
20.171.207.162 - - [17/Jul/2025:11:10:58 -0400] "GET /search.php?warehouse070000055.html HTTP/1.1" 404 4119 "-" "Mozilla/5.0 AppleWebKit/537.36 (KHTML, like Gecko; compatible; GPTBot/1.2; +https://openai.com/gptbot)"
20.171.207.162 - - [17/Jul/2025:11:10:59 -0400] "GET /search.php?interesting174012729.html HTTP/1.1" 404 4119 "-" "Mozilla/5.0 AppleWebKit/537.36 (KHTML, like Gecko; compatible; GPTBot/1.2; +https://openai.com/gptbot)"
77.174.205.56 - - [17/Jul/2025:11:11:00 -0400] "GET /de9ca2/?path=/home/katmhsmi/lifecoachbostonma.com/wp-content/themes/twentytwentyone/assets/sass/05-blocks/columns&edit=_editor.scss HTTP/1.1" 200 1392 "-" "Mozilla/5.0 (compatible; MJ12bot/v1.4.8; http://mj12bot.com/)"
20.171.207.162 - - [17/Jul/2025:11:11:00 -0400] "GET /search.php?recognition096033037.html HTTP/1.1" 404 3655 "-" "Mozilla/5.0 AppleWebKit/537.36 (KHTML, like Gecko; compatible; GPTBot/1.2; +https://openai.com/gptbot)"
77.174.205.56 - - [17/Jul/2025:11:11:01 -0400] "GET /de9ca2/?path=/home/katmhsmi/lifecoachbostonma.com/wp-content/themes/twentytwentyone/assets/sass/05-blocks/columns&edit=_style.scss HTTP/1.1" 200 1418 "-" "Mozilla/5.0 (compatible; MJ12bot/v1.4.8; http://mj12bot.com/)"
66.29.141.133 - - [17/Jul/2025:11:11:02 -0400] "POST /wp-cron.php?doing_wp_cron=1752765062.2342360019683837890625 HTTP/1.1" 403 1242 "-" "WordPress/6.8.2; https://www.katrynrose.com"
20.171.207.162 - - [17/Jul/2025:11:11:02 -0400] "GET /search.php?requirement028020763.html HTTP/1.1" 404 3655 "-" "Mozilla/5.0 AppleWebKit/537.36 (KHTML, like Gecko; compatible; GPTBot/1.2; +https://openai.com/gptbot)"
20.171.207.162 - - [17/Jul/2025:11:11:03 -0400] "GET /search.php?grandfather291028628.html HTTP/1.1" 404 4119 "-" "Mozilla/5.0 AppleWebKit/537.36 (KHTML, like Gecko; compatible; GPTBot/1.2; +https://openai.com/gptbot)"
77.174.205.56 - - [17/Jul/2025:11:11:03 -0400] "GET /de9ca2/?path=/home/katmhsmi/lifecoachbostonma.com/wp-content/themes/twentytwentyone/assets/sass/05-blocks/columns/.. HTTP/1.1" 200 1124 "-" "Mozilla/5.0 (compatible; MJ12bot/v1.4.8; http://mj12bot.com/)"
20.171.207.162 - - [17/Jul/2025:11:11:04 -0400] "GET /search.php?devastating062046225.html HTTP/1.1" 404 4119 "-" "Mozilla/5.0 AppleWebKit/537.36 (KHTML, like Gecko; compatible; GPTBot/1.2; +https://openai.com/gptbot)"
77.174.205.56 - - [17/Jul/2025:11:11:05 -0400] "GET /de9ca2/?path=/home/katmhsmi/lifecoachbostonma.com/wp-content/themes/twentytwentyone/assets/sass/05-blocks/cover&edit=_editor.scss HTTP/1.1" 200 1518 "-" "Mozilla/5.0 (compatible; MJ12bot/v1.4.8; http://mj12bot.com/)"
20.171.207.162 - - [17/Jul/2025:11:11:05 -0400] "GET /search.php?significant013014590.html HTTP/1.1" 404 4119 "-" "Mozilla/5.0 AppleWebKit/537.36 (KHTML, like Gecko; compatible; GPTBot/1.2; +https://openai.com/gptbot)"
77.174.205.56 - - [17/Jul/2025:11:11:06 -0400] "GET /de9ca2/?path=/home/katmhsmi/lifecoachbostonma.com/wp-content/themes/twentytwentyone/assets/sass/05-blocks/cover&edit=_style.scss HTTP/1.1" 200 1707 "-" "Mozilla/5.0 (compatible; MJ12bot/v1.4.8; http://mj12bot.com/)"
20.171.207.162 - - [17/Jul/2025:11:11:06 -0400] "GET /search.php?instruction048004235.html HTTP/1.1" 404 4119 "-" "Mozilla/5.0 AppleWebKit/537.36 (KHTML, like Gecko; compatible; GPTBot/1.2; +https://openai.com/gptbot)"
20.171.207.162 - - [17/Jul/2025:11:11:07 -0400] "GET /search.php?uncertainty001016382.html HTTP/1.1" 404 4119 "-" "Mozilla/5.0 AppleWebKit/537.36 (KHTML, like Gecko; compatible; GPTBot/1.2; +https://openai.com/gptbot)"
77.174.205.56 - - [17/Jul/2025:11:11:08 -0400] "GET /de9ca2/?path=/home/katmhsmi/lifecoachbostonma.com/wp-content/themes/twentytwentyone/assets/sass/05-blocks/cover/.. HTTP/1.1" 200 1124 "-" "Mozilla/5.0 (compatible; MJ12bot/v1.4.8; http://mj12bot.com/)"
66.249.74.97 - - [17/Jul/2025:11:11:08 -0400] "GET /pressure185029646.html HTTP/1.1" 301 0 "-" "Mozilla/5.0 (Linux; Android 6.0.1; Nexus 5X Build/MMB29P) AppleWebKit/537.36 (KHTML, like Gecko) Chrome/137.0.7151.103 Mobile Safari/537.36 (compatible; Googlebot/2.1; +http://www.google.com/bot.html)"
20.171.207.162 - - [17/Jul/2025:11:11:09 -0400] "GET /search.php?distinction144020993.html HTTP/1.1" 404 4119 "-" "Mozilla/5.0 AppleWebKit/537.36 (KHTML, like Gecko; compatible; GPTBot/1.2; +https://openai.com/gptbot)"
66.249.65.197 - - [17/Jul/2025:11:11:09 -0400] "GET /pressure185029646.html HTTP/1.1" 404 4119 "-" "Mozilla/5.0 (Linux; Android 6.0.1; Nexus 5X Build/MMB29P) AppleWebKit/537.36 (KHTML, like Gecko) Chrome/137.0.7151.103 Mobile Safari/537.36 (compatible; Googlebot/2.1; +http://www.google.com/bot.html)"
77.174.205.56 - - [17/Jul/2025:11:11:10 -0400] "GET /de9ca2/?path=/home/katmhsmi/lifecoachbostonma.com/wp-content/themes/twentytwentyone/assets/sass/05-blocks/file&edit=_editor.scss HTTP/1.1" 200 1034 "-" "Mozilla/5.0 (compatible; MJ12bot/v1.4.8; http://mj12bot.com/)"
20.171.207.162 - - [17/Jul/2025:11:11:10 -0400] "GET /search.php?fascinating054006337.html HTTP/1.1" 404 4119 "-" "Mozilla/5.0 AppleWebKit/537.36 (KHTML, like Gecko; compatible; GPTBot/1.2; +https://openai.com/gptbot)"
20.171.207.162 - - [17/Jul/2025:11:11:11 -0400] "GET /search.php?requirement037023298.html HTTP/1.1" 404 4119 "-" "Mozilla/5.0 AppleWebKit/537.36 (KHTML, like Gecko; compatible; GPTBot/1.2; +https://openai.com/gptbot)"
77.174.205.56 - - [17/Jul/2025:11:11:11 -0400] "GET /de9ca2/?path=/home/katmhsmi/lifecoachbostonma.com/wp-content/themes/twentytwentyone/assets/sass/05-blocks/file/.. HTTP/1.1" 200 1124 "-" "Mozilla/5.0 (compatible; MJ12bot/v1.4.8; http://mj12bot.com/)"
20.171.207.162 - - [17/Jul/2025:11:11:12 -0400] "GET /search.php?appointment097036168.html HTTP/1.1" 404 4119 "-" "Mozilla/5.0 AppleWebKit/537.36 (KHTML, like Gecko; compatible; GPTBot/1.2; +https://openai.com/gptbot)"
77.174.205.56 - - [17/Jul/2025:11:11:13 -0400] "GET /de9ca2/?path=/home/katmhsmi/lifecoachbostonma.com/wp-content/themes/twentytwentyone/assets/sass/05-blocks/gallery&edit=_editor.scss HTTP/1.1" 200 946 "-" "Mozilla/5.0 (compatible; MJ12bot/v1.4.8; http://mj12bot.com/)"
20.171.207.162 - - [17/Jul/2025:11:11:13 -0400] "GET /search.php?coordinator295020762.html HTTP/1.1" 404 4119 "-" "Mozilla/5.0 AppleWebKit/537.36 (KHTML, like Gecko; compatible; GPTBot/1.2; +https://openai.com/gptbot)"
20.171.207.162 - - [17/Jul/2025:11:11:14 -0400] "GET /search.php?negotiation059030732.html HTTP/1.1" 404 3655 "-" "Mozilla/5.0 AppleWebKit/537.36 (KHTML, like Gecko; compatible; GPTBot/1.2; +https://openai.com/gptbot)"
77.174.205.56 - - [17/Jul/2025:11:11:15 -0400] "GET /de9ca2/?path=/home/katmhsmi/lifecoachbostonma.com/wp-content/themes/twentytwentyone/assets/sass/05-blocks/gallery/.. HTTP/1.1" 200 1124 "-" "Mozilla/5.0 (compatible; MJ12bot/v1.4.8; http://mj12bot.com/)"
20.171.207.162 - - [17/Jul/2025:11:11:16 -0400] "GET /search.php?quarterback226027883.html HTTP/1.1" 404 4119 "-" "Mozilla/5.0 AppleWebKit/537.36 (KHTML, like Gecko; compatible; GPTBot/1.2; +https://openai.com/gptbot)"
77.174.205.56 - - [17/Jul/2025:11:11:17 -0400] "GET /de9ca2/?path=/home/katmhsmi/lifecoachbostonma.com/wp-content/themes/twentytwentyone/assets/sass/05-blocks/group&edit=_editor.scss HTTP/1.1" 200 1358 "-" "Mozilla/5.0 (compatible; MJ12bot/v1.4.8; http://mj12bot.com/)"
20.171.207.162 - - [17/Jul/2025:11:11:17 -0400] "GET /search.php?contemplate092008761.html HTTP/1.1" 404 4119 "-" "Mozilla/5.0 AppleWebKit/537.36 (KHTML, like Gecko; compatible; GPTBot/1.2; +https://openai.com/gptbot)"
20.171.207.162 - - [17/Jul/2025:11:11:18 -0400] "GET /search.php?traditional109024022.html HTTP/1.1" 404 4119 "-" "Mozilla/5.0 AppleWebKit/537.36 (KHTML, like Gecko; compatible; GPTBot/1.2; +https://openai.com/gptbot)"
77.174.205.56 - - [17/Jul/2025:11:11:18 -0400] "GET /de9ca2/?path=/home/katmhsmi/lifecoachbostonma.com/wp-content/themes/twentytwentyone/assets/sass/05-blocks/group&edit=_style.scss HTTP/1.1" 200 1464 "-" "Mozilla/5.0 (compatible; MJ12bot/v1.4.8; http://mj12bot.com/)"
20.171.207.162 - - [17/Jul/2025:11:11:19 -0400] "GET /search.php?interesting006048617.html HTTP/1.1" 404 4119 "-" "Mozilla/5.0 AppleWebKit/537.36 (KHTML, like Gecko; compatible; GPTBot/1.2; +https://openai.com/gptbot)"
77.174.205.56 - - [17/Jul/2025:11:11:20 -0400] "GET /de9ca2/?path=/home/katmhsmi/lifecoachbostonma.com/wp-content/themes/twentytwentyone/assets/sass/05-blocks/group/.. HTTP/1.1" 200 1123 "-" "Mozilla/5.0 (compatible; MJ12bot/v1.4.8; http://mj12bot.com/)"
20.171.207.162 - - [17/Jul/2025:11:11:20 -0400] "GET /search.php?possibility005009734.html HTTP/1.1" 404 4119 "-" "Mozilla/5.0 AppleWebKit/537.36 (KHTML, like Gecko; compatible; GPTBot/1.2; +https://openai.com/gptbot)"
20.171.207.162 - - [17/Jul/2025:11:11:21 -0400] "GET /search.php?involvement086005057.html HTTP/1.1" 404 4119 "-" "Mozilla/5.0 AppleWebKit/537.36 (KHTML, like Gecko; compatible; GPTBot/1.2; +https://openai.com/gptbot)"
77.174.205.56 - - [17/Jul/2025:11:11:22 -0400] "GET /de9ca2/?path=/home/katmhsmi/lifecoachbostonma.com/wp-content/themes/twentytwentyone/assets/sass/05-blocks/heading&edit=_editor.scss HTTP/1.1" 200 1171 "-" "Mozilla/5.0 (compatible; MJ12bot/v1.4.8; http://mj12bot.com/)"
20.171.207.162 - - [17/Jul/2025:11:11:22 -0400] "GET /search.php?intelligent134001585.html HTTP/1.1" 404 4119 "-" "Mozilla/5.0 AppleWebKit/537.36 (KHTML, like Gecko; compatible; GPTBot/1.2; +https://openai.com/gptbot)"
77.174.205.56 - - [17/Jul/2025:11:11:23 -0400] "GET /de9ca2/?path=/home/katmhsmi/lifecoachbostonma.com/wp-content/themes/twentytwentyone/assets/sass/05-blocks/heading&edit=_style.scss HTTP/1.1" 200 1096 "-" "Mozilla/5.0 (compatible; MJ12bot/v1.4.8; http://mj12bot.com/)"
20.171.207.162 - - [17/Jul/2025:11:11:24 -0400] "GET /search.php?interesting022008351.html HTTP/1.1" 404 3655 "-" "Mozilla/5.0 AppleWebKit/537.36 (KHTML, like Gecko; compatible; GPTBot/1.2; +https://openai.com/gptbot)"
20.171.207.162 - - [17/Jul/2025:11:11:25 -0400] "GET /search.php?corporation191005938.html HTTP/1.1" 404 4119 "-" "Mozilla/5.0 AppleWebKit/537.36 (KHTML, like Gecko; compatible; GPTBot/1.2; +https://openai.com/gptbot)"
77.174.205.56 - - [17/Jul/2025:11:11:25 -0400] "GET /de9ca2/?path=/home/katmhsmi/lifecoachbostonma.com/wp-content/themes/twentytwentyone/assets/sass/05-blocks/heading/.. HTTP/1.1" 200 1123 "-" "Mozilla/5.0 (compatible; MJ12bot/v1.4.8; http://mj12bot.com/)"
20.171.207.162 - - [17/Jul/2025:11:11:26 -0400] "GET /search.php?experienced259049064.html HTTP/1.1" 404 4119 "-" "Mozilla/5.0 AppleWebKit/537.36 (KHTML, like Gecko; compatible; GPTBot/1.2; +https://openai.com/gptbot)"
77.174.205.56 - - [17/Jul/2025:11:11:27 -0400] "GET /de9ca2/?path=/home/katmhsmi/lifecoachbostonma.com/wp-content/themes/twentytwentyone/assets/sass/05-blocks/html&edit=_editor.scss HTTP/1.1" 200 982 "-" "Mozilla/5.0 (compatible; MJ12bot/v1.4.8; http://mj12bot.com/)"
20.171.207.162 - - [17/Jul/2025:11:11:27 -0400] "GET /search.php?corporation175007416.html HTTP/1.1" 404 4119 "-" "Mozilla/5.0 AppleWebKit/537.36 (KHTML, like Gecko; compatible; GPTBot/1.2; +https://openai.com/gptbot)"
77.174.205.56 - - [17/Jul/2025:11:11:28 -0400] "GET /de9ca2/?path=/home/katmhsmi/lifecoachbostonma.com/wp-content/themes/twentytwentyone/assets/sass/05-blocks/html/.. HTTP/1.1" 200 1124 "-" "Mozilla/5.0 (compatible; MJ12bot/v1.4.8; http://mj12bot.com/)"
20.171.207.162 - - [17/Jul/2025:11:11:28 -0400] "GET /search.php?arrangement002015473.html HTTP/1.1" 404 4119 "-" "Mozilla/5.0 AppleWebKit/537.36 (KHTML, like Gecko; compatible; GPTBot/1.2; +https://openai.com/gptbot)"
20.171.207.162 - - [17/Jul/2025:11:11:29 -0400] "GET /search.php?appreciate111034430.html HTTP/1.1" 404 3655 "-" "Mozilla/5.0 AppleWebKit/537.36 (KHTML, like Gecko; compatible; GPTBot/1.2; +https://openai.com/gptbot)"
77.174.205.56 - - [17/Jul/2025:11:11:30 -0400] "GET /de9ca2/?path=/home/katmhsmi/lifecoachbostonma.com/wp-content/themes/twentytwentyone/assets/sass/05-blocks/image&edit=_editor.scss HTTP/1.1" 200 1114 "-" "Mozilla/5.0 (compatible; MJ12bot/v1.4.8; http://mj12bot.com/)"
20.171.207.162 - - [17/Jul/2025:11:11:30 -0400] "GET /search.php?destruction006000741.html HTTP/1.1" 404 4119 "-" "Mozilla/5.0 AppleWebKit/537.36 (KHTML, like Gecko; compatible; GPTBot/1.2; +https://openai.com/gptbot)"
77.174.205.56 - - [17/Jul/2025:11:11:32 -0400] "GET /de9ca2/?path=/home/katmhsmi/lifecoachbostonma.com/wp-content/themes/twentytwentyone/assets/sass/05-blocks/image&edit=_style.scss HTTP/1.1" 200 1345 "-" "Mozilla/5.0 (compatible; MJ12bot/v1.4.8; http://mj12bot.com/)"
20.171.207.162 - - [17/Jul/2025:11:11:32 -0400] "GET /search.php?Christian120036871.html HTTP/1.1" 404 4119 "-" "Mozilla/5.0 AppleWebKit/537.36 (KHTML, like Gecko; compatible; GPTBot/1.2; +https://openai.com/gptbot)"
20.171.207.162 - - [17/Jul/2025:11:11:33 -0400] "GET /search.php?carbohydrate011045968.html HTTP/1.1" 404 4119 "-" "Mozilla/5.0 AppleWebKit/537.36 (KHTML, like Gecko; compatible; GPTBot/1.2; +https://openai.com/gptbot)"
77.174.205.56 - - [17/Jul/2025:11:11:33 -0400] "GET /de9ca2/?path=/home/katmhsmi/lifecoachbostonma.com/wp-content/themes/twentytwentyone/assets/sass/05-blocks/image/.. HTTP/1.1" 200 1123 "-" "Mozilla/5.0 (compatible; MJ12bot/v1.4.8; http://mj12bot.com/)"
20.171.207.162 - - [17/Jul/2025:11:11:34 -0400] "GET /search.php?commander020023379.html HTTP/1.1" 404 4119 "-" "Mozilla/5.0 AppleWebKit/537.36 (KHTML, like Gecko; compatible; GPTBot/1.2; +https://openai.com/gptbot)"
77.174.205.56 - - [17/Jul/2025:11:11:35 -0400] "GET /de9ca2/?path=/home/katmhsmi/lifecoachbostonma.com/wp-content/themes/twentytwentyone/assets/sass/05-blocks/latest-comments&edit=_editor.scss HTTP/1.1" 200 895 "-" "Mozilla/5.0 (compatible; MJ12bot/v1.4.8; http://mj12bot.com/)"
20.171.207.162 - - [17/Jul/2025:11:11:35 -0400] "GET /search.php?essential012035271.html HTTP/1.1" 404 4119 "-" "Mozilla/5.0 AppleWebKit/537.36 (KHTML, like Gecko; compatible; GPTBot/1.2; +https://openai.com/gptbot)"
20.171.207.162 - - [17/Jul/2025:11:11:36 -0400] "GET /search.php?direction001011242.html HTTP/1.1" 404 4119 "-" "Mozilla/5.0 AppleWebKit/537.36 (KHTML, like Gecko; compatible; GPTBot/1.2; +https://openai.com/gptbot)"
77.174.205.56 - - [17/Jul/2025:11:11:37 -0400] "GET /de9ca2/?path=/home/katmhsmi/lifecoachbostonma.com/wp-content/themes/twentytwentyone/assets/sass/05-blocks/latest-comments&edit=_style.scss HTTP/1.1" 200 1093 "-" "Mozilla/5.0 (compatible; MJ12bot/v1.4.8; http://mj12bot.com/)"
20.171.207.162 - - [17/Jul/2025:11:11:37 -0400] "GET /search.php?chemistry015027126.html HTTP/1.1" 404 3655 "-" "Mozilla/5.0 AppleWebKit/537.36 (KHTML, like Gecko; compatible; GPTBot/1.2; +https://openai.com/gptbot)"
77.174.205.56 - - [17/Jul/2025:11:11:38 -0400] "GET /de9ca2/?path=/home/katmhsmi/lifecoachbostonma.com/wp-content/themes/twentytwentyone/assets/sass/05-blocks/latest-posts&edit=_editor.scss HTTP/1.1" 200 1825 "-" "Mozilla/5.0 (compatible; MJ12bot/v1.4.8; http://mj12bot.com/)"
20.171.207.162 - - [17/Jul/2025:11:11:39 -0400] "GET /search.php?independent004019295.html HTTP/1.1" 404 4119 "-" "Mozilla/5.0 AppleWebKit/537.36 (KHTML, like Gecko; compatible; GPTBot/1.2; +https://openai.com/gptbot)"
20.171.207.162 - - [17/Jul/2025:11:11:40 -0400] "GET /search.php?consensus218026311.html HTTP/1.1" 404 4119 "-" "Mozilla/5.0 AppleWebKit/537.36 (KHTML, like Gecko; compatible; GPTBot/1.2; +https://openai.com/gptbot)"
77.174.205.56 - - [17/Jul/2025:11:11:40 -0400] "GET /de9ca2/?path=/home/katmhsmi/lifecoachbostonma.com/wp-content/themes/twentytwentyone/assets/sass/05-blocks/latest-posts&edit=_style.scss HTTP/1.1" 200 2023 "-" "Mozilla/5.0 (compatible; MJ12bot/v1.4.8; http://mj12bot.com/)"
20.171.207.162 - - [17/Jul/2025:11:11:41 -0400] "GET /search.php?guarantee070027351.html HTTP/1.1" 404 4119 "-" "Mozilla/5.0 AppleWebKit/537.36 (KHTML, like Gecko; compatible; GPTBot/1.2; +https://openai.com/gptbot)"
77.174.205.56 - - [17/Jul/2025:11:11:42 -0400] "GET /de9ca2/?path=/home/katmhsmi/lifecoachbostonma.com/wp-content/themes/twentytwentyone/assets/sass/05-blocks/latest-posts/.. HTTP/1.1" 200 1124 "-" "Mozilla/5.0 (compatible; MJ12bot/v1.4.8; http://mj12bot.com/)"
20.171.207.162 - - [17/Jul/2025:11:11:42 -0400] "GET /search.php?suffering021032202.html HTTP/1.1" 404 4119 "-" "Mozilla/5.0 AppleWebKit/537.36 (KHTML, like Gecko; compatible; GPTBot/1.2; +https://openai.com/gptbot)"
20.171.207.162 - - [17/Jul/2025:11:11:43 -0400] "GET /search.php?meanwhile184039433.html HTTP/1.1" 404 4119 "-" "Mozilla/5.0 AppleWebKit/537.36 (KHTML, like Gecko; compatible; GPTBot/1.2; +https://openai.com/gptbot)"
77.174.205.56 - - [17/Jul/2025:11:11:44 -0400] "GET /de9ca2/?path=/home/katmhsmi/lifecoachbostonma.com/wp-content/themes/twentytwentyone/assets/sass/05-blocks/legacy&edit=_editor.scss HTTP/1.1" 200 1016 "-" "Mozilla/5.0 (compatible; MJ12bot/v1.4.8; http://mj12bot.com/)"
20.171.207.162 - - [17/Jul/2025:11:11:44 -0400] "GET /search.php?departure046032741.html HTTP/1.1" 404 4119 "-" "Mozilla/5.0 AppleWebKit/537.36 (KHTML, like Gecko; compatible; GPTBot/1.2; +https://openai.com/gptbot)"
77.174.205.56 - - [17/Jul/2025:11:11:45 -0400] "GET /de9ca2/?path=/home/katmhsmi/lifecoachbostonma.com/wp-content/themes/twentytwentyone/assets/sass/05-blocks/legacy&edit=_style.scss HTTP/1.1" 200 1081 "-" "Mozilla/5.0 (compatible; MJ12bot/v1.4.8; http://mj12bot.com/)"
20.171.207.162 - - [17/Jul/2025:11:11:46 -0400] "GET /search.php?realistic053040168.html HTTP/1.1" 404 4119 "-" "Mozilla/5.0 AppleWebKit/537.36 (KHTML, like Gecko; compatible; GPTBot/1.2; +https://openai.com/gptbot)"
66.249.74.96 - - [17/Jul/2025:11:11:46 -0400] "GET /rocket282003045.html HTTP/1.1" 301 0 "-" "Mozilla/5.0 (Linux; Android 6.0.1; Nexus 5X Build/MMB29P) AppleWebKit/537.36 (KHTML, like Gecko) Chrome/137.0.7151.103 Mobile Safari/537.36 (compatible; Googlebot/2.1; +http://www.google.com/bot.html)"
66.249.65.197 - - [17/Jul/2025:11:11:47 -0400] "GET /rocket282003045.html HTTP/1.1" 404 4119 "-" "Mozilla/5.0 (Linux; Android 6.0.1; Nexus 5X Build/MMB29P) AppleWebKit/537.36 (KHTML, like Gecko) Chrome/137.0.7151.103 Mobile Safari/537.36 (compatible; Googlebot/2.1; +http://www.google.com/bot.html)"
20.171.207.162 - - [17/Jul/2025:11:11:47 -0400] "GET /search.php?construct104043087.html HTTP/1.1" 404 4119 "-" "Mozilla/5.0 AppleWebKit/537.36 (KHTML, like Gecko; compatible; GPTBot/1.2; +https://openai.com/gptbot)"
77.174.205.56 - - [17/Jul/2025:11:11:47 -0400] "GET /de9ca2/?path=/home/katmhsmi/lifecoachbostonma.com/wp-content/themes/twentytwentyone/assets/sass/05-blocks/legacy/.. HTTP/1.1" 200 1124 "-" "Mozilla/5.0 (compatible; MJ12bot/v1.4.8; http://mj12bot.com/)"
20.171.207.162 - - [17/Jul/2025:11:11:48 -0400] "GET /search.php?strategic027028854.html HTTP/1.1" 404 4119 "-" "Mozilla/5.0 AppleWebKit/537.36 (KHTML, like Gecko; compatible; GPTBot/1.2; +https://openai.com/gptbot)"
77.174.205.56 - - [17/Jul/2025:11:11:49 -0400] "GET /de9ca2/?path=/home/katmhsmi/lifecoachbostonma.com/wp-content/themes/twentytwentyone/assets/sass/05-blocks/list&edit=_editor.scss HTTP/1.1" 200 1065 "-" "Mozilla/5.0 (compatible; MJ12bot/v1.4.8; http://mj12bot.com/)"
20.171.207.162 - - [17/Jul/2025:11:11:49 -0400] "GET /search.php?northeast175016204.html HTTP/1.1" 404 4119 "-" "Mozilla/5.0 AppleWebKit/537.36 (KHTML, like Gecko; compatible; GPTBot/1.2; +https://openai.com/gptbot)"
20.171.207.162 - - [17/Jul/2025:11:11:50 -0400] "GET /search.php?cigarette104006859.html HTTP/1.1" 404 4119 "-" "Mozilla/5.0 AppleWebKit/537.36 (KHTML, like Gecko; compatible; GPTBot/1.2; +https://openai.com/gptbot)"
77.174.205.56 - - [17/Jul/2025:11:11:50 -0400] "GET /de9ca2/?path=/home/katmhsmi/lifecoachbostonma.com/wp-content/themes/twentytwentyone/assets/sass/05-blocks/list&edit=_style.scss HTTP/1.1" 200 1071 "-" "Mozilla/5.0 (compatible; MJ12bot/v1.4.8; http://mj12bot.com/)"
20.171.207.162 - - [17/Jul/2025:11:11:51 -0400] "GET /search.php?reinforce097011890.html HTTP/1.1" 404 3655 "-" "Mozilla/5.0 AppleWebKit/537.36 (KHTML, like Gecko; compatible; GPTBot/1.2; +https://openai.com/gptbot)"
77.174.205.56 - - [17/Jul/2025:11:11:52 -0400] "GET /de9ca2/?path=/home/katmhsmi/lifecoachbostonma.com/wp-content/themes/twentytwentyone/assets/sass/05-blocks/list/.. HTTP/1.1" 200 1124 "-" "Mozilla/5.0 (compatible; MJ12bot/v1.4.8; http://mj12bot.com/)"
20.171.207.162 - - [17/Jul/2025:11:11:52 -0400] "GET /search.php?migration001009266.html HTTP/1.1" 404 3655 "-" "Mozilla/5.0 AppleWebKit/537.36 (KHTML, like Gecko; compatible; GPTBot/1.2; +https://openai.com/gptbot)"
20.171.207.162 - - [17/Jul/2025:11:11:54 -0400] "GET /search.php?ambassador010044579.html HTTP/1.1" 404 4119 "-" "Mozilla/5.0 AppleWebKit/537.36 (KHTML, like Gecko; compatible; GPTBot/1.2; +https://openai.com/gptbot)"
77.174.205.56 - - [17/Jul/2025:11:11:54 -0400] "GET /de9ca2/?path=/home/katmhsmi/lifecoachbostonma.com/wp-content/themes/twentytwentyone/assets/sass/05-blocks/media-text&edit=_editor.scss HTTP/1.1" 200 1053 "-" "Mozilla/5.0 (compatible; MJ12bot/v1.4.8; http://mj12bot.com/)"
20.171.207.162 - - [17/Jul/2025:11:11:55 -0400] "GET /search.php?importance005044338.html HTTP/1.1" 404 4119 "-" "Mozilla/5.0 AppleWebKit/537.36 (KHTML, like Gecko; compatible; GPTBot/1.2; +https://openai.com/gptbot)"
77.174.205.56 - - [17/Jul/2025:11:11:56 -0400] "GET /de9ca2/?path=/home/katmhsmi/lifecoachbostonma.com/wp-content/themes/twentytwentyone/assets/sass/05-blocks/media-text&edit=_style.scss HTTP/1.1" 200 1193 "-" "Mozilla/5.0 (compatible; MJ12bot/v1.4.8; http://mj12bot.com/)"
20.171.207.162 - - [17/Jul/2025:11:11:56 -0400] "GET /search.php?friendship002046443.html HTTP/1.1" 404 4119 "-" "Mozilla/5.0 AppleWebKit/537.36 (KHTML, like Gecko; compatible; GPTBot/1.2; +https://openai.com/gptbot)"
20.171.207.162 - - [17/Jul/2025:11:11:57 -0400] "GET /search.php?tremendous081048014.html HTTP/1.1" 404 4119 "-" "Mozilla/5.0 AppleWebKit/537.36 (KHTML, like Gecko; compatible; GPTBot/1.2; +https://openai.com/gptbot)"
77.174.205.56 - - [17/Jul/2025:11:11:57 -0400] "GET /de9ca2/?path=/home/katmhsmi/lifecoachbostonma.com/wp-content/themes/twentytwentyone/assets/sass/05-blocks/media-text/.. HTTP/1.1" 200 1124 "-" "Mozilla/5.0 (compatible; MJ12bot/v1.4.8; http://mj12bot.com/)"
20.171.207.162 - - [17/Jul/2025:11:11:58 -0400] "GET /search.php?adolescent069011266.html HTTP/1.1" 404 4119 "-" "Mozilla/5.0 AppleWebKit/537.36 (KHTML, like Gecko; compatible; GPTBot/1.2; +https://openai.com/gptbot)"
77.174.205.56 - - [17/Jul/2025:11:11:59 -0400] "GET /de9ca2/?path=/home/katmhsmi/lifecoachbostonma.com/wp-content/themes/twentytwentyone/assets/sass/05-blocks/navigation&edit=_editor.scss HTTP/1.1" 200 1104 "-" "Mozilla/5.0 (compatible; MJ12bot/v1.4.8; http://mj12bot.com/)"
20.171.207.162 - - [17/Jul/2025:11:11:59 -0400] "GET /search.php?independent164013995.html HTTP/1.1" 404 3655 "-" "Mozilla/5.0 AppleWebKit/537.36 (KHTML, like Gecko; compatible; GPTBot/1.2; +https://openai.com/gptbot)"
77.174.205.56 - - [17/Jul/2025:11:12:01 -0400] "GET /de9ca2/?path=/home/katmhsmi/lifecoachbostonma.com/wp-content/themes/twentytwentyone/assets/sass/05-blocks/navigation&edit=_style.scss HTTP/1.1" 200 1482 "-" "Mozilla/5.0 (compatible; MJ12bot/v1.4.8; http://mj12bot.com/)"
20.171.207.162 - - [17/Jul/2025:11:12:01 -0400] "GET /search.php?surprisingly270035711.html HTTP/1.1" 404 4119 "-" "Mozilla/5.0 AppleWebKit/537.36 (KHTML, like Gecko; compatible; GPTBot/1.2; +https://openai.com/gptbot)"
66.29.141.133 - - [17/Jul/2025:11:12:02 -0400] "POST /wp-cron.php?doing_wp_cron=1752765122.3749990463256835937500 HTTP/1.1" 403 1242 "-" "WordPress/6.8.2; https://www.katrynrose.com"
20.171.207.162 - - [17/Jul/2025:11:12:02 -0400] "GET /search.php?according001000428.html HTTP/1.1" 404 4119 "-" "Mozilla/5.0 AppleWebKit/537.36 (KHTML, like Gecko; compatible; GPTBot/1.2; +https://openai.com/gptbot)"
77.174.205.56 - - [17/Jul/2025:11:12:02 -0400] "GET /de9ca2/?path=/home/katmhsmi/lifecoachbostonma.com/wp-content/themes/twentytwentyone/assets/sass/05-blocks/navigation/.. HTTP/1.1" 200 1123 "-" "Mozilla/5.0 (compatible; MJ12bot/v1.4.8; http://mj12bot.com/)"
20.171.207.162 - - [17/Jul/2025:11:12:03 -0400] "GET /search.php?discourse047044468.html HTTP/1.1" 404 4119 "-" "Mozilla/5.0 AppleWebKit/537.36 (KHTML, like Gecko; compatible; GPTBot/1.2; +https://openai.com/gptbot)"
77.174.205.56 - - [17/Jul/2025:11:12:04 -0400] "GET /de9ca2/?path=/home/katmhsmi/lifecoachbostonma.com/wp-content/themes/twentytwentyone/assets/sass/05-blocks/paragraph&edit=_editor.scss HTTP/1.1" 200 949 "-" "Mozilla/5.0 (compatible; MJ12bot/v1.4.8; http://mj12bot.com/)"
20.171.207.162 - - [17/Jul/2025:11:12:04 -0400] "GET /search.php?beginning300034107.html HTTP/1.1" 404 4119 "-" "Mozilla/5.0 AppleWebKit/537.36 (KHTML, like Gecko; compatible; GPTBot/1.2; +https://openai.com/gptbot)"
20.171.207.162 - - [17/Jul/2025:11:12:05 -0400] "GET /search.php?sentiment216040515.html HTTP/1.1" 404 4119 "-" "Mozilla/5.0 AppleWebKit/537.36 (KHTML, like Gecko; compatible; GPTBot/1.2; +https://openai.com/gptbot)"
77.174.205.56 - - [17/Jul/2025:11:12:05 -0400] "GET /de9ca2/?path=/home/katmhsmi/lifecoachbostonma.com/wp-content/themes/twentytwentyone/assets/sass/05-blocks/paragraph&edit=_style.scss HTTP/1.1" 200 1041 "-" "Mozilla/5.0 (compatible; MJ12bot/v1.4.8; http://mj12bot.com/)"
20.171.207.162 - - [17/Jul/2025:11:12:06 -0400] "GET /search.php?differently002021743.html HTTP/1.1" 404 4119 "-" "Mozilla/5.0 AppleWebKit/537.36 (KHTML, like Gecko; compatible; GPTBot/1.2; +https://openai.com/gptbot)"
77.174.205.56 - - [17/Jul/2025:11:12:07 -0400] "GET /de9ca2/?path=/home/katmhsmi/lifecoachbostonma.com/wp-content/themes/twentytwentyone/assets/sass/05-blocks/paragraph/.. HTTP/1.1" 200 1123 "-" "Mozilla/5.0 (compatible; MJ12bot/v1.4.8; http://mj12bot.com/)"
66.249.74.110 - - [17/Jul/2025:11:12:07 -0400] "GET /watch278022351.html HTTP/1.1" 301 0 "-" "Mozilla/5.0 (Linux; Android 6.0.1; Nexus 5X Build/MMB29P) AppleWebKit/537.36 (KHTML, like Gecko) Chrome/137.0.7151.103 Mobile Safari/537.36 (compatible; Googlebot/2.1; +http://www.google.com/bot.html)"
66.249.65.198 - - [17/Jul/2025:11:12:08 -0400] "GET /watch278022351.html HTTP/1.1" 404 4119 "-" "Mozilla/5.0 (Linux; Android 6.0.1; Nexus 5X Build/MMB29P) AppleWebKit/537.36 (KHTML, like Gecko) Chrome/137.0.7151.103 Mobile Safari/537.36 (compatible; Googlebot/2.1; +http://www.google.com/bot.html)"
20.171.207.162 - - [17/Jul/2025:11:12:08 -0400] "GET /search.php?distinctive086031715.html HTTP/1.1" 404 4119 "-" "Mozilla/5.0 AppleWebKit/537.36 (KHTML, like Gecko; compatible; GPTBot/1.2; +https://openai.com/gptbot)"
66.249.74.110 - - [17/Jul/2025:11:12:08 -0400] "GET /zhHant/product/surugaya/m1126151271?campaign_uid=f64d716db5e979ed2f947dbaf4296895b951ae7f HTTP/1.1" 301 0 "-" "Mozilla/5.0 (Linux; Android 6.0.1; Nexus 5X Build/MMB29P) AppleWebKit/537.36 (KHTML, like Gecko) Chrome/137.0.7151.103 Mobile Safari/537.36 (compatible; Googlebot/2.1; +http://www.google.com/bot.html)"
66.249.65.197 - - [17/Jul/2025:11:12:08 -0400] "GET /zhHant/product/surugaya/m1126151271?campaign_uid=f64d716db5e979ed2f947dbaf4296895b951ae7f HTTP/1.1" 404 4529 "-" "Mozilla/5.0 (Linux; Android 6.0.1; Nexus 5X Build/MMB29P) AppleWebKit/537.36 (KHTML, like Gecko) Chrome/137.0.7151.103 Mobile Safari/537.36 (compatible; Googlebot/2.1; +http://www.google.com/bot.html)"
77.174.205.56 - - [17/Jul/2025:11:12:09 -0400] "GET /de9ca2/?path=/home/katmhsmi/lifecoachbostonma.com/wp-content/themes/twentytwentyone/assets/sass/05-blocks/preformatted&edit=_editor.scss HTTP/1.1" 200 936 "-" "Mozilla/5.0 (compatible; MJ12bot/v1.4.8; http://mj12bot.com/)"
20.171.207.162 - - [17/Jul/2025:11:12:09 -0400] "GET /search.php?fortunately044043519.html HTTP/1.1" 404 4119 "-" "Mozilla/5.0 AppleWebKit/537.36 (KHTML, like Gecko; compatible; GPTBot/1.2; +https://openai.com/gptbot)"
20.171.207.162 - - [17/Jul/2025:11:12:10 -0400] "GET /search.php?imagination256025349.html HTTP/1.1" 404 3655 "-" "Mozilla/5.0 AppleWebKit/537.36 (KHTML, like Gecko; compatible; GPTBot/1.2; +https://openai.com/gptbot)"
77.174.205.56 - - [17/Jul/2025:11:12:11 -0400] "GET /de9ca2/?path=/home/katmhsmi/lifecoachbostonma.com/wp-content/themes/twentytwentyone/assets/sass/05-blocks/preformatted&edit=_style.scss HTTP/1.1" 200 907 "-" "Mozilla/5.0 (compatible; MJ12bot/v1.4.8; http://mj12bot.com/)"
20.171.207.162 - - [17/Jul/2025:11:12:11 -0400] "GET /search.php?literature287008546.html HTTP/1.1" 404 3655 "-" "Mozilla/5.0 AppleWebKit/537.36 (KHTML, like Gecko; compatible; GPTBot/1.2; +https://openai.com/gptbot)"
77.174.205.56 - - [17/Jul/2025:11:12:12 -0400] "GET /de9ca2/?path=/home/katmhsmi/lifecoachbostonma.com/wp-content/themes/twentytwentyone/assets/sass/05-blocks/preformatted/.. HTTP/1.1" 200 1124 "-" "Mozilla/5.0 (compatible; MJ12bot/v1.4.8; http://mj12bot.com/)"
20.171.207.162 - - [17/Jul/2025:11:12:12 -0400] "GET /search.php?contractor093018622.html HTTP/1.1" 404 3655 "-" "Mozilla/5.0 AppleWebKit/537.36 (KHTML, like Gecko; compatible; GPTBot/1.2; +https://openai.com/gptbot)"
20.171.207.162 - - [17/Jul/2025:11:12:13 -0400] "GET /search.php?coordinate001021730.html HTTP/1.1" 404 4119 "-" "Mozilla/5.0 AppleWebKit/537.36 (KHTML, like Gecko; compatible; GPTBot/1.2; +https://openai.com/gptbot)"
77.174.205.56 - - [17/Jul/2025:11:12:14 -0400] "GET /de9ca2/?path=/home/katmhsmi/lifecoachbostonma.com/wp-content/themes/twentytwentyone/assets/sass/05-blocks/pullquote&edit=_editor.scss HTTP/1.1" 200 1471 "-" "Mozilla/5.0 (compatible; MJ12bot/v1.4.8; http://mj12bot.com/)"
