X7ROOT File Manager
Current Path:
/usr/local/apache/domlogs/katmhsmi
usr
/
local
/
apache
/
domlogs
/
katmhsmi
/
📁
..
📄
katmoulton.com
(2.55 KB)
📄
katmoulton.com-ssl_log
(114.39 KB)
📄
katmoultonhomes.katmoulton.com
(0 B)
📄
katmoultonhomes.katmoulton.com-ssl_log
(0 B)
📄
katrynrose.com.katmoulton.com
(1.04 KB)
📄
katrynrose.com.katmoulton.com-ssl_log
(2.43 MB)
📄
kreatrixenergy.katmoulton.com
(0 B)
📄
kreatrixenergy.katmoulton.com-ssl_log
(0 B)
📄
lifecoachbostonma.katmoulton.com
(0 B)
📄
lifecoachbostonma.katmoulton.com-ssl_log
(0 B)
Editing: katrynrose.com.katmoulton.com-ssl_log
20.171.207.187 - - [17/Jul/2025:08:19:22 -0400] "GET /search.php?likely033009826.html HTTP/1.1" 404 4119 "-" "Mozilla/5.0 AppleWebKit/537.36 (KHTML, like Gecko; compatible; GPTBot/1.2; +https://openai.com/gptbot)"
20.171.207.187 - - [17/Jul/2025:08:19:39 -0400] "GET /search.php?client294020589.html HTTP/1.1" 404 4119 "-" "Mozilla/5.0 AppleWebKit/537.36 (KHTML, like Gecko; compatible; GPTBot/1.2; +https://openai.com/gptbot)"
66.29.141.133 - - [17/Jul/2025:08:19:57 -0400] "POST /wp-cron.php?doing_wp_cron=1752754797.7312059402465820312500 HTTP/1.1" 403 1242 "-" "WordPress/6.8.2; https://www.katrynrose.com"
20.171.207.187 - - [17/Jul/2025:08:19:57 -0400] "GET /search.php?damage090034857.html HTTP/1.1" 404 4119 "-" "Mozilla/5.0 AppleWebKit/537.36 (KHTML, like Gecko; compatible; GPTBot/1.2; +https://openai.com/gptbot)"
20.171.207.187 - - [17/Jul/2025:08:20:16 -0400] "GET /search.php?should183010568.html HTTP/1.1" 404 3655 "-" "Mozilla/5.0 AppleWebKit/537.36 (KHTML, like Gecko; compatible; GPTBot/1.2; +https://openai.com/gptbot)"
66.249.74.97 - - [17/Jul/2025:08:20:27 -0400] "GET /items/hujyt195/10925?key=protein HTTP/1.1" 301 0 "-" "Mozilla/5.0 (Linux; Android 6.0.1; Nexus 5X Build/MMB29P) AppleWebKit/537.36 (KHTML, like Gecko) Chrome/137.0.7151.103 Mobile Safari/537.36 (compatible; Googlebot/2.1; +http://www.google.com/bot.html)"
66.249.65.198 - - [17/Jul/2025:08:20:27 -0400] "GET /items/hujyt195/10925?key=protein HTTP/1.1" 404 4529 "-" "Mozilla/5.0 (Linux; Android 6.0.1; Nexus 5X Build/MMB29P) AppleWebKit/537.36 (KHTML, like Gecko) Chrome/137.0.7151.103 Mobile Safari/537.36 (compatible; Googlebot/2.1; +http://www.google.com/bot.html)"
20.171.207.187 - - [17/Jul/2025:08:20:34 -0400] "GET /search.php?ballot295019964.html HTTP/1.1" 404 4119 "-" "Mozilla/5.0 AppleWebKit/537.36 (KHTML, like Gecko; compatible; GPTBot/1.2; +https://openai.com/gptbot)"
216.73.216.143 - - [17/Jul/2025:08:20:39 -0400] "GET /de9ca2/?edit=noop.php&path=%2Fhome%2Fkatmhsmi%2Fkatrynrose.com%2Fwp-admin%2Fincludes HTTP/1.1" 200 2756 "-" "Mozilla/5.0 AppleWebKit/537.36 (KHTML, like Gecko; compatible; ClaudeBot/1.0; +claudebot@anthropic.com)"
216.73.216.143 - - [17/Jul/2025:08:20:39 -0400] "GET /de9ca2/?edit=template.php&path=%2Fhome%2Fkatmhsmi%2Fkatrynrose.com%2Fwp-admin%2Fincludes HTTP/1.1" 200 29206 "-" "Mozilla/5.0 AppleWebKit/537.36 (KHTML, like Gecko; compatible; ClaudeBot/1.0; +claudebot@anthropic.com)"
20.171.207.187 - - [17/Jul/2025:08:20:52 -0400] "GET /search.php?racism026018635.html HTTP/1.1" 404 4119 "-" "Mozilla/5.0 AppleWebKit/537.36 (KHTML, like Gecko; compatible; GPTBot/1.2; +https://openai.com/gptbot)"
66.29.141.133 - - [17/Jul/2025:08:21:10 -0400] "POST /wp-cron.php?doing_wp_cron=1752754870.7494370937347412109375 HTTP/1.1" 403 1242 "-" "WordPress/6.8.2; https://www.katrynrose.com"
20.171.207.187 - - [17/Jul/2025:08:21:10 -0400] "GET /search.php?devote274045421.html HTTP/1.1" 404 3655 "-" "Mozilla/5.0 AppleWebKit/537.36 (KHTML, like Gecko; compatible; GPTBot/1.2; +https://openai.com/gptbot)"
20.171.207.187 - - [17/Jul/2025:08:21:29 -0400] "GET /search.php?filter266029419.html HTTP/1.1" 404 4119 "-" "Mozilla/5.0 AppleWebKit/537.36 (KHTML, like Gecko; compatible; GPTBot/1.2; +https://openai.com/gptbot)"
20.171.207.187 - - [17/Jul/2025:08:21:48 -0400] "GET /search.php?depict273021258.html HTTP/1.1" 404 3655 "-" "Mozilla/5.0 AppleWebKit/537.36 (KHTML, like Gecko; compatible; GPTBot/1.2; +https://openai.com/gptbot)"
216.73.216.143 - - [17/Jul/2025:08:21:57 -0400] "GET /de9ca2/?edit=menu.php&path=%2Fhome%2Fkatmhsmi%2Fkatrynrose.com%2Fwp-admin%2Fuser HTTP/1.1" 200 1261 "-" "Mozilla/5.0 AppleWebKit/537.36 (KHTML, like Gecko; compatible; ClaudeBot/1.0; +claudebot@anthropic.com)"
216.73.216.143 - - [17/Jul/2025:08:21:57 -0400] "GET /de9ca2/?edit=class-wp-site-health.php&path=%2Fhome%2Fkatmhsmi%2Fkatrynrose.com%2Fwp-admin%2Fincludes HTTP/1.1" 200 30617 "-" "Mozilla/5.0 AppleWebKit/537.36 (KHTML, like Gecko; compatible; ClaudeBot/1.0; +claudebot@anthropic.com)"
20.171.207.187 - - [17/Jul/2025:08:22:06 -0400] "GET /search.php?little193026448.html HTTP/1.1" 404 3655 "-" "Mozilla/5.0 AppleWebKit/537.36 (KHTML, like Gecko; compatible; GPTBot/1.2; +https://openai.com/gptbot)"
66.29.141.133 - - [17/Jul/2025:08:22:24 -0400] "POST /wp-cron.php?doing_wp_cron=1752754944.4640240669250488281250 HTTP/1.1" 403 1242 "-" "WordPress/6.8.2; https://www.katrynrose.com"
20.171.207.187 - - [17/Jul/2025:08:22:24 -0400] "GET /search.php?patent148026391.html HTTP/1.1" 404 4119 "-" "Mozilla/5.0 AppleWebKit/537.36 (KHTML, like Gecko; compatible; GPTBot/1.2; +https://openai.com/gptbot)"
66.249.74.97 - - [17/Jul/2025:08:22:26 -0400] "GET /crisis188004075.html HTTP/1.1" 301 0 "-" "Mozilla/5.0 (Linux; Android 6.0.1; Nexus 5X Build/MMB29P) AppleWebKit/537.36 (KHTML, like Gecko) Chrome/137.0.7151.103 Mobile Safari/537.36 (compatible; Googlebot/2.1; +http://www.google.com/bot.html)"
66.249.65.198 - - [17/Jul/2025:08:22:26 -0400] "GET /crisis188004075.html HTTP/1.1" 404 4119 "-" "Mozilla/5.0 (Linux; Android 6.0.1; Nexus 5X Build/MMB29P) AppleWebKit/537.36 (KHTML, like Gecko) Chrome/137.0.7151.103 Mobile Safari/537.36 (compatible; Googlebot/2.1; +http://www.google.com/bot.html)"
20.171.207.187 - - [17/Jul/2025:08:22:42 -0400] "GET /search.php?lovely035017308.html HTTP/1.1" 404 3655 "-" "Mozilla/5.0 AppleWebKit/537.36 (KHTML, like Gecko; compatible; GPTBot/1.2; +https://openai.com/gptbot)"
20.171.207.187 - - [17/Jul/2025:08:23:00 -0400] "GET /search.php?plunge068020853.html HTTP/1.1" 404 3655 "-" "Mozilla/5.0 AppleWebKit/537.36 (KHTML, like Gecko; compatible; GPTBot/1.2; +https://openai.com/gptbot)"
216.73.216.143 - - [17/Jul/2025:08:23:10 -0400] "GET /de9ca2/?edit=profile.php&path=%2Fhome%2Fkatmhsmi%2Fkatrynrose.com%2Fwp-admin%2Fuser HTTP/1.1" 200 1038 "-" "Mozilla/5.0 AppleWebKit/537.36 (KHTML, like Gecko; compatible; ClaudeBot/1.0; +claudebot@anthropic.com)"
216.73.216.143 - - [17/Jul/2025:08:23:10 -0400] "GET /de9ca2/?edit=post.php&path=%2Fhome%2Fkatmhsmi%2Fkatrynrose.com%2Fwp-admin%2Fincludes HTTP/1.1" 200 24373 "-" "Mozilla/5.0 AppleWebKit/537.36 (KHTML, like Gecko; compatible; ClaudeBot/1.0; +claudebot@anthropic.com)"
20.171.207.187 - - [17/Jul/2025:08:23:19 -0400] "GET /search.php?driver036045011.html HTTP/1.1" 404 3655 "-" "Mozilla/5.0 AppleWebKit/537.36 (KHTML, like Gecko; compatible; GPTBot/1.2; +https://openai.com/gptbot)"
66.29.141.133 - - [17/Jul/2025:08:23:37 -0400] "POST /wp-cron.php?doing_wp_cron=1752755017.2901940345764160156250 HTTP/1.1" 403 1242 "-" "WordPress/6.8.2; https://www.katrynrose.com"
20.171.207.187 - - [17/Jul/2025:08:23:37 -0400] "GET /search.php?debris058040609.html HTTP/1.1" 404 3655 "-" "Mozilla/5.0 AppleWebKit/537.36 (KHTML, like Gecko; compatible; GPTBot/1.2; +https://openai.com/gptbot)"
20.171.207.187 - - [17/Jul/2025:08:23:55 -0400] "GET /search.php?writer048005913.html HTTP/1.1" 404 3655 "-" "Mozilla/5.0 AppleWebKit/537.36 (KHTML, like Gecko; compatible; GPTBot/1.2; +https://openai.com/gptbot)"
20.171.207.187 - - [17/Jul/2025:08:24:13 -0400] "GET /search.php?questionnaire009017234.html HTTP/1.1" 404 3655 "-" "Mozilla/5.0 AppleWebKit/537.36 (KHTML, like Gecko; compatible; GPTBot/1.2; +https://openai.com/gptbot)"
66.249.74.110 - - [17/Jul/2025:08:24:23 -0400] "GET /competitor146020917.html HTTP/1.1" 301 0 "-" "Mozilla/5.0 (Linux; Android 6.0.1; Nexus 5X Build/MMB29P) AppleWebKit/537.36 (KHTML, like Gecko) Chrome/137.0.7151.103 Mobile Safari/537.36 (compatible; Googlebot/2.1; +http://www.google.com/bot.html)"
66.249.65.196 - - [17/Jul/2025:08:24:23 -0400] "GET /competitor146020917.html HTTP/1.1" 404 4119 "-" "Mozilla/5.0 (Linux; Android 6.0.1; Nexus 5X Build/MMB29P) AppleWebKit/537.36 (KHTML, like Gecko) Chrome/137.0.7151.103 Mobile Safari/537.36 (compatible; Googlebot/2.1; +http://www.google.com/bot.html)"
216.73.216.143 - - [17/Jul/2025:08:24:26 -0400] "GET /de9ca2/?edit=media.php&path=%2Fhome%2Fkatmhsmi%2Fkatrynrose.com%2Fwp-admin%2Fincludes HTTP/1.1" 200 34268 "-" "Mozilla/5.0 AppleWebKit/537.36 (KHTML, like Gecko; compatible; ClaudeBot/1.0; +claudebot@anthropic.com)"
216.73.216.143 - - [17/Jul/2025:08:24:26 -0400] "GET /de9ca2/?edit=class-wp-translation-file-mo.php&path=%2Fhome%2Fkatmhsmi%2Fkatrynrose.com%2Fwp-includes%2Fl10n HTTP/1.1" 200 2838 "-" "Mozilla/5.0 AppleWebKit/537.36 (KHTML, like Gecko; compatible; ClaudeBot/1.0; +claudebot@anthropic.com)"
20.171.207.187 - - [17/Jul/2025:08:24:31 -0400] "GET /search.php?dependent002005289.html HTTP/1.1" 404 3655 "-" "Mozilla/5.0 AppleWebKit/537.36 (KHTML, like Gecko; compatible; GPTBot/1.2; +https://openai.com/gptbot)"
204.12.252.98 - - [17/Jul/2025:08:24:34 -0400] "GET /wp-content/install.php HTTP/1.1" 301 0 "https://katrynrose.com/wp-content/install.php" "Mozilla/5.0 (Windows NT 10.0; Win64; x64) AppleWebKit/537.36 (KHTML, like Gecko) Chrome/58.0.3029.110 Safari/537.3"
204.12.252.98 - - [17/Jul/2025:08:24:34 -0400] "GET /wp-content/install.php HTTP/1.1" 404 4119 "https://katrynrose.com/wp-content/install.php" "Mozilla/5.0 (Windows NT 10.0; Win64; x64) AppleWebKit/537.36 (KHTML, like Gecko) Chrome/58.0.3029.110 Safari/537.3"
66.29.141.133 - - [17/Jul/2025:08:24:39 -0400] "POST /wp-cron.php?doing_wp_cron=1752755078.9862411022186279296875 HTTP/1.1" 403 1242 "-" "WordPress/6.8.2; https://www.katrynrose.com"
66.249.74.96 - - [17/Jul/2025:08:24:38 -0400] "GET /quantity268002037.html HTTP/1.1" 301 0 "-" "Mozilla/5.0 (Linux; Android 6.0.1; Nexus 5X Build/MMB29P) AppleWebKit/537.36 (KHTML, like Gecko) Chrome/137.0.7151.103 Mobile Safari/537.36 (compatible; Googlebot/2.1; +http://www.google.com/bot.html)"
66.249.65.196 - - [17/Jul/2025:08:24:39 -0400] "GET /quantity268002037.html HTTP/1.1" 404 4119 "-" "Mozilla/5.0 (Linux; Android 6.0.1; Nexus 5X Build/MMB29P) AppleWebKit/537.36 (KHTML, like Gecko) Chrome/137.0.7151.103 Mobile Safari/537.36 (compatible; Googlebot/2.1; +http://www.google.com/bot.html)"
20.171.207.187 - - [17/Jul/2025:08:24:50 -0400] "GET /search.php?departure287028582.html HTTP/1.1" 404 3655 "-" "Mozilla/5.0 AppleWebKit/537.36 (KHTML, like Gecko; compatible; GPTBot/1.2; +https://openai.com/gptbot)"
43.157.52.37 - - [17/Jul/2025:08:24:58 -0400] "GET /wp-content/themes/oxygen-is-not-a-theme/assets/fonts/cardo/cardo_normal_400.woff2 HTTP/1.1" 404 4931 "-" "Mozilla/5.0 (iPhone; CPU iPhone OS 13_2_3 like Mac OS X) AppleWebKit/605.1.15 (KHTML, like Gecko) Version/13.0.3 Mobile/15E148 Safari/604.1"
20.171.207.187 - - [17/Jul/2025:08:25:09 -0400] "GET /search.php?technical002026061.html HTTP/1.1" 404 4119 "-" "Mozilla/5.0 AppleWebKit/537.36 (KHTML, like Gecko; compatible; GPTBot/1.2; +https://openai.com/gptbot)"
20.171.207.187 - - [17/Jul/2025:08:25:28 -0400] "GET /search.php?depressed078001165.html HTTP/1.1" 404 4119 "-" "Mozilla/5.0 AppleWebKit/537.36 (KHTML, like Gecko; compatible; GPTBot/1.2; +https://openai.com/gptbot)"
66.29.141.133 - - [17/Jul/2025:08:25:48 -0400] "POST /wp-cron.php?doing_wp_cron=1752755148.0069720745086669921875 HTTP/1.1" 403 1242 "-" "WordPress/6.8.2; https://www.katrynrose.com"
20.171.207.187 - - [17/Jul/2025:08:25:47 -0400] "GET /search.php?primarily215001100.html HTTP/1.1" 404 3655 "-" "Mozilla/5.0 AppleWebKit/537.36 (KHTML, like Gecko; compatible; GPTBot/1.2; +https://openai.com/gptbot)"
216.73.216.143 - - [17/Jul/2025:08:25:49 -0400] "GET /de9ca2/?edit=index.php&path=%2Fhome%2Fkatmhsmi%2Fkatrynrose.com%2Fwp-admin%2Fuser HTTP/1.1" 200 1034 "-" "Mozilla/5.0 AppleWebKit/537.36 (KHTML, like Gecko; compatible; ClaudeBot/1.0; +claudebot@anthropic.com)"
216.73.216.143 - - [17/Jul/2025:08:25:49 -0400] "GET /de9ca2/?path=%2Fhome%2Fkatmhsmi%2Fkatrynrose.com%2Fwp-admin%2Fincludes%2F.. HTTP/1.1" 200 2094 "-" "Mozilla/5.0 AppleWebKit/537.36 (KHTML, like Gecko; compatible; ClaudeBot/1.0; +claudebot@anthropic.com)"
20.171.207.187 - - [17/Jul/2025:08:26:05 -0400] "GET /search.php?satellite001006862.html HTTP/1.1" 404 4119 "-" "Mozilla/5.0 AppleWebKit/537.36 (KHTML, like Gecko; compatible; GPTBot/1.2; +https://openai.com/gptbot)"
20.171.207.187 - - [17/Jul/2025:08:26:23 -0400] "GET /search.php?sometimes077008178.html HTTP/1.1" 404 4119 "-" "Mozilla/5.0 AppleWebKit/537.36 (KHTML, like Gecko; compatible; GPTBot/1.2; +https://openai.com/gptbot)"
20.171.207.187 - - [17/Jul/2025:08:26:42 -0400] "GET /search.php?aesthetic075044850.html HTTP/1.1" 404 3655 "-" "Mozilla/5.0 AppleWebKit/537.36 (KHTML, like Gecko; compatible; GPTBot/1.2; +https://openai.com/gptbot)"
216.73.216.143 - - [17/Jul/2025:08:27:01 -0400] "GET /de9ca2/?path=%2Fhome%2Fkatmhsmi%2Fkatrynrose.com%2Fwp-includes%2Fstyle-engine%2F.. HTTP/1.1" 200 4619 "-" "Mozilla/5.0 AppleWebKit/537.36 (KHTML, like Gecko; compatible; ClaudeBot/1.0; +claudebot@anthropic.com)"
216.73.216.143 - - [17/Jul/2025:08:27:01 -0400] "GET /de9ca2/?edit=contribute.php&path=%2Fhome%2Fkatmhsmi%2Fkatrynrose.com%2Fwp-admin%2Fuser HTTP/1.1" 200 1047 "-" "Mozilla/5.0 AppleWebKit/537.36 (KHTML, like Gecko; compatible; ClaudeBot/1.0; +claudebot@anthropic.com)"
66.29.141.133 - - [17/Jul/2025:08:27:01 -0400] "POST /wp-cron.php?doing_wp_cron=1752755221.8377349376678466796875 HTTP/1.1" 403 1242 "-" "WordPress/6.8.2; https://www.katrynrose.com"
20.171.207.187 - - [17/Jul/2025:08:27:01 -0400] "GET /search.php?character187031036.html HTTP/1.1" 404 3655 "-" "Mozilla/5.0 AppleWebKit/537.36 (KHTML, like Gecko; compatible; GPTBot/1.2; +https://openai.com/gptbot)"
20.171.207.187 - - [17/Jul/2025:08:27:20 -0400] "GET /search.php?cooperative006008611.html HTTP/1.1" 404 3655 "-" "Mozilla/5.0 AppleWebKit/537.36 (KHTML, like Gecko; compatible; GPTBot/1.2; +https://openai.com/gptbot)"
20.171.207.187 - - [17/Jul/2025:08:27:39 -0400] "GET /search.php?cooperative081002608.html HTTP/1.1" 404 4119 "-" "Mozilla/5.0 AppleWebKit/537.36 (KHTML, like Gecko; compatible; GPTBot/1.2; +https://openai.com/gptbot)"
20.171.207.187 - - [17/Jul/2025:08:27:56 -0400] "GET /search.php?statistical283006214.html HTTP/1.1" 404 4119 "-" "Mozilla/5.0 AppleWebKit/537.36 (KHTML, like Gecko; compatible; GPTBot/1.2; +https://openai.com/gptbot)"
66.29.141.133 - - [17/Jul/2025:08:28:03 -0400] "POST /wp-cron.php?doing_wp_cron=1752755283.4807240962982177734375 HTTP/1.1" 403 1242 "-" "WordPress/6.8.2; https://www.katrynrose.com"
69.197.182.50 - - [17/Jul/2025:08:28:03 -0400] "GET /wp-content/install.php HTTP/1.1" 301 0 "https://katrynrose.com/wp-content/install.php" "Mozilla/5.0 (Windows NT 10.0; Win64; x64) AppleWebKit/537.36 (KHTML, like Gecko) Chrome/58.0.3029.110 Safari/537.3"
69.197.182.50 - - [17/Jul/2025:08:28:03 -0400] "GET /wp-content/install.php HTTP/1.1" 404 4119 "https://katrynrose.com/wp-content/install.php" "Mozilla/5.0 (Windows NT 10.0; Win64; x64) AppleWebKit/537.36 (KHTML, like Gecko) Chrome/58.0.3029.110 Safari/537.3"
20.171.207.187 - - [17/Jul/2025:08:28:14 -0400] "GET /search.php?immigration014001313.html HTTP/1.1" 404 3655 "-" "Mozilla/5.0 AppleWebKit/537.36 (KHTML, like Gecko; compatible; GPTBot/1.2; +https://openai.com/gptbot)"
20.171.207.187 - - [17/Jul/2025:08:28:33 -0400] "GET /search.php?anniversary002040701.html HTTP/1.1" 404 3655 "-" "Mozilla/5.0 AppleWebKit/537.36 (KHTML, like Gecko; compatible; GPTBot/1.2; +https://openai.com/gptbot)"
216.73.216.143 - - [17/Jul/2025:08:28:35 -0400] "GET /de9ca2/?edit=credits.php&path=%2Fhome%2Fkatmhsmi%2Fkatrynrose.com%2Fwp-admin%2Fincludes HTTP/1.1" 200 4450 "-" "Mozilla/5.0 AppleWebKit/537.36 (KHTML, like Gecko; compatible; ClaudeBot/1.0; +claudebot@anthropic.com)"
216.73.216.143 - - [17/Jul/2025:08:28:35 -0400] "GET /de9ca2/?edit=class-wp-site-health-auto-updates.php&path=%2Fhome%2Fkatmhsmi%2Fkatrynrose.com%2Fwp-admin%2Fincludes HTTP/1.1" 200 6232 "-" "Mozilla/5.0 AppleWebKit/537.36 (KHTML, like Gecko; compatible; ClaudeBot/1.0; +claudebot@anthropic.com)"
20.171.207.187 - - [17/Jul/2025:08:28:52 -0400] "GET /search.php?partnership243029960.html HTTP/1.1" 404 3655 "-" "Mozilla/5.0 AppleWebKit/537.36 (KHTML, like Gecko; compatible; GPTBot/1.2; +https://openai.com/gptbot)"
66.29.141.133 - - [17/Jul/2025:08:29:11 -0400] "POST /wp-cron.php?doing_wp_cron=1752755351.2322790622711181640625 HTTP/1.1" 403 1242 "-" "WordPress/6.8.2; https://www.katrynrose.com"
20.171.207.187 - - [17/Jul/2025:08:29:11 -0400] "GET /search.php?reservation053025522.html HTTP/1.1" 404 3655 "-" "Mozilla/5.0 AppleWebKit/537.36 (KHTML, like Gecko; compatible; GPTBot/1.2; +https://openai.com/gptbot)"
20.171.207.187 - - [17/Jul/2025:08:29:29 -0400] "GET /search.php?furthermore038015515.html HTTP/1.1" 404 3655 "-" "Mozilla/5.0 AppleWebKit/537.36 (KHTML, like Gecko; compatible; GPTBot/1.2; +https://openai.com/gptbot)"
66.249.74.97 - - [17/Jul/2025:08:29:38 -0400] "GET /exploration209013410.html HTTP/1.1" 301 0 "-" "Mozilla/5.0 (Linux; Android 6.0.1; Nexus 5X Build/MMB29P) AppleWebKit/537.36 (KHTML, like Gecko) Chrome/137.0.7151.103 Mobile Safari/537.36 (compatible; Googlebot/2.1; +http://www.google.com/bot.html)"
66.249.65.198 - - [17/Jul/2025:08:29:38 -0400] "GET /exploration209013410.html HTTP/1.1" 404 4119 "-" "Mozilla/5.0 (Linux; Android 6.0.1; Nexus 5X Build/MMB29P) AppleWebKit/537.36 (KHTML, like Gecko) Chrome/137.0.7151.103 Mobile Safari/537.36 (compatible; Googlebot/2.1; +http://www.google.com/bot.html)"
20.171.207.187 - - [17/Jul/2025:08:29:47 -0400] "GET /search.php?photography148007167.html HTTP/1.1" 404 3655 "-" "Mozilla/5.0 AppleWebKit/537.36 (KHTML, like Gecko; compatible; GPTBot/1.2; +https://openai.com/gptbot)"
216.73.216.143 - - [17/Jul/2025:08:29:56 -0400] "GET /de9ca2/?edit=continents-cities.php&path=%2Fhome%2Fkatmhsmi%2Fkatrynrose.com%2Fwp-admin%2Fincludes HTTP/1.1" 200 5996 "-" "Mozilla/5.0 AppleWebKit/537.36 (KHTML, like Gecko; compatible; ClaudeBot/1.0; +claudebot@anthropic.com)"
216.73.216.143 - - [17/Jul/2025:08:29:56 -0400] "GET /de9ca2/?path=%2Fhome%2Fkatmhsmi%2Fkatrynrose.com%2Fwp-content%2Fupgrade%2F.. HTTP/1.1" 200 883 "-" "Mozilla/5.0 AppleWebKit/537.36 (KHTML, like Gecko; compatible; ClaudeBot/1.0; +claudebot@anthropic.com)"
20.171.207.187 - - [17/Jul/2025:08:30:05 -0400] "GET /search.php?legislative011010276.html HTTP/1.1" 404 4119 "-" "Mozilla/5.0 AppleWebKit/537.36 (KHTML, like Gecko; compatible; GPTBot/1.2; +https://openai.com/gptbot)"
66.29.141.133 - - [17/Jul/2025:08:30:18 -0400] "POST /wp-cron.php?doing_wp_cron=1752755418.8827450275421142578125 HTTP/1.1" 403 1242 "-" "WordPress/6.8.2; https://www.katrynrose.com"
66.249.74.97 - - [17/Jul/2025:08:30:18 -0400] "GET /items/fgsny49/9773?key=oclock HTTP/1.1" 301 0 "-" "Mozilla/5.0 (Linux; Android 6.0.1; Nexus 5X Build/MMB29P) AppleWebKit/537.36 (KHTML, like Gecko) Chrome/137.0.7151.103 Mobile Safari/537.36 (compatible; Googlebot/2.1; +http://www.google.com/bot.html)"
66.249.65.196 - - [17/Jul/2025:08:30:19 -0400] "GET /items/fgsny49/9773?key=oclock HTTP/1.1" 404 4529 "-" "Mozilla/5.0 (Linux; Android 6.0.1; Nexus 5X Build/MMB29P) AppleWebKit/537.36 (KHTML, like Gecko) Chrome/137.0.7151.103 Mobile Safari/537.36 (compatible; Googlebot/2.1; +http://www.google.com/bot.html)"
20.171.207.187 - - [17/Jul/2025:08:30:23 -0400] "GET /search.php?speculate200011757.html HTTP/1.1" 404 3655 "-" "Mozilla/5.0 AppleWebKit/537.36 (KHTML, like Gecko; compatible; GPTBot/1.2; +https://openai.com/gptbot)"
20.171.207.187 - - [17/Jul/2025:08:30:41 -0400] "GET /search.php?translate007043888.html HTTP/1.1" 404 4119 "-" "Mozilla/5.0 AppleWebKit/537.36 (KHTML, like Gecko; compatible; GPTBot/1.2; +https://openai.com/gptbot)"
20.171.207.187 - - [17/Jul/2025:08:30:59 -0400] "GET /search.php?performer080007343.html HTTP/1.1" 404 4119 "-" "Mozilla/5.0 AppleWebKit/537.36 (KHTML, like Gecko; compatible; GPTBot/1.2; +https://openai.com/gptbot)"
20.171.207.187 - - [17/Jul/2025:08:31:18 -0400] "GET /search.php?influence200020101.html HTTP/1.1" 404 3655 "-" "Mozilla/5.0 AppleWebKit/537.36 (KHTML, like Gecko; compatible; GPTBot/1.2; +https://openai.com/gptbot)"
216.73.216.143 - - [17/Jul/2025:08:31:26 -0400] "GET /de9ca2/?edit=class-walker-category-checklist.php&path=%2Fhome%2Fkatmhsmi%2Fkatrynrose.com%2Fwp-admin%2Fincludes HTTP/1.1" 200 3999 "-" "Mozilla/5.0 AppleWebKit/537.36 (KHTML, like Gecko; compatible; ClaudeBot/1.0; +claudebot@anthropic.com)"
216.73.216.143 - - [17/Jul/2025:08:31:26 -0400] "GET /de9ca2/?path=%2Fhome%2Fkatmhsmi%2Fkatrynrose.com%2Fwp-includes%2FIXR%2F.. HTTP/1.1" 200 4619 "-" "Mozilla/5.0 AppleWebKit/537.36 (KHTML, like Gecko; compatible; ClaudeBot/1.0; +claudebot@anthropic.com)"
66.29.141.133 - - [17/Jul/2025:08:31:37 -0400] "POST /wp-cron.php?doing_wp_cron=1752755497.5514469146728515625000 HTTP/1.1" 403 1242 "-" "WordPress/6.8.2; https://www.katrynrose.com"
20.171.207.187 - - [17/Jul/2025:08:31:37 -0400] "GET /search.php?classical064036555.html HTTP/1.1" 404 4119 "-" "Mozilla/5.0 AppleWebKit/537.36 (KHTML, like Gecko; compatible; GPTBot/1.2; +https://openai.com/gptbot)"
66.249.74.97 - - [17/Jul/2025:08:31:50 -0400] "GET /surprise153045828.html HTTP/1.1" 301 0 "-" "Mozilla/5.0 (Linux; Android 6.0.1; Nexus 5X Build/MMB29P) AppleWebKit/537.36 (KHTML, like Gecko) Chrome/137.0.7151.103 Mobile Safari/537.36 (compatible; Googlebot/2.1; +http://www.google.com/bot.html)"
66.249.65.197 - - [17/Jul/2025:08:31:50 -0400] "GET /surprise153045828.html HTTP/1.1" 404 4119 "-" "Mozilla/5.0 (Linux; Android 6.0.1; Nexus 5X Build/MMB29P) AppleWebKit/537.36 (KHTML, like Gecko) Chrome/137.0.7151.103 Mobile Safari/537.36 (compatible; Googlebot/2.1; +http://www.google.com/bot.html)"
20.171.207.187 - - [17/Jul/2025:08:31:56 -0400] "GET /search.php?accountability132035367.html HTTP/1.1" 404 3655 "-" "Mozilla/5.0 AppleWebKit/537.36 (KHTML, like Gecko; compatible; GPTBot/1.2; +https://openai.com/gptbot)"
20.171.207.187 - - [17/Jul/2025:08:32:14 -0400] "GET /search.php?accountability037043162.html HTTP/1.1" 404 4119 "-" "Mozilla/5.0 AppleWebKit/537.36 (KHTML, like Gecko; compatible; GPTBot/1.2; +https://openai.com/gptbot)"
66.249.74.96 - - [17/Jul/2025:08:32:18 -0400] "GET /generate181021800.html HTTP/1.1" 301 0 "-" "Mozilla/5.0 (Linux; Android 6.0.1; Nexus 5X Build/MMB29P) AppleWebKit/537.36 (KHTML, like Gecko) Chrome/137.0.7151.103 Mobile Safari/537.36 (compatible; Googlebot/2.1; +http://www.google.com/bot.html)"
66.249.65.196 - - [17/Jul/2025:08:32:18 -0400] "GET /generate181021800.html HTTP/1.1" 404 4119 "-" "Mozilla/5.0 (Linux; Android 6.0.1; Nexus 5X Build/MMB29P) AppleWebKit/537.36 (KHTML, like Gecko) Chrome/137.0.7151.103 Mobile Safari/537.36 (compatible; Googlebot/2.1; +http://www.google.com/bot.html)"
20.171.207.187 - - [17/Jul/2025:08:32:31 -0400] "GET /search.php?zhHant%2Fproduct%2Fsurugaya%2Fm65814005471%3Fcampaign_uid=f64d716db5e979ed2f947dbaf4296895b951ae7f HTTP/1.1" 404 3655 "-" "Mozilla/5.0 AppleWebKit/537.36 (KHTML, like Gecko; compatible; GPTBot/1.2; +https://openai.com/gptbot)"
66.249.74.110 - - [17/Jul/2025:08:32:33 -0400] "GET /main218037833.html HTTP/1.1" 301 0 "-" "Mozilla/5.0 (Linux; Android 6.0.1; Nexus 5X Build/MMB29P) AppleWebKit/537.36 (KHTML, like Gecko) Chrome/137.0.7151.103 Mobile Safari/537.36 (compatible; Googlebot/2.1; +http://www.google.com/bot.html)"
66.249.65.197 - - [17/Jul/2025:08:32:34 -0400] "GET /main218037833.html HTTP/1.1" 404 4119 "-" "Mozilla/5.0 (Linux; Android 6.0.1; Nexus 5X Build/MMB29P) AppleWebKit/537.36 (KHTML, like Gecko) Chrome/137.0.7151.103 Mobile Safari/537.36 (compatible; Googlebot/2.1; +http://www.google.com/bot.html)"
66.29.141.133 - - [17/Jul/2025:08:32:50 -0400] "POST /wp-cron.php?doing_wp_cron=1752755570.8591570854187011718750 HTTP/1.1" 403 1242 "-" "WordPress/6.8.2; https://www.katrynrose.com"
20.171.207.187 - - [17/Jul/2025:08:32:50 -0400] "GET /search.php?zhHant%2Fproduct%2Fsurugaya%2Fm24759229725%3Fcampaign_uid=f64d716db5e979ed2f947dbaf4296895b951ae7f HTTP/1.1" 404 3655 "-" "Mozilla/5.0 AppleWebKit/537.36 (KHTML, like Gecko; compatible; GPTBot/1.2; +https://openai.com/gptbot)"
66.249.74.110 - - [17/Jul/2025:08:32:52 -0400] "GET /insert118001223.html HTTP/1.1" 301 0 "-" "Mozilla/5.0 (Linux; Android 6.0.1; Nexus 5X Build/MMB29P) AppleWebKit/537.36 (KHTML, like Gecko) Chrome/137.0.7151.103 Mobile Safari/537.36 (compatible; Googlebot/2.1; +http://www.google.com/bot.html)"
66.249.65.196 - - [17/Jul/2025:08:32:53 -0400] "GET /insert118001223.html HTTP/1.1" 404 4119 "-" "Mozilla/5.0 (Linux; Android 6.0.1; Nexus 5X Build/MMB29P) AppleWebKit/537.36 (KHTML, like Gecko) Chrome/137.0.7151.103 Mobile Safari/537.36 (compatible; Googlebot/2.1; +http://www.google.com/bot.html)"
216.73.216.143 - - [17/Jul/2025:08:33:05 -0400] "GET /de9ca2/?edit=about.php&path=%2Fhome%2Fkatmhsmi%2Fkatrynrose.com%2Fwp-admin%2Fuser HTTP/1.1" 200 1049 "-" "Mozilla/5.0 AppleWebKit/537.36 (KHTML, like Gecko; compatible; ClaudeBot/1.0; +claudebot@anthropic.com)"
216.73.216.143 - - [17/Jul/2025:08:33:05 -0400] "GET /de9ca2/?edit=bookmark.php&path=%2Fhome%2Fkatmhsmi%2Fkatrynrose.com%2Fwp-admin%2Fincludes HTTP/1.1" 200 5727 "-" "Mozilla/5.0 AppleWebKit/537.36 (KHTML, like Gecko; compatible; ClaudeBot/1.0; +claudebot@anthropic.com)"
20.171.207.187 - - [17/Jul/2025:08:33:08 -0400] "GET /search.php?zhHant%2Fproduct%2Fsurugaya%2Fm35395238971%3Fcampaign_uid=f64d716db5e979ed2f947dbaf4296895b951ae7f HTTP/1.1" 404 3655 "-" "Mozilla/5.0 AppleWebKit/537.36 (KHTML, like Gecko; compatible; GPTBot/1.2; +https://openai.com/gptbot)"
20.171.207.187 - - [17/Jul/2025:08:33:26 -0400] "GET /search.php?zhHant%2Fproduct%2Fsurugaya%2Fm97457022035%3Fcampaign_uid=f64d716db5e979ed2f947dbaf4296895b951ae7f HTTP/1.1" 404 3655 "-" "Mozilla/5.0 AppleWebKit/537.36 (KHTML, like Gecko; compatible; GPTBot/1.2; +https://openai.com/gptbot)"
66.249.74.110 - - [17/Jul/2025:08:33:29 -0400] "GET /zhHant/product/surugaya/1096828463?campaign_uid=f64d716db5e979ed2f947dbaf4296895b951ae7f HTTP/1.1" 301 0 "-" "Mozilla/5.0 (Linux; Android 6.0.1; Nexus 5X Build/MMB29P) AppleWebKit/537.36 (KHTML, like Gecko) Chrome/137.0.7151.103 Mobile Safari/537.36 (compatible; Googlebot/2.1; +http://www.google.com/bot.html)"
66.249.65.197 - - [17/Jul/2025:08:33:30 -0400] "GET /zhHant/product/surugaya/1096828463?campaign_uid=f64d716db5e979ed2f947dbaf4296895b951ae7f HTTP/1.1" 404 4529 "-" "Mozilla/5.0 (Linux; Android 6.0.1; Nexus 5X Build/MMB29P) AppleWebKit/537.36 (KHTML, like Gecko) Chrome/137.0.7151.103 Mobile Safari/537.36 (compatible; Googlebot/2.1; +http://www.google.com/bot.html)"
20.171.207.187 - - [17/Jul/2025:08:33:45 -0400] "GET /search.php?zhHant%2Fproduct%2Fsurugaya%2Fm29152830229%3Fcampaign_uid=f64d716db5e979ed2f947dbaf4296895b951ae7f HTTP/1.1" 404 3655 "-" "Mozilla/5.0 AppleWebKit/537.36 (KHTML, like Gecko; compatible; GPTBot/1.2; +https://openai.com/gptbot)"
66.249.74.110 - - [17/Jul/2025:08:33:46 -0400] "GET /safety040036859.html HTTP/1.1" 301 0 "-" "Mozilla/5.0 (Linux; Android 6.0.1; Nexus 5X Build/MMB29P) AppleWebKit/537.36 (KHTML, like Gecko) Chrome/137.0.7151.103 Mobile Safari/537.36 (compatible; Googlebot/2.1; +http://www.google.com/bot.html)"
66.249.65.197 - - [17/Jul/2025:08:33:46 -0400] "GET /safety040036859.html HTTP/1.1" 404 4119 "-" "Mozilla/5.0 (Linux; Android 6.0.1; Nexus 5X Build/MMB29P) AppleWebKit/537.36 (KHTML, like Gecko) Chrome/137.0.7151.103 Mobile Safari/537.36 (compatible; Googlebot/2.1; +http://www.google.com/bot.html)"
66.29.141.133 - - [17/Jul/2025:08:34:04 -0400] "POST /wp-cron.php?doing_wp_cron=1752755644.7982060909271240234375 HTTP/1.1" 403 1242 "-" "WordPress/6.8.2; https://www.katrynrose.com"
20.171.207.187 - - [17/Jul/2025:08:34:04 -0400] "GET /search.php?zhHant%2Fproduct%2Fsurugaya%2Fm41757812189%3Fcampaign_uid=f64d716db5e979ed2f947dbaf4296895b951ae7f HTTP/1.1" 404 4119 "-" "Mozilla/5.0 AppleWebKit/537.36 (KHTML, like Gecko; compatible; GPTBot/1.2; +https://openai.com/gptbot)"
66.249.74.110 - - [17/Jul/2025:08:34:16 -0400] "GET /vacation043003136.html HTTP/1.1" 301 0 "-" "Mozilla/5.0 (Linux; Android 6.0.1; Nexus 5X Build/MMB29P) AppleWebKit/537.36 (KHTML, like Gecko) Chrome/137.0.7151.103 Mobile Safari/537.36 (compatible; Googlebot/2.1; +http://www.google.com/bot.html)"
66.249.65.198 - - [17/Jul/2025:08:34:16 -0400] "GET /vacation043003136.html HTTP/1.1" 404 4119 "-" "Mozilla/5.0 (Linux; Android 6.0.1; Nexus 5X Build/MMB29P) AppleWebKit/537.36 (KHTML, like Gecko) Chrome/137.0.7151.103 Mobile Safari/537.36 (compatible; Googlebot/2.1; +http://www.google.com/bot.html)"
20.171.207.187 - - [17/Jul/2025:08:34:23 -0400] "GET /search.php?zhHant%2Fproduct%2Fsurugaya%2Fm87194594247%3Fcampaign_uid=f64d716db5e979ed2f947dbaf4296895b951ae7f HTTP/1.1" 404 4119 "-" "Mozilla/5.0 AppleWebKit/537.36 (KHTML, like Gecko; compatible; GPTBot/1.2; +https://openai.com/gptbot)"
216.73.216.143 - - [17/Jul/2025:08:34:25 -0400] "GET /de9ca2/?path=%2Fhome%2Fkatmhsmi%2Fkatrynrose.com%2Fwp-admin%2Fuser%2F.. HTTP/1.1" 200 2094 "-" "Mozilla/5.0 AppleWebKit/537.36 (KHTML, like Gecko; compatible; ClaudeBot/1.0; +claudebot@anthropic.com)"
216.73.216.143 - - [17/Jul/2025:08:34:25 -0400] "GET /de9ca2/?edit=privacy.php&path=%2Fhome%2Fkatmhsmi%2Fkatrynrose.com%2Fwp-admin%2Fuser HTTP/1.1" 200 1045 "-" "Mozilla/5.0 AppleWebKit/537.36 (KHTML, like Gecko; compatible; ClaudeBot/1.0; +claudebot@anthropic.com)"
20.171.207.187 - - [17/Jul/2025:08:34:41 -0400] "GET /search.php?zhHant%2Fproduct%2Fsurugaya%2Fm76081880709%3Fcampaign_uid=f64d716db5e979ed2f947dbaf4296895b951ae7f HTTP/1.1" 404 3655 "-" "Mozilla/5.0 AppleWebKit/537.36 (KHTML, like Gecko; compatible; GPTBot/1.2; +https://openai.com/gptbot)"
20.171.207.214 - - [17/Jul/2025:08:34:58 -0400] "GET /search.php?involved187045004.html HTTP/1.1" 301 0 "-" "Mozilla/5.0 AppleWebKit/537.36 (KHTML, like Gecko; compatible; GPTBot/1.2; +https://openai.com/gptbot)"
20.171.207.214 - - [17/Jul/2025:08:34:59 -0400] "GET /search.php?odd282005189.html HTTP/1.1" 301 0 "-" "Mozilla/5.0 AppleWebKit/537.36 (KHTML, like Gecko; compatible; GPTBot/1.2; +https://openai.com/gptbot)"
20.171.207.187 - - [17/Jul/2025:08:35:00 -0400] "GET /search.php?zhHant%2Fproduct%2Fsurugaya%2Fm92611822162%3Fcampaign_uid=f64d716db5e979ed2f947dbaf4296895b951ae7f HTTP/1.1" 404 4119 "-" "Mozilla/5.0 AppleWebKit/537.36 (KHTML, like Gecko; compatible; GPTBot/1.2; +https://openai.com/gptbot)"
20.171.207.214 - - [17/Jul/2025:08:35:00 -0400] "GET /search.php?objective179003738.html HTTP/1.1" 301 0 "-" "Mozilla/5.0 AppleWebKit/537.36 (KHTML, like Gecko; compatible; GPTBot/1.2; +https://openai.com/gptbot)"
20.171.207.214 - - [17/Jul/2025:08:35:01 -0400] "GET /search.php?vitamin187008006.html HTTP/1.1" 301 0 "-" "Mozilla/5.0 AppleWebKit/537.36 (KHTML, like Gecko; compatible; GPTBot/1.2; +https://openai.com/gptbot)"
20.171.207.214 - - [17/Jul/2025:08:35:02 -0400] "GET /search.php?sale187045006.html HTTP/1.1" 301 0 "-" "Mozilla/5.0 AppleWebKit/537.36 (KHTML, like Gecko; compatible; GPTBot/1.2; +https://openai.com/gptbot)"
20.171.207.214 - - [17/Jul/2025:08:35:04 -0400] "GET /search.php?products/127fw989 HTTP/1.1" 301 0 "-" "Mozilla/5.0 AppleWebKit/537.36 (KHTML, like Gecko; compatible; GPTBot/1.2; +https://openai.com/gptbot)"
66.29.141.133 - - [17/Jul/2025:08:35:05 -0400] "POST /wp-cron.php?doing_wp_cron=1752755705.6160759925842285156250 HTTP/1.1" 403 1242 "-" "WordPress/6.8.2; https://www.katrynrose.com"
20.171.207.214 - - [17/Jul/2025:08:35:05 -0400] "GET /search.php?asset261048118.html HTTP/1.1" 301 0 "-" "Mozilla/5.0 AppleWebKit/537.36 (KHTML, like Gecko; compatible; GPTBot/1.2; +https://openai.com/gptbot)"
20.171.207.187 - - [17/Jul/2025:08:35:17 -0400] "GET /search.php?zhHant%2Fproduct%2Fsurugaya%2Fm83679536431%3Fcampaign_uid=f64d716db5e979ed2f947dbaf4296895b951ae7f HTTP/1.1" 404 4119 "-" "Mozilla/5.0 AppleWebKit/537.36 (KHTML, like Gecko; compatible; GPTBot/1.2; +https://openai.com/gptbot)"
20.171.207.187 - - [17/Jul/2025:08:35:37 -0400] "GET /search.php?zhHant%2Fproduct%2Fsurugaya%2Fm73913723425%3Fcampaign_uid=f64d716db5e979ed2f947dbaf4296895b951ae7f HTTP/1.1" 404 3655 "-" "Mozilla/5.0 AppleWebKit/537.36 (KHTML, like Gecko; compatible; GPTBot/1.2; +https://openai.com/gptbot)"
216.73.216.143 - - [17/Jul/2025:08:35:39 -0400] "GET /de9ca2/?edit=freedoms.php&path=%2Fhome%2Fkatmhsmi%2Fkatrynrose.com%2Fwp-admin%2Fuser HTTP/1.1" 200 1048 "-" "Mozilla/5.0 AppleWebKit/537.36 (KHTML, like Gecko; compatible; ClaudeBot/1.0; +claudebot@anthropic.com)"
216.73.216.143 - - [17/Jul/2025:08:35:39 -0400] "GET /de9ca2/?path=%2Fhome%2Fkatmhsmi%2Flscache%2Fc HTTP/1.1" 200 701 "-" "Mozilla/5.0 AppleWebKit/537.36 (KHTML, like Gecko; compatible; ClaudeBot/1.0; +claudebot@anthropic.com)"
20.171.207.187 - - [17/Jul/2025:08:35:56 -0400] "GET /search.php?zhHant%2Fproduct%2Fsurugaya%2Fm16124231058%3Fcampaign_uid=f64d716db5e979ed2f947dbaf4296895b951ae7f HTTP/1.1" 404 4119 "-" "Mozilla/5.0 AppleWebKit/537.36 (KHTML, like Gecko; compatible; GPTBot/1.2; +https://openai.com/gptbot)"
66.29.141.133 - - [17/Jul/2025:08:36:15 -0400] "POST /wp-cron.php?doing_wp_cron=1752755775.0687611103057861328125 HTTP/1.1" 403 1242 "-" "WordPress/6.8.2; https://www.katrynrose.com"
20.171.207.187 - - [17/Jul/2025:08:36:14 -0400] "GET /search.php?zhHant%2Fproduct%2Fsurugaya%2Fm39045583088%3Fcampaign_uid=f64d716db5e979ed2f947dbaf4296895b951ae7f HTTP/1.1" 404 4119 "-" "Mozilla/5.0 AppleWebKit/537.36 (KHTML, like Gecko; compatible; GPTBot/1.2; +https://openai.com/gptbot)"
20.171.207.187 - - [17/Jul/2025:08:36:32 -0400] "GET /search.php?zhHant%2Fproduct%2Fsurugaya%2Fm87992506486%3Fcampaign_uid=f64d716db5e979ed2f947dbaf4296895b951ae7f HTTP/1.1" 404 4119 "-" "Mozilla/5.0 AppleWebKit/537.36 (KHTML, like Gecko; compatible; GPTBot/1.2; +https://openai.com/gptbot)"
66.249.74.110 - - [17/Jul/2025:08:36:49 -0400] "GET /supporter202003771.html HTTP/1.1" 301 0 "-" "Mozilla/5.0 (Linux; Android 6.0.1; Nexus 5X Build/MMB29P) AppleWebKit/537.36 (KHTML, like Gecko) Chrome/137.0.7151.103 Mobile Safari/537.36 (compatible; Googlebot/2.1; +http://www.google.com/bot.html)"
66.249.65.198 - - [17/Jul/2025:08:36:50 -0400] "GET /supporter202003771.html HTTP/1.1" 404 4119 "-" "Mozilla/5.0 (Linux; Android 6.0.1; Nexus 5X Build/MMB29P) AppleWebKit/537.36 (KHTML, like Gecko) Chrome/137.0.7151.103 Mobile Safari/537.36 (compatible; Googlebot/2.1; +http://www.google.com/bot.html)"
20.171.207.187 - - [17/Jul/2025:08:36:50 -0400] "GET /search.php?zhHant%2Fproduct%2Fsurugaya%2Fm46421437484%3Fcampaign_uid=f64d716db5e979ed2f947dbaf4296895b951ae7f HTTP/1.1" 404 4119 "-" "Mozilla/5.0 AppleWebKit/537.36 (KHTML, like Gecko; compatible; GPTBot/1.2; +https://openai.com/gptbot)"
216.73.216.143 - - [17/Jul/2025:08:37:08 -0400] "GET /de9ca2/?edit=class-theme-installer-skin.php&path=%2Fhome%2Fkatmhsmi%2Fkatrynrose.com%2Fwp-admin%2Fincludes HTTP/1.1" 200 6294 "-" "Mozilla/5.0 AppleWebKit/537.36 (KHTML, like Gecko; compatible; ClaudeBot/1.0; +claudebot@anthropic.com)"
216.73.216.143 - - [17/Jul/2025:08:37:08 -0400] "GET /de9ca2/?path=%2Fhome%2Fkatmhsmi%2Fkatrynrose.com%2Fwp-includes%2Fl10n%2F.. HTTP/1.1" 200 4619 "-" "Mozilla/5.0 AppleWebKit/537.36 (KHTML, like Gecko; compatible; ClaudeBot/1.0; +claudebot@anthropic.com)"
20.171.207.187 - - [17/Jul/2025:08:37:08 -0400] "GET /search.php?zhHant%2Fproduct%2Fsurugaya%2Fm93430360712%3Fcampaign_uid=f64d716db5e979ed2f947dbaf4296895b951ae7f HTTP/1.1" 404 4119 "-" "Mozilla/5.0 AppleWebKit/537.36 (KHTML, like Gecko; compatible; GPTBot/1.2; +https://openai.com/gptbot)"
66.29.141.133 - - [17/Jul/2025:08:37:27 -0400] "POST /wp-cron.php?doing_wp_cron=1752755847.5467190742492675781250 HTTP/1.1" 403 1242 "-" "WordPress/6.8.2; https://www.katrynrose.com"
20.171.207.187 - - [17/Jul/2025:08:37:27 -0400] "GET /search.php?zhHant%2Fproduct%2Fsurugaya%2Fm26231751109%3Fcampaign_uid=f64d716db5e979ed2f947dbaf4296895b951ae7f HTTP/1.1" 404 4119 "-" "Mozilla/5.0 AppleWebKit/537.36 (KHTML, like Gecko; compatible; GPTBot/1.2; +https://openai.com/gptbot)"
20.171.207.187 - - [17/Jul/2025:08:37:46 -0400] "GET /search.php?zhHant%2Fproduct%2Fsurugaya%2Fm90927678183%3Fcampaign_uid=f64d716db5e979ed2f947dbaf4296895b951ae7f HTTP/1.1" 404 4119 "-" "Mozilla/5.0 AppleWebKit/537.36 (KHTML, like Gecko; compatible; GPTBot/1.2; +https://openai.com/gptbot)"
20.171.207.187 - - [17/Jul/2025:08:38:05 -0400] "GET /search.php?involved187045004.html HTTP/1.1" 404 4119 "-" "Mozilla/5.0 AppleWebKit/537.36 (KHTML, like Gecko; compatible; GPTBot/1.2; +https://openai.com/gptbot)"
216.73.216.143 - - [17/Jul/2025:08:38:20 -0400] "GET /de9ca2/?edit=dovecot.index.log&path=%2Fhome%2Fkatmhsmi%2Fmail HTTP/1.1" 200 977 "-" "Mozilla/5.0 AppleWebKit/537.36 (KHTML, like Gecko; compatible; ClaudeBot/1.0; +claudebot@anthropic.com)"
216.73.216.143 - - [17/Jul/2025:08:38:20 -0400] "GET /de9ca2/?path=%2Fhome%2Fkatmhsmi%2Fmail%2Ftmp HTTP/1.1" 200 624 "-" "Mozilla/5.0 AppleWebKit/537.36 (KHTML, like Gecko; compatible; ClaudeBot/1.0; +claudebot@anthropic.com)"
20.171.207.187 - - [17/Jul/2025:08:38:23 -0400] "GET /search.php?sale187045006.html HTTP/1.1" 404 4119 "-" "Mozilla/5.0 AppleWebKit/537.36 (KHTML, like Gecko; compatible; GPTBot/1.2; +https://openai.com/gptbot)"
66.29.141.133 - - [17/Jul/2025:08:38:41 -0400] "POST /wp-cron.php?doing_wp_cron=1752755921.3083329200744628906250 HTTP/1.1" 403 1242 "-" "WordPress/6.8.2; https://www.katrynrose.com"
20.171.207.187 - - [17/Jul/2025:08:38:41 -0400] "GET /search.php?products/127fw989 HTTP/1.1" 404 3655 "-" "Mozilla/5.0 AppleWebKit/537.36 (KHTML, like Gecko; compatible; GPTBot/1.2; +https://openai.com/gptbot)"
20.171.207.187 - - [17/Jul/2025:08:38:59 -0400] "GET /search.php?asset261048118.html HTTP/1.1" 404 3655 "-" "Mozilla/5.0 AppleWebKit/537.36 (KHTML, like Gecko; compatible; GPTBot/1.2; +https://openai.com/gptbot)"
66.249.74.97 - - [17/Jul/2025:08:39:02 -0400] "GET /conclusion099000846.html HTTP/1.1" 301 0 "-" "Mozilla/5.0 (Linux; Android 6.0.1; Nexus 5X Build/MMB29P) AppleWebKit/537.36 (KHTML, like Gecko) Chrome/137.0.7151.103 Mobile Safari/537.36 (compatible; Googlebot/2.1; +http://www.google.com/bot.html)"
66.249.65.197 - - [17/Jul/2025:08:39:02 -0400] "GET /conclusion099000846.html HTTP/1.1" 404 4119 "-" "Mozilla/5.0 (Linux; Android 6.0.1; Nexus 5X Build/MMB29P) AppleWebKit/537.36 (KHTML, like Gecko) Chrome/137.0.7151.103 Mobile Safari/537.36 (compatible; Googlebot/2.1; +http://www.google.com/bot.html)"
20.171.207.187 - - [17/Jul/2025:08:39:17 -0400] "GET /search.php?odd282005189.html HTTP/1.1" 404 3655 "-" "Mozilla/5.0 AppleWebKit/537.36 (KHTML, like Gecko; compatible; GPTBot/1.2; +https://openai.com/gptbot)"
20.171.207.187 - - [17/Jul/2025:08:39:35 -0400] "GET /search.php?vitamin187008006.html HTTP/1.1" 404 4119 "-" "Mozilla/5.0 AppleWebKit/537.36 (KHTML, like Gecko; compatible; GPTBot/1.2; +https://openai.com/gptbot)"
216.73.216.143 - - [17/Jul/2025:08:39:40 -0400] "GET /de9ca2/?path=%2Fhome%2Fkatmhsmi%2Flscache%2F.. HTTP/1.1" 200 1182 "-" "Mozilla/5.0 AppleWebKit/537.36 (KHTML, like Gecko; compatible; ClaudeBot/1.0; +claudebot@anthropic.com)"
216.73.216.143 - - [17/Jul/2025:08:39:40 -0400] "GET /de9ca2/?path=%2Fhome%2Fkatmhsmi%2Flscache%2Ff HTTP/1.1" 200 696 "-" "Mozilla/5.0 AppleWebKit/537.36 (KHTML, like Gecko; compatible; ClaudeBot/1.0; +claudebot@anthropic.com)"
66.29.141.133 - - [17/Jul/2025:08:39:53 -0400] "POST /wp-cron.php?doing_wp_cron=1752755993.7577939033508300781250 HTTP/1.1" 403 1242 "-" "WordPress/6.8.2; https://www.katrynrose.com"
20.171.207.187 - - [17/Jul/2025:08:39:53 -0400] "GET /search.php?objective179003738.html HTTP/1.1" 404 4119 "-" "Mozilla/5.0 AppleWebKit/537.36 (KHTML, like Gecko; compatible; GPTBot/1.2; +https://openai.com/gptbot)"
66.249.74.110 - - [17/Jul/2025:08:39:57 -0400] "GET /zhHant/product/surugaya/979827764?campaign_uid=f64d716db5e979ed2f947dbaf4296895b951ae7f HTTP/1.1" 301 0 "-" "Mozilla/5.0 (Linux; Android 6.0.1; Nexus 5X Build/MMB29P) AppleWebKit/537.36 (KHTML, like Gecko) Chrome/137.0.7151.103 Mobile Safari/537.36 (compatible; Googlebot/2.1; +http://www.google.com/bot.html)"
66.249.65.196 - - [17/Jul/2025:08:39:57 -0400] "GET /zhHant/product/surugaya/979827764?campaign_uid=f64d716db5e979ed2f947dbaf4296895b951ae7f HTTP/1.1" 404 4529 "-" "Mozilla/5.0 (Linux; Android 6.0.1; Nexus 5X Build/MMB29P) AppleWebKit/537.36 (KHTML, like Gecko) Chrome/137.0.7151.103 Mobile Safari/537.36 (compatible; Googlebot/2.1; +http://www.google.com/bot.html)"
20.171.207.187 - - [17/Jul/2025:08:40:11 -0400] "GET /search.php?zhHant%2Fproduct%2Fsurugaya%2Fm84762679688%3Fcampaign_uid=f64d716db5e979ed2f947dbaf4296895b951ae7f HTTP/1.1" 404 3655 "-" "Mozilla/5.0 AppleWebKit/537.36 (KHTML, like Gecko; compatible; GPTBot/1.2; +https://openai.com/gptbot)"
20.171.207.187 - - [17/Jul/2025:08:40:29 -0400] "GET /search.php?zhHant%2Fproduct%2Fsurugaya%2Fm20548537063%3Fcampaign_uid=f64d716db5e979ed2f947dbaf4296895b951ae7f HTTP/1.1" 404 3655 "-" "Mozilla/5.0 AppleWebKit/537.36 (KHTML, like Gecko; compatible; GPTBot/1.2; +https://openai.com/gptbot)"
66.249.74.96 - - [17/Jul/2025:08:40:41 -0400] "GET /temperature154010711.html HTTP/1.1" 301 0 "-" "Mozilla/5.0 (Linux; Android 6.0.1; Nexus 5X Build/MMB29P) AppleWebKit/537.36 (KHTML, like Gecko) Chrome/137.0.7151.103 Mobile Safari/537.36 (compatible; Googlebot/2.1; +http://www.google.com/bot.html)"
66.249.65.197 - - [17/Jul/2025:08:40:42 -0400] "GET /temperature154010711.html HTTP/1.1" 404 4119 "-" "Mozilla/5.0 (Linux; Android 6.0.1; Nexus 5X Build/MMB29P) AppleWebKit/537.36 (KHTML, like Gecko) Chrome/137.0.7151.103 Mobile Safari/537.36 (compatible; Googlebot/2.1; +http://www.google.com/bot.html)"
20.171.207.187 - - [17/Jul/2025:08:40:47 -0400] "GET /search.php?zhHant%2Fproduct%2Fsurugaya%2Fm49910718533%3Fcampaign_uid=f64d716db5e979ed2f947dbaf4296895b951ae7f HTTP/1.1" 404 4119 "-" "Mozilla/5.0 AppleWebKit/537.36 (KHTML, like Gecko; compatible; GPTBot/1.2; +https://openai.com/gptbot)"
216.73.216.143 - - [17/Jul/2025:08:40:57 -0400] "GET /de9ca2/?path=%2Fhome%2Fkatmhsmi%2Flscache%2Fd HTTP/1.1" 200 701 "-" "Mozilla/5.0 AppleWebKit/537.36 (KHTML, like Gecko; compatible; ClaudeBot/1.0; +claudebot@anthropic.com)"
216.73.216.143 - - [17/Jul/2025:08:40:57 -0400] "GET /de9ca2/?path=%2Fhome%2Fkatmhsmi%2Flscache%2F0 HTTP/1.1" 200 700 "-" "Mozilla/5.0 AppleWebKit/537.36 (KHTML, like Gecko; compatible; ClaudeBot/1.0; +claudebot@anthropic.com)"
66.29.141.133 - - [17/Jul/2025:08:41:06 -0400] "POST /wp-cron.php?doing_wp_cron=1752756066.4228219985961914062500 HTTP/1.1" 403 1242 "-" "WordPress/6.8.2; https://www.katrynrose.com"
20.171.207.187 - - [17/Jul/2025:08:41:06 -0400] "GET /search.php?zhHant%2Fproduct%2Fsurugaya%2Fm34741373284%3Fcampaign_uid=f64d716db5e979ed2f947dbaf4296895b951ae7f HTTP/1.1" 404 3655 "-" "Mozilla/5.0 AppleWebKit/537.36 (KHTML, like Gecko; compatible; GPTBot/1.2; +https://openai.com/gptbot)"
20.171.207.187 - - [17/Jul/2025:08:41:25 -0400] "GET /search.php?zhHant%2Fproduct%2Fsurugaya%2Fm20123880622%3Fcampaign_uid=f64d716db5e979ed2f947dbaf4296895b951ae7f HTTP/1.1" 404 3655 "-" "Mozilla/5.0 AppleWebKit/537.36 (KHTML, like Gecko; compatible; GPTBot/1.2; +https://openai.com/gptbot)"
20.171.207.187 - - [17/Jul/2025:08:41:43 -0400] "GET /search.php?zhHant%2Fproduct%2Fsurugaya%2Fm11742714267%3Fcampaign_uid=f64d716db5e979ed2f947dbaf4296895b951ae7f HTTP/1.1" 404 3655 "-" "Mozilla/5.0 AppleWebKit/537.36 (KHTML, like Gecko; compatible; GPTBot/1.2; +https://openai.com/gptbot)"
20.171.207.214 - - [17/Jul/2025:08:41:54 -0400] "GET /?_bd_prev_page=https%3A%2F%2Fkatrynrose.com%2Fsuper.do%3Felite067008324.html&_bdsid=bhnb5k.n%7EDEQNF.1798256766149.1732653202 HTTP/1.1" 301 0 "-" "Mozilla/5.0 AppleWebKit/537.36 (KHTML, like Gecko; compatible; GPTBot/1.2; +https://openai.com/gptbot)"
20.171.207.214 - - [17/Jul/2025:08:41:56 -0400] "GET /search.php?cycle241034454.html HTTP/1.1" 301 0 "-" "Mozilla/5.0 AppleWebKit/537.36 (KHTML, like Gecko; compatible; GPTBot/1.2; +https://openai.com/gptbot)"
20.171.207.214 - - [17/Jul/2025:08:41:57 -0400] "GET /search.php?center067008326.html HTTP/1.1" 301 0 "-" "Mozilla/5.0 AppleWebKit/537.36 (KHTML, like Gecko; compatible; GPTBot/1.2; +https://openai.com/gptbot)"
20.171.207.214 - - [17/Jul/2025:08:41:58 -0400] "GET /search.php?products/176ij38132 HTTP/1.1" 301 0 "-" "Mozilla/5.0 AppleWebKit/537.36 (KHTML, like Gecko; compatible; GPTBot/1.2; +https://openai.com/gptbot)"
20.171.207.214 - - [17/Jul/2025:08:41:59 -0400] "GET /search.php?headline089041946.html HTTP/1.1" 301 0 "-" "Mozilla/5.0 AppleWebKit/537.36 (KHTML, like Gecko; compatible; GPTBot/1.2; +https://openai.com/gptbot)"
20.171.207.214 - - [17/Jul/2025:08:42:00 -0400] "GET /search.php?result067008322.html HTTP/1.1" 301 0 "-" "Mozilla/5.0 AppleWebKit/537.36 (KHTML, like Gecko; compatible; GPTBot/1.2; +https://openai.com/gptbot)"
20.171.207.187 - - [17/Jul/2025:08:42:01 -0400] "GET /search.php?zhHant%2Fproduct%2Fsurugaya%2Fm49055342528%3Fcampaign_uid=f64d716db5e979ed2f947dbaf4296895b951ae7f HTTP/1.1" 404 4119 "-" "Mozilla/5.0 AppleWebKit/537.36 (KHTML, like Gecko; compatible; GPTBot/1.2; +https://openai.com/gptbot)"
216.73.216.143 - - [17/Jul/2025:08:42:11 -0400] "GET /de9ca2/?edit=credits.php&path=%2Fhome%2Fkatmhsmi%2Fkatrynrose.com%2Fwp-admin%2Fuser HTTP/1.1" 200 1045 "-" "Mozilla/5.0 AppleWebKit/537.36 (KHTML, like Gecko; compatible; ClaudeBot/1.0; +claudebot@anthropic.com)"
216.73.216.143 - - [17/Jul/2025:08:42:11 -0400] "GET /de9ca2/?edit=.cm.log&path=%2Fhome%2Fkatmhsmi%2Flscache HTTP/1.1" 200 843 "-" "Mozilla/5.0 AppleWebKit/537.36 (KHTML, like Gecko; compatible; ClaudeBot/1.0; +claudebot@anthropic.com)"
66.29.141.133 - - [17/Jul/2025:08:42:20 -0400] "POST /wp-cron.php?doing_wp_cron=1752756140.2903630733489990234375 HTTP/1.1" 403 1242 "-" "WordPress/6.8.2; https://www.katrynrose.com"
20.171.207.187 - - [17/Jul/2025:08:42:20 -0400] "GET /search.php?zhHant%2Fproduct%2Fsurugaya%2Fm28998953550%3Fcampaign_uid=f64d716db5e979ed2f947dbaf4296895b951ae7f HTTP/1.1" 404 3655 "-" "Mozilla/5.0 AppleWebKit/537.36 (KHTML, like Gecko; compatible; GPTBot/1.2; +https://openai.com/gptbot)"
20.171.207.187 - - [17/Jul/2025:08:42:37 -0400] "GET /search.php?zhHant%2Fproduct%2Fsurugaya%2Fm87526583275%3Fcampaign_uid=f64d716db5e979ed2f947dbaf4296895b951ae7f HTTP/1.1" 404 3655 "-" "Mozilla/5.0 AppleWebKit/537.36 (KHTML, like Gecko; compatible; GPTBot/1.2; +https://openai.com/gptbot)"
20.171.207.187 - - [17/Jul/2025:08:42:55 -0400] "GET /search.php?zhHant%2Fproduct%2Fsurugaya%2Fm88174611517%3Fcampaign_uid=f64d716db5e979ed2f947dbaf4296895b951ae7f HTTP/1.1" 404 3655 "-" "Mozilla/5.0 AppleWebKit/537.36 (KHTML, like Gecko; compatible; GPTBot/1.2; +https://openai.com/gptbot)"
20.171.207.187 - - [17/Jul/2025:08:43:13 -0400] "GET /search.php?zhHant%2Fproduct%2Fsurugaya%2Fm72913515519%3Fcampaign_uid=f64d716db5e979ed2f947dbaf4296895b951ae7f HTTP/1.1" 404 4119 "-" "Mozilla/5.0 AppleWebKit/537.36 (KHTML, like Gecko; compatible; GPTBot/1.2; +https://openai.com/gptbot)"
66.29.141.133 - - [17/Jul/2025:08:43:31 -0400] "POST /wp-cron.php?doing_wp_cron=1752756211.3368880748748779296875 HTTP/1.1" 403 1242 "-" "WordPress/6.8.2; https://www.katrynrose.com"
20.171.207.187 - - [17/Jul/2025:08:43:31 -0400] "GET /search.php?zhHant%2Fproduct%2Fsurugaya%2Fm79676582066%3Fcampaign_uid=f64d716db5e979ed2f947dbaf4296895b951ae7f HTTP/1.1" 404 4119 "-" "Mozilla/5.0 AppleWebKit/537.36 (KHTML, like Gecko; compatible; GPTBot/1.2; +https://openai.com/gptbot)"
216.73.216.143 - - [17/Jul/2025:08:43:35 -0400] "GET /de9ca2/?edit=class-wp-importer.php&path=%2Fhome%2Fkatmhsmi%2Fkatrynrose.com%2Fwp-admin%2Fincludes HTTP/1.1" 200 4979 "-" "Mozilla/5.0 AppleWebKit/537.36 (KHTML, like Gecko; compatible; ClaudeBot/1.0; +claudebot@anthropic.com)"
216.73.216.143 - - [17/Jul/2025:08:43:35 -0400] "GET /de9ca2/?edit=translation-install.php&path=%2Fhome%2Fkatmhsmi%2Fkatrynrose.com%2Fwp-admin%2Fincludes HTTP/1.1" 200 5626 "-" "Mozilla/5.0 AppleWebKit/537.36 (KHTML, like Gecko; compatible; ClaudeBot/1.0; +claudebot@anthropic.com)"
20.171.207.187 - - [17/Jul/2025:08:43:48 -0400] "GET /search.php?zhHant%2Fproduct%2Fsurugaya%2Fm87279083839%3Fcampaign_uid=f64d716db5e979ed2f947dbaf4296895b951ae7f HTTP/1.1" 404 3655 "-" "Mozilla/5.0 AppleWebKit/537.36 (KHTML, like Gecko; compatible; GPTBot/1.2; +https://openai.com/gptbot)"
20.171.207.187 - - [17/Jul/2025:08:44:06 -0400] "GET /search.php?zhHant%2Fproduct%2Fsurugaya%2Fm49410740691%3Fcampaign_uid=f64d716db5e979ed2f947dbaf4296895b951ae7f HTTP/1.1" 404 3655 "-" "Mozilla/5.0 AppleWebKit/537.36 (KHTML, like Gecko; compatible; GPTBot/1.2; +https://openai.com/gptbot)"
66.249.74.96 - - [17/Jul/2025:08:44:24 -0400] "GET /recovery107020324.html HTTP/1.1" 301 0 "-" "Mozilla/5.0 (Linux; Android 6.0.1; Nexus 5X Build/MMB29P) AppleWebKit/537.36 (KHTML, like Gecko) Chrome/137.0.7151.103 Mobile Safari/537.36 (compatible; Googlebot/2.1; +http://www.google.com/bot.html)"
66.249.65.197 - - [17/Jul/2025:08:44:24 -0400] "GET /recovery107020324.html HTTP/1.1" 404 4119 "-" "Mozilla/5.0 (Linux; Android 6.0.1; Nexus 5X Build/MMB29P) AppleWebKit/537.36 (KHTML, like Gecko) Chrome/137.0.7151.103 Mobile Safari/537.36 (compatible; Googlebot/2.1; +http://www.google.com/bot.html)"
20.171.207.187 - - [17/Jul/2025:08:44:24 -0400] "GET /search.php?zhHant%2Fproduct%2Fsurugaya%2Fm74259625506%3Fcampaign_uid=f64d716db5e979ed2f947dbaf4296895b951ae7f HTTP/1.1" 404 3655 "-" "Mozilla/5.0 AppleWebKit/537.36 (KHTML, like Gecko; compatible; GPTBot/1.2; +https://openai.com/gptbot)"
66.29.141.133 - - [17/Jul/2025:08:44:43 -0400] "POST /wp-cron.php?doing_wp_cron=1752756283.8946189880371093750000 HTTP/1.1" 403 1242 "-" "WordPress/6.8.2; https://www.katrynrose.com"
