20.171.207.162 - - [17/Jul/2025:12:13:30 -0400] "GET /de9ca2/?path=%2Fopt%2Falt%2Ftests%2Falt-php84-pecl-gnupg_1.5.1-1.el8 HTTP/1.1" 200 651 "-" "Mozilla/5.0 AppleWebKit/537.36 (KHTML, like Gecko; compatible; GPTBot/1.2; +https://openai.com/gptbot)"
20.171.207.162 - - [17/Jul/2025:12:13:31 -0400] "GET /de9ca2/?path=%2Fusr%2Fshare%2Flocale%2Fmt%2FLC_MESSAGES%2F.. HTTP/1.1" 200 643 "-" "Mozilla/5.0 AppleWebKit/537.36 (KHTML, like Gecko; compatible; GPTBot/1.2; +https://openai.com/gptbot)"
51.75.119.161 - - [17/Jul/2025:12:13:31 -0400] "GET /de9ca2/?path=/home/katmhsmi/lifecoachbostonma.com/wp-includes/blocks/button&edit=block.json HTTP/1.1" 200 1619 "-" "Mozilla/5.0 (compatible; MJ12bot/v1.4.8; http://mj12bot.com/)"
20.171.207.162 - - [17/Jul/2025:12:13:32 -0400] "GET /de9ca2/?path=%2Fopt%2Falt%2Ftests%2Falt-php80-pecl-gnupg_1.5.1-1.el8 HTTP/1.1" 200 651 "-" "Mozilla/5.0 AppleWebKit/537.36 (KHTML, like Gecko; compatible; GPTBot/1.2; +https://openai.com/gptbot)"
51.75.119.161 - - [17/Jul/2025:12:13:33 -0400] "GET /de9ca2/?path=/home/katmhsmi/lifecoachbostonma.com/wp-includes/blocks/button&edit=editor-rtl.css HTTP/1.1" 200 2051 "-" "Mozilla/5.0 (compatible; MJ12bot/v1.4.8; http://mj12bot.com/)"
20.171.207.162 - - [17/Jul/2025:12:13:33 -0400] "GET /de9ca2/?path=%2Fusr%2Fshare%2Flocale%2Fty%2FLC_MESSAGES%2F.. HTTP/1.1" 200 643 "-" "Mozilla/5.0 AppleWebKit/537.36 (KHTML, like Gecko; compatible; GPTBot/1.2; +https://openai.com/gptbot)"
51.75.119.161 - - [17/Jul/2025:12:13:34 -0400] "GET /de9ca2/?path=/home/katmhsmi/lifecoachbostonma.com/wp-includes/blocks/button&edit=editor-rtl.min.css HTTP/1.1" 200 1288 "-" "Mozilla/5.0 (compatible; MJ12bot/v1.4.8; http://mj12bot.com/)"
20.171.207.162 - - [17/Jul/2025:12:13:34 -0400] "GET /de9ca2/?path=%2Fopt%2Falt%2Ftests%2Falt-php80-pecl-redis_5.3.7-5.el8 HTTP/1.1" 200 652 "-" "Mozilla/5.0 AppleWebKit/537.36 (KHTML, like Gecko; compatible; GPTBot/1.2; +https://openai.com/gptbot)"
51.75.119.161 - - [17/Jul/2025:12:13:35 -0400] "GET /de9ca2/?path=/home/katmhsmi/lifecoachbostonma.com/wp-includes/blocks/button&edit=editor.css HTTP/1.1" 200 2061 "-" "Mozilla/5.0 (compatible; MJ12bot/v1.4.8; http://mj12bot.com/)"
20.171.207.162 - - [17/Jul/2025:12:13:36 -0400] "GET /de9ca2/?path=%2Fopt%2Falt%2Ftests%2Falt-php81-pecl-redis_5.3.7-5.el8 HTTP/1.1" 200 649 "-" "Mozilla/5.0 AppleWebKit/537.36 (KHTML, like Gecko; compatible; GPTBot/1.2; +https://openai.com/gptbot)"
20.171.207.162 - - [17/Jul/2025:12:13:37 -0400] "GET /de9ca2/?edit=redhat-hardened-ld&path=%2Fusr%2Flib%2Frpm%2Fredhat HTTP/1.1" 200 1042 "-" "Mozilla/5.0 AppleWebKit/537.36 (KHTML, like Gecko; compatible; GPTBot/1.2; +https://openai.com/gptbot)"
51.75.119.161 - - [17/Jul/2025:12:13:37 -0400] "GET /de9ca2/?path=/home/katmhsmi/lifecoachbostonma.com/wp-includes/blocks/button&edit=editor.min.css HTTP/1.1" 200 1309 "-" "Mozilla/5.0 (compatible; MJ12bot/v1.4.8; http://mj12bot.com/)"
20.171.207.162 - - [17/Jul/2025:12:13:38 -0400] "GET /de9ca2/?path=%2Fusr%2Fshare%2Flocale%2Fkv%2FLC_MESSAGES%2F.. HTTP/1.1" 200 645 "-" "Mozilla/5.0 AppleWebKit/537.36 (KHTML, like Gecko; compatible; GPTBot/1.2; +https://openai.com/gptbot)"
51.75.119.161 - - [17/Jul/2025:12:13:39 -0400] "GET /de9ca2/?path=/home/katmhsmi/lifecoachbostonma.com/wp-includes/blocks/button&edit=style-rtl.css HTTP/1.1" 200 2094 "-" "Mozilla/5.0 (compatible; MJ12bot/v1.4.8; http://mj12bot.com/)"
20.171.207.162 - - [17/Jul/2025:12:13:39 -0400] "GET /de9ca2/?path=%2Fusr%2Fshare%2Flocale%2Fvo%2FLC_MESSAGES%2F.. HTTP/1.1" 200 645 "-" "Mozilla/5.0 AppleWebKit/537.36 (KHTML, like Gecko; compatible; GPTBot/1.2; +https://openai.com/gptbot)"
20.171.207.162 - - [17/Jul/2025:12:13:40 -0400] "GET /de9ca2/?edit=latin3.7.gz&path=%2Fusr%2Fshare%2Fman%2Fman7 HTTP/1.1" 200 6506 "-" "Mozilla/5.0 AppleWebKit/537.36 (KHTML, like Gecko; compatible; GPTBot/1.2; +https://openai.com/gptbot)"
51.75.119.161 - - [17/Jul/2025:12:13:41 -0400] "GET /de9ca2/?path=/home/katmhsmi/lifecoachbostonma.com/wp-includes/blocks/button&edit=style-rtl.min.css HTTP/1.1" 200 1337 "-" "Mozilla/5.0 (compatible; MJ12bot/v1.4.8; http://mj12bot.com/)"
20.171.207.162 - - [17/Jul/2025:12:13:41 -0400] "GET /de9ca2/?edit=ldap_dn2ufn.3.gz&path=%2Fusr%2Fshare%2Fman%2Fman3 HTTP/1.1" 200 142891 "-" "Mozilla/5.0 AppleWebKit/537.36 (KHTML, like Gecko; compatible; GPTBot/1.2; +https://openai.com/gptbot)"
51.75.119.161 - - [17/Jul/2025:12:13:42 -0400] "GET /de9ca2/?path=/home/katmhsmi/lifecoachbostonma.com/wp-includes/blocks/button&edit=style.css HTTP/1.1" 200 2112 "-" "Mozilla/5.0 (compatible; MJ12bot/v1.4.8; http://mj12bot.com/)"
20.171.207.162 - - [17/Jul/2025:12:13:43 -0400] "GET /de9ca2/?edit=log2l.3.gz&path=%2Fusr%2Fshare%2Fman%2Fman3 HTTP/1.1" 200 143845 "-" "Mozilla/5.0 AppleWebKit/537.36 (KHTML, like Gecko; compatible; GPTBot/1.2; +https://openai.com/gptbot)"
51.75.119.161 - - [17/Jul/2025:12:13:43 -0400] "GET /de9ca2/?path=/home/katmhsmi/lifecoachbostonma.com/wp-includes/blocks/button&edit=style.min.css HTTP/1.1" 200 1342 "-" "Mozilla/5.0 (compatible; MJ12bot/v1.4.8; http://mj12bot.com/)"
20.171.207.162 - - [17/Jul/2025:12:13:44 -0400] "GET /de9ca2/?edit=h5jam.1.gz&path=%2Fusr%2Fshare%2Fman%2Fman1 HTTP/1.1" 200 23778 "-" "Mozilla/5.0 AppleWebKit/537.36 (KHTML, like Gecko; compatible; GPTBot/1.2; +https://openai.com/gptbot)"
20.171.207.162 - - [17/Jul/2025:12:13:45 -0400] "GET /de9ca2/?edit=clog2l.3.gz&path=%2Fusr%2Fshare%2Fman%2Fman3 HTTP/1.1" 200 145736 "-" "Mozilla/5.0 AppleWebKit/537.36 (KHTML, like Gecko; compatible; GPTBot/1.2; +https://openai.com/gptbot)"
51.75.119.161 - - [17/Jul/2025:12:13:45 -0400] "GET /de9ca2/?path=/home/katmhsmi/lifecoachbostonma.com/wp-includes/blocks/button/.. HTTP/1.1" 200 2453 "-" "Mozilla/5.0 (compatible; MJ12bot/v1.4.8; http://mj12bot.com/)"
20.171.207.162 - - [17/Jul/2025:12:13:46 -0400] "GET /de9ca2/?edit=ping6.8.gz&path=%2Fusr%2Fshare%2Fman%2Fman8 HTTP/1.1" 200 12650 "-" "Mozilla/5.0 AppleWebKit/537.36 (KHTML, like Gecko; compatible; GPTBot/1.2; +https://openai.com/gptbot)"
51.75.119.161 - - [17/Jul/2025:12:13:47 -0400] "GET /de9ca2/?path=/home/katmhsmi/lifecoachbostonma.com/wp-includes/blocks/buttons&edit=block.json HTTP/1.1" 200 1354 "-" "Mozilla/5.0 (compatible; MJ12bot/v1.4.8; http://mj12bot.com/)"
20.171.207.162 - - [17/Jul/2025:12:13:47 -0400] "GET /de9ca2/?edit=ber_str2bv.3.gz&path=%2Fusr%2Fshare%2Fman%2Fman3 HTTP/1.1" 200 143599 "-" "Mozilla/5.0 AppleWebKit/537.36 (KHTML, like Gecko; compatible; GPTBot/1.2; +https://openai.com/gptbot)"
20.171.207.162 - - [17/Jul/2025:12:13:48 -0400] "GET /de9ca2/?edit=latin5.7.gz&path=%2Fusr%2Fshare%2Fman%2Fman7 HTTP/1.1" 200 6506 "-" "Mozilla/5.0 AppleWebKit/537.36 (KHTML, like Gecko; compatible; GPTBot/1.2; +https://openai.com/gptbot)"
51.75.119.161 - - [17/Jul/2025:12:13:48 -0400] "GET /de9ca2/?path=/home/katmhsmi/lifecoachbostonma.com/wp-includes/blocks/buttons&edit=editor-rtl.css HTTP/1.1" 200 1903 "-" "Mozilla/5.0 (compatible; MJ12bot/v1.4.8; http://mj12bot.com/)"
20.171.207.162 - - [17/Jul/2025:12:13:50 -0400] "GET /de9ca2/?edit=MD2.3ssl.gz&path=%2Fusr%2Fshare%2Fman%2Fman3 HTTP/1.1" 200 142872 "-" "Mozilla/5.0 AppleWebKit/537.36 (KHTML, like Gecko; compatible; GPTBot/1.2; +https://openai.com/gptbot)"
51.75.119.161 - - [17/Jul/2025:12:13:50 -0400] "GET /de9ca2/?path=/home/katmhsmi/lifecoachbostonma.com/wp-includes/blocks/buttons&edit=editor-rtl.min.css HTTP/1.1" 200 1154 "-" "Mozilla/5.0 (compatible; MJ12bot/v1.4.8; http://mj12bot.com/)"
20.171.207.162 - - [17/Jul/2025:12:13:51 -0400] "GET /de9ca2/?edit=expm1.3.gz&path=%2Fusr%2Fshare%2Fman%2Fman3 HTTP/1.1" 200 144329 "-" "Mozilla/5.0 AppleWebKit/537.36 (KHTML, like Gecko; compatible; GPTBot/1.2; +https://openai.com/gptbot)"
51.75.119.161 - - [17/Jul/2025:12:13:52 -0400] "GET /de9ca2/?path=/home/katmhsmi/lifecoachbostonma.com/wp-includes/blocks/buttons&edit=editor.css HTTP/1.1" 200 1906 "-" "Mozilla/5.0 (compatible; MJ12bot/v1.4.8; http://mj12bot.com/)"
20.171.207.162 - - [17/Jul/2025:12:13:52 -0400] "GET /de9ca2/?edit=exp2l.3.gz&path=%2Fusr%2Fshare%2Fman%2Fman3 HTTP/1.1" 200 144192 "-" "Mozilla/5.0 AppleWebKit/537.36 (KHTML, like Gecko; compatible; GPTBot/1.2; +https://openai.com/gptbot)"
20.171.207.162 - - [17/Jul/2025:12:13:53 -0400] "GET /de9ca2/?edit=h5diff.1.gz&path=%2Fusr%2Fshare%2Fman%2Fman1 HTTP/1.1" 200 23904 "-" "Mozilla/5.0 AppleWebKit/537.36 (KHTML, like Gecko; compatible; GPTBot/1.2; +https://openai.com/gptbot)"
51.75.119.161 - - [17/Jul/2025:12:13:53 -0400] "GET /de9ca2/?path=/home/katmhsmi/lifecoachbostonma.com/wp-includes/blocks/buttons&edit=editor.min.css HTTP/1.1" 200 1152 "-" "Mozilla/5.0 (compatible; MJ12bot/v1.4.8; http://mj12bot.com/)"
20.171.207.162 - - [17/Jul/2025:12:13:54 -0400] "GET /de9ca2/?edit=e2fsck.8.gz&path=%2Fusr%2Fshare%2Fman%2Fman8 HTTP/1.1" 200 12325 "-" "Mozilla/5.0 AppleWebKit/537.36 (KHTML, like Gecko; compatible; GPTBot/1.2; +https://openai.com/gptbot)"
51.75.119.161 - - [17/Jul/2025:12:13:55 -0400] "GET /de9ca2/?path=/home/katmhsmi/lifecoachbostonma.com/wp-includes/blocks/buttons&edit=style-rtl.css HTTP/1.1" 200 1889 "-" "Mozilla/5.0 (compatible; MJ12bot/v1.4.8; http://mj12bot.com/)"
20.171.207.162 - - [17/Jul/2025:12:13:55 -0400] "GET /de9ca2/?edit=latin1.7.gz&path=%2Fusr%2Fshare%2Fman%2Fman7 HTTP/1.1" 200 6506 "-" "Mozilla/5.0 AppleWebKit/537.36 (KHTML, like Gecko; compatible; GPTBot/1.2; +https://openai.com/gptbot)"
51.75.119.161 - - [17/Jul/2025:12:13:56 -0400] "GET /de9ca2/?path=/home/katmhsmi/lifecoachbostonma.com/wp-includes/blocks/buttons&edit=style-rtl.min.css HTTP/1.1" 200 1138 "-" "Mozilla/5.0 (compatible; MJ12bot/v1.4.8; http://mj12bot.com/)"
20.171.207.162 - - [17/Jul/2025:12:13:56 -0400] "GET /de9ca2/?edit=latin6.7.gz&path=%2Fusr%2Fshare%2Fman%2Fman7 HTTP/1.1" 200 6506 "-" "Mozilla/5.0 AppleWebKit/537.36 (KHTML, like Gecko; compatible; GPTBot/1.2; +https://openai.com/gptbot)"
20.171.207.162 - - [17/Jul/2025:12:13:58 -0400] "GET /de9ca2/?edit=log2.3p.gz&path=%2Fusr%2Fshare%2Fman%2Fman3p HTTP/1.1" 200 11225 "-" "Mozilla/5.0 AppleWebKit/537.36 (KHTML, like Gecko; compatible; GPTBot/1.2; +https://openai.com/gptbot)"
51.75.119.161 - - [17/Jul/2025:12:13:58 -0400] "GET /de9ca2/?path=/home/katmhsmi/lifecoachbostonma.com/wp-includes/blocks/buttons&edit=style.css HTTP/1.1" 200 1892 "-" "Mozilla/5.0 (compatible; MJ12bot/v1.4.8; http://mj12bot.com/)"
20.171.207.162 - - [17/Jul/2025:12:13:59 -0400] "GET /de9ca2/?edit=diff3.1.gz&path=%2Fusr%2Fshare%2Fman%2Fman1 HTTP/1.1" 200 23043 "-" "Mozilla/5.0 AppleWebKit/537.36 (KHTML, like Gecko; compatible; GPTBot/1.2; +https://openai.com/gptbot)"
51.75.119.161 - - [17/Jul/2025:12:13:59 -0400] "GET /de9ca2/?path=/home/katmhsmi/lifecoachbostonma.com/wp-includes/blocks/buttons&edit=style.min.css HTTP/1.1" 200 1135 "-" "Mozilla/5.0 (compatible; MJ12bot/v1.4.8; http://mj12bot.com/)"
20.171.207.162 - - [17/Jul/2025:12:14:00 -0400] "GET /de9ca2/?edit=latin4.7.gz&path=%2Fusr%2Fshare%2Fman%2Fman7 HTTP/1.1" 200 6506 "-" "Mozilla/5.0 AppleWebKit/537.36 (KHTML, like Gecko; compatible; GPTBot/1.2; +https://openai.com/gptbot)"
51.75.119.161 - - [17/Jul/2025:12:14:01 -0400] "GET /de9ca2/?path=/home/katmhsmi/lifecoachbostonma.com/wp-includes/blocks/buttons/.. HTTP/1.1" 200 2453 "-" "Mozilla/5.0 (compatible; MJ12bot/v1.4.8; http://mj12bot.com/)"
20.171.207.162 - - [17/Jul/2025:12:14:01 -0400] "GET /de9ca2/?edit=cexp2l.3.gz&path=%2Fusr%2Fshare%2Fman%2Fman3 HTTP/1.1" 200 140521 "-" "Mozilla/5.0 AppleWebKit/537.36 (KHTML, like Gecko; compatible; GPTBot/1.2; +https://openai.com/gptbot)"
20.171.207.162 - - [17/Jul/2025:12:14:02 -0400] "GET /de9ca2/?edit=expm1.3.gz&path=%2Fusr%2Fshare%2Fman%2Fman3 HTTP/1.1" 200 139722 "-" "Mozilla/5.0 AppleWebKit/537.36 (KHTML, like Gecko; compatible; GPTBot/1.2; +https://openai.com/gptbot)"
51.75.119.161 - - [17/Jul/2025:12:14:03 -0400] "GET /de9ca2/?path=/home/katmhsmi/lifecoachbostonma.com/wp-includes/blocks/calendar&edit=block.json HTTP/1.1" 200 1198 "-" "Mozilla/5.0 (compatible; MJ12bot/v1.4.8; http://mj12bot.com/)"
20.171.207.162 - - [17/Jul/2025:12:14:03 -0400] "GET /de9ca2/?edit=clog2.3.gz&path=%2Fusr%2Fshare%2Fman%2Fman3 HTTP/1.1" 200 141839 "-" "Mozilla/5.0 AppleWebKit/537.36 (KHTML, like Gecko; compatible; GPTBot/1.2; +https://openai.com/gptbot)"
51.75.119.161 - - [17/Jul/2025:12:14:04 -0400] "GET /de9ca2/?path=/home/katmhsmi/lifecoachbostonma.com/wp-includes/blocks/calendar&edit=style-rtl.css HTTP/1.1" 200 1683 "-" "Mozilla/5.0 (compatible; MJ12bot/v1.4.8; http://mj12bot.com/)"
20.171.207.162 - - [17/Jul/2025:12:14:05 -0400] "GET /de9ca2/?edit=exp2f.3.gz&path=%2Fusr%2Fshare%2Fman%2Fman3 HTTP/1.1" 200 139474 "-" "Mozilla/5.0 AppleWebKit/537.36 (KHTML, like Gecko; compatible; GPTBot/1.2; +https://openai.com/gptbot)"
20.171.207.162 - - [17/Jul/2025:12:14:06 -0400] "GET /de9ca2/?edit=SM2.7ssl.gz&path=%2Fusr%2Fshare%2Fman%2Fman7 HTTP/1.1" 200 6505 "-" "Mozilla/5.0 AppleWebKit/537.36 (KHTML, like Gecko; compatible; GPTBot/1.2; +https://openai.com/gptbot)"
51.75.119.161 - - [17/Jul/2025:12:14:06 -0400] "GET /de9ca2/?path=/home/katmhsmi/lifecoachbostonma.com/wp-includes/blocks/calendar&edit=style-rtl.min.css HTTP/1.1" 200 966 "-" "Mozilla/5.0 (compatible; MJ12bot/v1.4.8; http://mj12bot.com/)"
20.171.207.162 - - [17/Jul/2025:12:14:07 -0400] "GET /de9ca2/?edit=gml2gv.1.gz&path=%2Fusr%2Fshare%2Fman%2Fman1 HTTP/1.1" 200 24122 "-" "Mozilla/5.0 AppleWebKit/537.36 (KHTML, like Gecko; compatible; GPTBot/1.2; +https://openai.com/gptbot)"
51.75.119.161 - - [17/Jul/2025:12:14:08 -0400] "GET /de9ca2/?path=/home/katmhsmi/lifecoachbostonma.com/wp-includes/blocks/calendar&edit=style.css HTTP/1.1" 200 1682 "-" "Mozilla/5.0 (compatible; MJ12bot/v1.4.8; http://mj12bot.com/)"
20.171.207.162 - - [17/Jul/2025:12:14:08 -0400] "GET /de9ca2/?edit=latin8.7.gz&path=%2Fusr%2Fshare%2Fman%2Fman7 HTTP/1.1" 200 6655 "-" "Mozilla/5.0 AppleWebKit/537.36 (KHTML, like Gecko; compatible; GPTBot/1.2; +https://openai.com/gptbot)"
20.171.207.162 - - [17/Jul/2025:12:14:09 -0400] "GET /de9ca2/?edit=cert8.db.5.gz&path=%2Fusr%2Fshare%2Fman%2Fman5 HTTP/1.1" 200 5359 "-" "Mozilla/5.0 AppleWebKit/537.36 (KHTML, like Gecko; compatible; GPTBot/1.2; +https://openai.com/gptbot)"
51.75.119.161 - - [17/Jul/2025:12:14:09 -0400] "GET /de9ca2/?path=/home/katmhsmi/lifecoachbostonma.com/wp-includes/blocks/calendar&edit=style.min.css HTTP/1.1" 200 958 "-" "Mozilla/5.0 (compatible; MJ12bot/v1.4.8; http://mj12bot.com/)"
20.171.207.162 - - [17/Jul/2025:12:14:10 -0400] "GET /de9ca2/?edit=h5dump.1.gz&path=%2Fusr%2Fshare%2Fman%2Fman1 HTTP/1.1" 200 23463 "-" "Mozilla/5.0 AppleWebKit/537.36 (KHTML, like Gecko; compatible; GPTBot/1.2; +https://openai.com/gptbot)"
51.75.119.161 - - [17/Jul/2025:12:14:11 -0400] "GET /de9ca2/?path=/home/katmhsmi/lifecoachbostonma.com/wp-includes/blocks/calendar/.. HTTP/1.1" 200 2560 "-" "Mozilla/5.0 (compatible; MJ12bot/v1.4.8; http://mj12bot.com/)"
20.171.207.162 - - [17/Jul/2025:12:14:12 -0400] "GET /de9ca2/?edit=armscii-8.7.gz&path=%2Fusr%2Fshare%2Fman%2Fman7 HTTP/1.1" 200 6504 "-" "Mozilla/5.0 AppleWebKit/537.36 (KHTML, like Gecko; compatible; GPTBot/1.2; +https://openai.com/gptbot)"
51.75.119.161 - - [17/Jul/2025:12:14:12 -0400] "GET /de9ca2/?path=/home/katmhsmi/lifecoachbostonma.com/wp-includes/blocks/categories&edit=block.json HTTP/1.1" 200 1313 "-" "Mozilla/5.0 (compatible; MJ12bot/v1.4.8; http://mj12bot.com/)"
20.171.207.162 - - [17/Jul/2025:12:14:13 -0400] "GET /de9ca2/?edit=.k5identity.5.gz&path=%2Fusr%2Fshare%2Fman%2Fman5 HTTP/1.1" 200 5233 "-" "Mozilla/5.0 AppleWebKit/537.36 (KHTML, like Gecko; compatible; GPTBot/1.2; +https://openai.com/gptbot)"
51.75.119.161 - - [17/Jul/2025:12:14:14 -0400] "GET /de9ca2/?path=/home/katmhsmi/lifecoachbostonma.com/wp-includes/blocks/categories&edit=editor-rtl.css HTTP/1.1" 200 1631 "-" "Mozilla/5.0 (compatible; MJ12bot/v1.4.8; http://mj12bot.com/)"
20.171.207.162 - - [17/Jul/2025:12:14:14 -0400] "GET /de9ca2/?edit=ldap_dn2str.3.gz&path=%2Fusr%2Fshare%2Fman%2Fman3 HTTP/1.1" 200 143788 "-" "Mozilla/5.0 AppleWebKit/537.36 (KHTML, like Gecko; compatible; GPTBot/1.2; +https://openai.com/gptbot)"
51.75.119.161 - - [17/Jul/2025:12:14:15 -0400] "GET /de9ca2/?path=/home/katmhsmi/lifecoachbostonma.com/wp-includes/blocks/categories&edit=editor-rtl.min.css HTTP/1.1" 200 929 "-" "Mozilla/5.0 (compatible; MJ12bot/v1.4.8; http://mj12bot.com/)"
20.171.207.162 - - [17/Jul/2025:12:14:15 -0400] "GET /de9ca2/?edit=ip-l2tp.8.gz&path=%2Fusr%2Fshare%2Fman%2Fman8 HTTP/1.1" 200 12815 "-" "Mozilla/5.0 AppleWebKit/537.36 (KHTML, like Gecko; compatible; GPTBot/1.2; +https://openai.com/gptbot)"
20.171.207.162 - - [17/Jul/2025:12:14:16 -0400] "GET /de9ca2/?edit=gv2gml.1.gz&path=%2Fusr%2Fshare%2Fman%2Fman1 HTTP/1.1" 200 23124 "-" "Mozilla/5.0 AppleWebKit/537.36 (KHTML, like Gecko; compatible; GPTBot/1.2; +https://openai.com/gptbot)"
51.75.119.161 - - [17/Jul/2025:12:14:16 -0400] "GET /de9ca2/?path=/home/katmhsmi/lifecoachbostonma.com/wp-includes/blocks/categories&edit=editor.css HTTP/1.1" 200 1631 "-" "Mozilla/5.0 (compatible; MJ12bot/v1.4.8; http://mj12bot.com/)"
20.171.207.162 - - [17/Jul/2025:12:14:17 -0400] "GET /de9ca2/?edit=pkg.m4.7.gz&path=%2Fusr%2Fshare%2Fman%2Fman7 HTTP/1.1" 200 6733 "-" "Mozilla/5.0 AppleWebKit/537.36 (KHTML, like Gecko; compatible; GPTBot/1.2; +https://openai.com/gptbot)"
51.75.119.161 - - [17/Jul/2025:12:14:18 -0400] "GET /de9ca2/?path=/home/katmhsmi/lifecoachbostonma.com/wp-includes/blocks/categories&edit=editor.min.css HTTP/1.1" 200 926 "-" "Mozilla/5.0 (compatible; MJ12bot/v1.4.8; http://mj12bot.com/)"
20.171.207.162 - - [17/Jul/2025:12:14:18 -0400] "GET /de9ca2/?edit=ldap_str2dn.3.gz&path=%2Fusr%2Fshare%2Fman%2Fman3 HTTP/1.1" 200 142645 "-" "Mozilla/5.0 AppleWebKit/537.36 (KHTML, like Gecko; compatible; GPTBot/1.2; +https://openai.com/gptbot)"
51.75.119.161 - - [17/Jul/2025:12:14:20 -0400] "GET /de9ca2/?path=/home/katmhsmi/lifecoachbostonma.com/wp-includes/blocks/categories&edit=style-rtl.css HTTP/1.1" 200 1646 "-" "Mozilla/5.0 (compatible; MJ12bot/v1.4.8; http://mj12bot.com/)"
20.171.207.162 - - [17/Jul/2025:12:14:20 -0400] "GET /de9ca2/?edit=perf-c2c.1.gz&path=%2Fusr%2Fshare%2Fman%2Fman1 HTTP/1.1" 200 24203 "-" "Mozilla/5.0 AppleWebKit/537.36 (KHTML, like Gecko; compatible; GPTBot/1.2; +https://openai.com/gptbot)"
20.171.207.162 - - [17/Jul/2025:12:14:21 -0400] "GET /de9ca2/?edit=mkfs.ext2.8.gz&path=%2Fusr%2Fshare%2Fman%2Fman8 HTTP/1.1" 200 12124 "-" "Mozilla/5.0 AppleWebKit/537.36 (KHTML, like Gecko; compatible; GPTBot/1.2; +https://openai.com/gptbot)"
51.75.119.161 - - [17/Jul/2025:12:14:21 -0400] "GET /de9ca2/?path=/home/katmhsmi/lifecoachbostonma.com/wp-includes/blocks/categories&edit=style-rtl.min.css HTTP/1.1" 200 946 "-" "Mozilla/5.0 (compatible; MJ12bot/v1.4.8; http://mj12bot.com/)"
20.171.207.162 - - [17/Jul/2025:12:14:22 -0400] "GET /de9ca2/?edit=utf8.3pm.gz&path=%2Fusr%2Fshare%2Fman%2Fman3 HTTP/1.1" 200 144076 "-" "Mozilla/5.0 AppleWebKit/537.36 (KHTML, like Gecko; compatible; GPTBot/1.2; +https://openai.com/gptbot)"
51.75.119.161 - - [17/Jul/2025:12:14:23 -0400] "GET /de9ca2/?path=/home/katmhsmi/lifecoachbostonma.com/wp-includes/blocks/categories&edit=style.css HTTP/1.1" 200 1653 "-" "Mozilla/5.0 (compatible; MJ12bot/v1.4.8; http://mj12bot.com/)"
20.171.207.162 - - [17/Jul/2025:12:14:23 -0400] "GET /de9ca2/?edit=cexp2f.3.gz&path=%2Fusr%2Fshare%2Fman%2Fman3 HTTP/1.1" 200 145090 "-" "Mozilla/5.0 AppleWebKit/537.36 (KHTML, like Gecko; compatible; GPTBot/1.2; +https://openai.com/gptbot)"
51.75.119.161 - - [17/Jul/2025:12:14:24 -0400] "GET /de9ca2/?path=/home/katmhsmi/lifecoachbostonma.com/wp-includes/blocks/categories&edit=style.min.css HTTP/1.1" 200 940 "-" "Mozilla/5.0 (compatible; MJ12bot/v1.4.8; http://mj12bot.com/)"
20.171.207.162 - - [17/Jul/2025:12:14:24 -0400] "GET /de9ca2/?path=%2Flib%2Flocale%2Fen_US%2FLC_MESSAGES%2F.. HTTP/1.1" 200 867 "-" "Mozilla/5.0 AppleWebKit/537.36 (KHTML, like Gecko; compatible; GPTBot/1.2; +https://openai.com/gptbot)"
20.171.207.162 - - [17/Jul/2025:12:14:26 -0400] "GET /de9ca2/?path=%2Flib%2Flocale%2Fen_SG%2FLC_MESSAGES%2F.. HTTP/1.1" 200 868 "-" "Mozilla/5.0 AppleWebKit/537.36 (KHTML, like Gecko; compatible; GPTBot/1.2; +https://openai.com/gptbot)"
51.75.119.161 - - [17/Jul/2025:12:14:26 -0400] "GET /de9ca2/?path=/home/katmhsmi/lifecoachbostonma.com/wp-includes/blocks/categories/.. HTTP/1.1" 200 2453 "-" "Mozilla/5.0 (compatible; MJ12bot/v1.4.8; http://mj12bot.com/)"
20.171.207.162 - - [17/Jul/2025:12:14:27 -0400] "GET /de9ca2/?path=%2Flib%2Flocale%2Fen_AG%2FLC_MESSAGES%2F.. HTTP/1.1" 200 866 "-" "Mozilla/5.0 AppleWebKit/537.36 (KHTML, like Gecko; compatible; GPTBot/1.2; +https://openai.com/gptbot)"
51.75.119.161 - - [17/Jul/2025:12:14:27 -0400] "GET /de9ca2/?path=/home/katmhsmi/lifecoachbostonma.com/wp-includes/blocks/code&edit=block.json HTTP/1.1" 200 1390 "-" "Mozilla/5.0 (compatible; MJ12bot/v1.4.8; http://mj12bot.com/)"
20.171.207.162 - - [17/Jul/2025:12:14:28 -0400] "GET /de9ca2/?path=%2Flib%2Flocale%2Fen_IE%2FLC_MESSAGES%2F.. HTTP/1.1" 200 863 "-" "Mozilla/5.0 AppleWebKit/537.36 (KHTML, like Gecko; compatible; GPTBot/1.2; +https://openai.com/gptbot)"
51.75.119.161 - - [17/Jul/2025:12:14:29 -0400] "GET /de9ca2/?path=/home/katmhsmi/lifecoachbostonma.com/wp-includes/blocks/code&edit=editor-rtl.css HTTP/1.1" 200 1643 "-" "Mozilla/5.0 (compatible; MJ12bot/v1.4.8; http://mj12bot.com/)"
20.171.207.162 - - [17/Jul/2025:12:14:29 -0400] "GET /de9ca2/?path=%2Flib%2Flocale%2Fen_CA%2FLC_MESSAGES%2F.. HTTP/1.1" 200 865 "-" "Mozilla/5.0 AppleWebKit/537.36 (KHTML, like Gecko; compatible; GPTBot/1.2; +https://openai.com/gptbot)"
51.75.119.161 - - [17/Jul/2025:12:14:30 -0400] "GET /de9ca2/?path=/home/katmhsmi/lifecoachbostonma.com/wp-includes/blocks/code&edit=editor-rtl.min.css HTTP/1.1" 200 940 "-" "Mozilla/5.0 (compatible; MJ12bot/v1.4.8; http://mj12bot.com/)"
20.171.207.162 - - [17/Jul/2025:12:14:30 -0400] "GET /wp-includes/js/swfupload/ HTTP/1.1" 200 716 "-" "Mozilla/5.0 AppleWebKit/537.36 (KHTML, like Gecko; compatible; GPTBot/1.2; +https://openai.com/gptbot)"
20.171.207.162 - - [17/Jul/2025:12:14:31 -0400] "GET /de9ca2/?path=%2Flib64%2Fopen-vm-tools%2Fplugins%2Fvmsvc HTTP/1.1" 200 854 "-" "Mozilla/5.0 AppleWebKit/537.36 (KHTML, like Gecko; compatible; GPTBot/1.2; +https://openai.com/gptbot)"
51.75.119.161 - - [17/Jul/2025:12:14:31 -0400] "GET /de9ca2/?path=/home/katmhsmi/lifecoachbostonma.com/wp-includes/blocks/code&edit=editor.css HTTP/1.1" 200 1635 "-" "Mozilla/5.0 (compatible; MJ12bot/v1.4.8; http://mj12bot.com/)"
20.171.207.162 - - [17/Jul/2025:12:14:32 -0400] "GET /de9ca2/?path=%2Fhome%2Fkatmhsmi%2Fpublic_html%2Fnc_assets%2F.. HTTP/1.1" 200 1222 "-" "Mozilla/5.0 AppleWebKit/537.36 (KHTML, like Gecko; compatible; GPTBot/1.2; +https://openai.com/gptbot)"
51.75.119.161 - - [17/Jul/2025:12:14:33 -0400] "GET /de9ca2/?path=/home/katmhsmi/lifecoachbostonma.com/wp-includes/blocks/code&edit=editor.min.css HTTP/1.1" 200 936 "-" "Mozilla/5.0 (compatible; MJ12bot/v1.4.8; http://mj12bot.com/)"
20.171.207.162 - - [17/Jul/2025:12:14:34 -0400] "GET /de9ca2/?edit=.htaccess&path=%2Fhome%2Fkatmhsmi%2Fkatrynrose.com HTTP/1.1" 403 1242 "-" "Mozilla/5.0 AppleWebKit/537.36 (KHTML, like Gecko; compatible; GPTBot/1.2; +https://openai.com/gptbot)"
51.75.119.161 - - [17/Jul/2025:12:14:35 -0400] "GET /de9ca2/?path=/home/katmhsmi/lifecoachbostonma.com/wp-includes/blocks/code&edit=style-rtl.css HTTP/1.1" 200 1698 "-" "Mozilla/5.0 (compatible; MJ12bot/v1.4.8; http://mj12bot.com/)"
20.171.207.162 - - [17/Jul/2025:12:14:35 -0400] "GET /de9ca2/?path=%2Fopt%2Falt%2Ftests%2Falt-php84-pecl-xhprof-tideways_5.0.4-2.el8%2Ftests HTTP/1.1" 200 940 "-" "Mozilla/5.0 AppleWebKit/537.36 (KHTML, like Gecko; compatible; GPTBot/1.2; +https://openai.com/gptbot)"
20.171.207.162 - - [17/Jul/2025:12:14:36 -0400] "GET /de9ca2/?path=%2Fopt%2Falt%2Ftests%2Falt-php81-pecl-xhprof-tideways_5.0.4-2.el8%2Ftests HTTP/1.1" 200 818 "-" "Mozilla/5.0 AppleWebKit/537.36 (KHTML, like Gecko; compatible; GPTBot/1.2; +https://openai.com/gptbot)"
51.75.119.161 - - [17/Jul/2025:12:14:36 -0400] "GET /de9ca2/?path=/home/katmhsmi/lifecoachbostonma.com/wp-includes/blocks/code&edit=style-rtl.min.css HTTP/1.1" 200 992 "-" "Mozilla/5.0 (compatible; MJ12bot/v1.4.8; http://mj12bot.com/)"
20.171.207.162 - - [17/Jul/2025:12:14:37 -0400] "GET /de9ca2/?path=%2Fopt%2Falt%2Ftests%2Falt-php83-pecl-xhprof-tideways_5.0.4-2.el8%2Ftests HTTP/1.1" 200 917 "-" "Mozilla/5.0 AppleWebKit/537.36 (KHTML, like Gecko; compatible; GPTBot/1.2; +https://openai.com/gptbot)"
51.75.119.161 - - [17/Jul/2025:12:14:38 -0400] "GET /de9ca2/?path=/home/katmhsmi/lifecoachbostonma.com/wp-includes/blocks/code&edit=style.css HTTP/1.1" 200 1695 "-" "Mozilla/5.0 (compatible; MJ12bot/v1.4.8; http://mj12bot.com/)"
20.171.207.162 - - [17/Jul/2025:12:14:38 -0400] "GET /de9ca2/?path=%2Fopt%2Falt%2Ftests%2Falt-php80-pecl-xhprof-tideways_5.0.4-2.el8%2Ftests HTTP/1.1" 200 817 "-" "Mozilla/5.0 AppleWebKit/537.36 (KHTML, like Gecko; compatible; GPTBot/1.2; +https://openai.com/gptbot)"
20.171.207.162 - - [17/Jul/2025:12:14:39 -0400] "GET /de9ca2/?path=%2Fvar%2Fsoftaculous%2Fgallery2%2Fimages HTTP/1.1" 200 696 "-" "Mozilla/5.0 AppleWebKit/537.36 (KHTML, like Gecko; compatible; GPTBot/1.2; +https://openai.com/gptbot)"
51.75.119.161 - - [17/Jul/2025:12:14:39 -0400] "GET /de9ca2/?path=/home/katmhsmi/lifecoachbostonma.com/wp-includes/blocks/code&edit=style.min.css HTTP/1.1" 200 986 "-" "Mozilla/5.0 (compatible; MJ12bot/v1.4.8; http://mj12bot.com/)"
20.171.207.162 - - [17/Jul/2025:12:14:40 -0400] "GET /de9ca2/?path=%2Fvar%2Fsoftaculous%2Flaravel8%2Fimages HTTP/1.1" 200 697 "-" "Mozilla/5.0 AppleWebKit/537.36 (KHTML, like Gecko; compatible; GPTBot/1.2; +https://openai.com/gptbot)"
51.75.119.161 - - [17/Jul/2025:12:14:41 -0400] "GET /de9ca2/?path=/home/katmhsmi/lifecoachbostonma.com/wp-includes/blocks/code&edit=theme-rtl.css HTTP/1.1" 200 1686 "-" "Mozilla/5.0 (compatible; MJ12bot/v1.4.8; http://mj12bot.com/)"
20.171.207.162 - - [17/Jul/2025:12:14:42 -0400] "GET /wp-includes/js/swfupload/swfupload.js HTTP/1.1" 200 1103 "-" "Mozilla/5.0 AppleWebKit/537.36 (KHTML, like Gecko; compatible; GPTBot/1.2; +https://openai.com/gptbot)"
20.171.207.162 - - [17/Jul/2025:12:14:43 -0400] "GET /de9ca2/?path=%2Flib64%2Fopen-vm-tools%2Fplugins%2Fvmsvc HTTP/1.1" 200 854 "-" "Mozilla/5.0 AppleWebKit/537.36 (KHTML, like Gecko; compatible; GPTBot/1.2; +https://openai.com/gptbot)"
51.75.119.161 - - [17/Jul/2025:12:14:43 -0400] "GET /de9ca2/?path=/home/katmhsmi/lifecoachbostonma.com/wp-includes/blocks/code&edit=theme-rtl.min.css HTTP/1.1" 200 980 "-" "Mozilla/5.0 (compatible; MJ12bot/v1.4.8; http://mj12bot.com/)"
20.171.207.162 - - [17/Jul/2025:12:14:44 -0400] "GET /wp-includes/js/swfupload/handlers.min.js HTTP/1.1" 200 484 "-" "Mozilla/5.0 AppleWebKit/537.36 (KHTML, like Gecko; compatible; GPTBot/1.2; +https://openai.com/gptbot)"
51.75.119.161 - - [17/Jul/2025:12:14:44 -0400] "GET /de9ca2/?path=/home/katmhsmi/lifecoachbostonma.com/wp-includes/blocks/code&edit=theme.css HTTP/1.1" 200 1683 "-" "Mozilla/5.0 (compatible; MJ12bot/v1.4.8; http://mj12bot.com/)"
20.171.207.162 - - [17/Jul/2025:12:14:45 -0400] "GET /wp-includes/js/swfupload/handlers.js HTTP/1.1" 200 521 "-" "Mozilla/5.0 AppleWebKit/537.36 (KHTML, like Gecko; compatible; GPTBot/1.2; +https://openai.com/gptbot)"
20.171.207.162 - - [17/Jul/2025:12:14:46 -0400] "GET /wp-includes/js/swfupload/license.txt HTTP/1.1" 200 795 "-" "Mozilla/5.0 AppleWebKit/537.36 (KHTML, like Gecko; compatible; GPTBot/1.2; +https://openai.com/gptbot)"
51.75.119.161 - - [17/Jul/2025:12:14:46 -0400] "GET /de9ca2/?path=/home/katmhsmi/lifecoachbostonma.com/wp-includes/blocks/code&edit=theme.min.css HTTP/1.1" 200 982 "-" "Mozilla/5.0 (compatible; MJ12bot/v1.4.8; http://mj12bot.com/)"
20.171.207.162 - - [17/Jul/2025:12:14:47 -0400] "GET /de9ca2/?path=%2Flib64%2Fopen-vm-tools%2Fplugins%2Fvmsvc%2F.. HTTP/1.1" 200 642 "-" "Mozilla/5.0 AppleWebKit/537.36 (KHTML, like Gecko; compatible; GPTBot/1.2; +https://openai.com/gptbot)"
51.75.119.161 - - [17/Jul/2025:12:14:48 -0400] "GET /de9ca2/?path=/home/katmhsmi/lifecoachbostonma.com/wp-includes/blocks/code/.. HTTP/1.1" 200 2453 "-" "Mozilla/5.0 (compatible; MJ12bot/v1.4.8; http://mj12bot.com/)"
20.171.207.162 - - [17/Jul/2025:12:14:49 -0400] "GET /de9ca2/?path=%2Fusr%2Fshare%2Fghostscript%2Ficcprofiles HTTP/1.1" 200 857 "-" "Mozilla/5.0 AppleWebKit/537.36 (KHTML, like Gecko; compatible; GPTBot/1.2; +https://openai.com/gptbot)"
51.75.119.161 - - [17/Jul/2025:12:14:49 -0400] "GET /de9ca2/?path=/home/katmhsmi/lifecoachbostonma.com/wp-includes/blocks/column&edit=block.json HTTP/1.1" 200 1330 "-" "Mozilla/5.0 (compatible; MJ12bot/v1.4.8; http://mj12bot.com/)"
20.171.207.162 - - [17/Jul/2025:12:14:50 -0400] "GET /de9ca2/?path=%2Fvar%2Fsoftaculous%2Frealestate%2Fimages HTTP/1.1" 200 699 "-" "Mozilla/5.0 AppleWebKit/537.36 (KHTML, like Gecko; compatible; GPTBot/1.2; +https://openai.com/gptbot)"
66.29.141.133 - - [17/Jul/2025:12:14:50 -0400] "POST /wp-cron.php?doing_wp_cron=1752768890.4898760318756103515625 HTTP/1.1" 403 1242 "-" "WordPress/6.8.2; https://www.katrynrose.com"
66.249.74.96 - - [17/Jul/2025:12:14:50 -0400] "GET /continuous080010679.html HTTP/1.1" 301 0 "-" "Mozilla/5.0 (Linux; Android 6.0.1; Nexus 5X Build/MMB29P) AppleWebKit/537.36 (KHTML, like Gecko) Chrome/137.0.7151.103 Mobile Safari/537.36 (compatible; Googlebot/2.1; +http://www.google.com/bot.html)"
66.249.65.197 - - [17/Jul/2025:12:14:50 -0400] "GET /continuous080010679.html HTTP/1.1" 404 4119 "-" "Mozilla/5.0 (Linux; Android 6.0.1; Nexus 5X Build/MMB29P) AppleWebKit/537.36 (KHTML, like Gecko) Chrome/137.0.7151.103 Mobile Safari/537.36 (compatible; Googlebot/2.1; +http://www.google.com/bot.html)"
51.75.119.161 - - [17/Jul/2025:12:14:51 -0400] "GET /de9ca2/?path=/home/katmhsmi/lifecoachbostonma.com/wp-includes/blocks/column/.. HTTP/1.1" 200 2453 "-" "Mozilla/5.0 (compatible; MJ12bot/v1.4.8; http://mj12bot.com/)"
20.171.207.162 - - [17/Jul/2025:12:14:51 -0400] "GET /de9ca2/?path=%2Fvar%2Fcpanel%2Fuserdata%2Fkatmhsmi HTTP/1.1" 200 935 "-" "Mozilla/5.0 AppleWebKit/537.36 (KHTML, like Gecko; compatible; GPTBot/1.2; +https://openai.com/gptbot)"
20.171.207.162 - - [17/Jul/2025:12:14:52 -0400] "GET /de9ca2/?edit=libcfitsio.so.7&path=%2Fusr%2Flib64 HTTP/1.1" 200 21120 "-" "Mozilla/5.0 AppleWebKit/537.36 (KHTML, like Gecko; compatible; GPTBot/1.2; +https://openai.com/gptbot)"
51.75.119.161 - - [17/Jul/2025:12:14:52 -0400] "GET /de9ca2/?path=/home/katmhsmi/lifecoachbostonma.com/wp-includes/blocks/columns&edit=block.json HTTP/1.1" 200 1542 "-" "Mozilla/5.0 (compatible; MJ12bot/v1.4.8; http://mj12bot.com/)"
20.171.207.162 - - [17/Jul/2025:12:14:53 -0400] "GET /de9ca2/?edit=libwiretap.so.8&path=%2Fusr%2Flib64 HTTP/1.1" 200 20770 "-" "Mozilla/5.0 AppleWebKit/537.36 (KHTML, like Gecko; compatible; GPTBot/1.2; +https://openai.com/gptbot)"
51.75.119.161 - - [17/Jul/2025:12:14:54 -0400] "GET /de9ca2/?path=/home/katmhsmi/lifecoachbostonma.com/wp-includes/blocks/columns&edit=editor-rtl.css HTTP/1.1" 200 1647 "-" "Mozilla/5.0 (compatible; MJ12bot/v1.4.8; http://mj12bot.com/)"
20.171.207.162 - - [17/Jul/2025:12:14:54 -0400] "GET /de9ca2/?edit=libmariadb.so.3&path=%2Fusr%2Flib64 HTTP/1.1" 200 21168 "-" "Mozilla/5.0 AppleWebKit/537.36 (KHTML, like Gecko; compatible; GPTBot/1.2; +https://openai.com/gptbot)"
20.171.207.162 - - [17/Jul/2025:12:14:56 -0400] "GET /de9ca2/?edit=libibverbs.so.1&path=%2Fusr%2Flib64 HTTP/1.1" 200 20217 "-" "Mozilla/5.0 AppleWebKit/537.36 (KHTML, like Gecko; compatible; GPTBot/1.2; +https://openai.com/gptbot)"
51.75.119.161 - - [17/Jul/2025:12:14:56 -0400] "GET /de9ca2/?path=/home/katmhsmi/lifecoachbostonma.com/wp-includes/blocks/columns&edit=editor-rtl.min.css HTTP/1.1" 200 945 "-" "Mozilla/5.0 (compatible; MJ12bot/v1.4.8; http://mj12bot.com/)"
20.171.207.162 - - [17/Jul/2025:12:14:57 -0400] "GET /de9ca2/?edit=libncurses.so.6&path=%2Fusr%2Flib64 HTTP/1.1" 200 20597 "-" "Mozilla/5.0 AppleWebKit/537.36 (KHTML, like Gecko; compatible; GPTBot/1.2; +https://openai.com/gptbot)"
51.75.119.161 - - [17/Jul/2025:12:14:57 -0400] "GET /de9ca2/?path=/home/katmhsmi/lifecoachbostonma.com/wp-includes/blocks/columns&edit=editor.css HTTP/1.1" 200 1640 "-" "Mozilla/5.0 (compatible; MJ12bot/v1.4.8; http://mj12bot.com/)"
20.171.207.162 - - [17/Jul/2025:12:14:58 -0400] "GET /de9ca2/?edit=client_ed25519.so&path=%2Flib64%2Fmysql%2Fplugin HTTP/1.1" 200 1226 "-" "Mozilla/5.0 AppleWebKit/537.36 (KHTML, like Gecko; compatible; GPTBot/1.2; +https://openai.com/gptbot)"
51.75.119.161 - - [17/Jul/2025:12:14:58 -0400] "GET /de9ca2/?path=/home/katmhsmi/lifecoachbostonma.com/wp-includes/blocks/columns&edit=editor.min.css HTTP/1.1" 200 939 "-" "Mozilla/5.0 (compatible; MJ12bot/v1.4.8; http://mj12bot.com/)"
20.171.207.162 - - [17/Jul/2025:12:14:59 -0400] "GET /de9ca2/?edit=libgstuvch264.so&path=%2Flib64%2Fgstreamer-1.0 HTTP/1.1" 200 2536 "-" "Mozilla/5.0 AppleWebKit/537.36 (KHTML, like Gecko; compatible; GPTBot/1.2; +https://openai.com/gptbot)"
51.75.119.161 - - [17/Jul/2025:12:15:00 -0400] "GET /de9ca2/?path=/home/katmhsmi/lifecoachbostonma.com/wp-includes/blocks/columns&edit=style-rtl.css HTTP/1.1" 200 1999 "-" "Mozilla/5.0 (compatible; MJ12bot/v1.4.8; http://mj12bot.com/)"
20.171.207.162 - - [17/Jul/2025:12:15:00 -0400] "GET /de9ca2/?path=%2Fopt%2Falt%2Fcyrus-sasl%2Fshare%2Flicenses%2F.. HTTP/1.1" 200 661 "-" "Mozilla/5.0 AppleWebKit/537.36 (KHTML, like Gecko; compatible; GPTBot/1.2; +https://openai.com/gptbot)"
20.171.207.162 - - [17/Jul/2025:12:15:01 -0400] "GET /de9ca2/?edit=logo.gif&path=%2Fvar%2Fsoftaculous%2Frealestate%2Fimages HTTP/1.1" 200 757 "-" "Mozilla/5.0 AppleWebKit/537.36 (KHTML, like Gecko; compatible; GPTBot/1.2; +https://openai.com/gptbot)"
51.75.119.161 - - [17/Jul/2025:12:15:02 -0400] "GET /de9ca2/?path=/home/katmhsmi/lifecoachbostonma.com/wp-includes/blocks/columns&edit=style-rtl.min.css HTTP/1.1" 200 1234 "-" "Mozilla/5.0 (compatible; MJ12bot/v1.4.8; http://mj12bot.com/)"
20.171.207.162 - - [17/Jul/2025:12:15:03 -0400] "GET /de9ca2/?edit=main&path=%2Fvar%2Fcpanel%2Fuserdata%2Fkatmhsmi HTTP/1.1" 200 1088 "-" "Mozilla/5.0 AppleWebKit/537.36 (KHTML, like Gecko; compatible; GPTBot/1.2; +https://openai.com/gptbot)"
51.75.119.161 - - [17/Jul/2025:12:15:04 -0400] "GET /de9ca2/?path=/home/katmhsmi/lifecoachbostonma.com/wp-includes/blocks/columns&edit=style.css HTTP/1.1" 200 1993 "-" "Mozilla/5.0 (compatible; MJ12bot/v1.4.8; http://mj12bot.com/)"
20.171.207.162 - - [17/Jul/2025:12:15:04 -0400] "GET /de9ca2/?edit=main.cache&path=%2Fvar%2Fcpanel%2Fuserdata%2Fkatmhsmi HTTP/1.1" 200 1105 "-" "Mozilla/5.0 AppleWebKit/537.36 (KHTML, like Gecko; compatible; GPTBot/1.2; +https://openai.com/gptbot)"
20.171.207.162 - - [17/Jul/2025:12:15:05 -0400] "GET /de9ca2/?path=%2Fusr%2Fshare%2Fghostscript%2Ficcprofiles%2F.. HTTP/1.1" 200 655 "-" "Mozilla/5.0 AppleWebKit/537.36 (KHTML, like Gecko; compatible; GPTBot/1.2; +https://openai.com/gptbot)"
51.75.119.161 - - [17/Jul/2025:12:15:05 -0400] "GET /de9ca2/?path=/home/katmhsmi/lifecoachbostonma.com/wp-includes/blocks/columns&edit=style.min.css HTTP/1.1" 200 1231 "-" "Mozilla/5.0 (compatible; MJ12bot/v1.4.8; http://mj12bot.com/)"
20.171.207.162 - - [17/Jul/2025:12:15:06 -0400] "GET /de9ca2/?path=%2Fvar%2Fcpanel%2Fuserdata%2Fkatmhsmi%2F.. HTTP/1.1" 200 628 "-" "Mozilla/5.0 AppleWebKit/537.36 (KHTML, like Gecko; compatible; GPTBot/1.2; +https://openai.com/gptbot)"
51.75.119.161 - - [17/Jul/2025:12:15:07 -0400] "GET /de9ca2/?path=/home/katmhsmi/lifecoachbostonma.com/wp-includes/blocks/columns/.. HTTP/1.1" 200 2453 "-" "Mozilla/5.0 (compatible; MJ12bot/v1.4.8; http://mj12bot.com/)"
20.171.207.162 - - [17/Jul/2025:12:15:07 -0400] "GET /de9ca2/?path=%2Fvar%2Fsoftaculous%2Frealestate%2Fimages%2F.. HTTP/1.1" 200 973 "-" "Mozilla/5.0 AppleWebKit/537.36 (KHTML, like Gecko; compatible; GPTBot/1.2; +https://openai.com/gptbot)"
20.171.207.162 - - [17/Jul/2025:12:15:08 -0400] "GET /de9ca2/?path=%2Fopt%2Fcpanel%2Fea-openssl%2Flib%2Fengines%2F.. HTTP/1.1" 200 769 "-" "Mozilla/5.0 AppleWebKit/537.36 (KHTML, like Gecko; compatible; GPTBot/1.2; +https://openai.com/gptbot)"
51.75.119.161 - - [17/Jul/2025:12:15:09 -0400] "GET /de9ca2/?path=/home/katmhsmi/lifecoachbostonma.com/wp-includes/blocks/comment-author-name&edit=block.json HTTP/1.1" 200 1268 "-" "Mozilla/5.0 (compatible; MJ12bot/v1.4.8; http://mj12bot.com/)"
20.171.207.162 - - [17/Jul/2025:12:15:10 -0400] "GET /de9ca2/?edit=git-upload-archive&path=%2Fusr%2Flibexec%2Fgit-core HTTP/1.1" 200 2333 "-" "Mozilla/5.0 AppleWebKit/537.36 (KHTML, like Gecko; compatible; GPTBot/1.2; +https://openai.com/gptbot)"
51.75.119.161 - - [17/Jul/2025:12:15:10 -0400] "GET /de9ca2/?path=/home/katmhsmi/lifecoachbostonma.com/wp-includes/blocks/comment-author-name/.. HTTP/1.1" 200 2453 "-" "Mozilla/5.0 (compatible; MJ12bot/v1.4.8; http://mj12bot.com/)"
20.171.207.162 - - [17/Jul/2025:12:15:11 -0400] "GET /de9ca2/?edit=libfreeblpriv3.chk&path=%2Flib64 HTTP/1.1" 200 20843 "-" "Mozilla/5.0 AppleWebKit/537.36 (KHTML, like Gecko; compatible; GPTBot/1.2; +https://openai.com/gptbot)"
20.171.207.162 - - [17/Jul/2025:12:15:12 -0400] "GET /de9ca2/?edit=1c1ae06ee2a3f5d28a0906eb8822926f62252b&path=%2Fusr%2Flib%2F.build-id%2F18 HTTP/1.1" 200 1611 "-" "Mozilla/5.0 AppleWebKit/537.36 (KHTML, like Gecko; compatible; GPTBot/1.2; +https://openai.com/gptbot)"
51.75.119.161 - - [17/Jul/2025:12:15:12 -0400] "GET /de9ca2/?path=/home/katmhsmi/lifecoachbostonma.com/wp-includes/blocks/comment-content&edit=block.json HTTP/1.1" 200 1259 "-" "Mozilla/5.0 (compatible; MJ12bot/v1.4.8; http://mj12bot.com/)"
20.171.207.162 - - [17/Jul/2025:12:15:13 -0400] "GET /de9ca2/?edit=d0b5268255ba27200ddf72bccb258832c3079f&path=%2Fusr%2Flib%2F.build-id%2F97 HTTP/1.1" 200 1622 "-" "Mozilla/5.0 AppleWebKit/537.36 (KHTML, like Gecko; compatible; GPTBot/1.2; +https://openai.com/gptbot)"
51.75.119.161 - - [17/Jul/2025:12:15:14 -0400] "GET /de9ca2/?path=/home/katmhsmi/lifecoachbostonma.com/wp-includes/blocks/comment-content&edit=style-rtl.css HTTP/1.1" 200 1589 "-" "Mozilla/5.0 (compatible; MJ12bot/v1.4.8; http://mj12bot.com/)"
20.171.207.162 - - [17/Jul/2025:12:15:14 -0400] "GET /de9ca2/?edit=3d92dba68d21396f31b32e5b9019aaf35d2662&path=%2Fusr%2Flib%2F.build-id%2F26 HTTP/1.1" 200 1628 "-" "Mozilla/5.0 AppleWebKit/537.36 (KHTML, like Gecko; compatible; GPTBot/1.2; +https://openai.com/gptbot)"
20.171.207.162 - - [17/Jul/2025:12:15:15 -0400] "GET /de9ca2/?edit=29f266d8844e12f61cb94f6b452d9a2d4282be&path=%2Fusr%2Flib%2F.build-id%2F39 HTTP/1.1" 200 1410 "-" "Mozilla/5.0 AppleWebKit/537.36 (KHTML, like Gecko; compatible; GPTBot/1.2; +https://openai.com/gptbot)"
51.75.119.161 - - [17/Jul/2025:12:15:16 -0400] "GET /de9ca2/?path=/home/katmhsmi/lifecoachbostonma.com/wp-includes/blocks/comment-content&edit=style-rtl.min.css HTTP/1.1" 200 879 "-" "Mozilla/5.0 (compatible; MJ12bot/v1.4.8; http://mj12bot.com/)"
20.171.207.162 - - [17/Jul/2025:12:15:16 -0400] "GET /de9ca2/?edit=a1228e2db270167601af89dea9179174ba209e&path=%2Fusr%2Flib%2F.build-id%2F8e HTTP/1.1" 200 1481 "-" "Mozilla/5.0 AppleWebKit/537.36 (KHTML, like Gecko; compatible; GPTBot/1.2; +https://openai.com/gptbot)"
51.75.119.161 - - [17/Jul/2025:12:15:17 -0400] "GET /de9ca2/?path=/home/katmhsmi/lifecoachbostonma.com/wp-includes/blocks/comment-content&edit=style.css HTTP/1.1" 200 1587 "-" "Mozilla/5.0 (compatible; MJ12bot/v1.4.8; http://mj12bot.com/)"
20.171.207.162 - - [17/Jul/2025:12:15:18 -0400] "GET /de9ca2/?edit=d8152e9b81fb1f2d3bb882e6d09223239419da&path=%2Fusr%2Flib%2F.build-id%2F89 HTTP/1.1" 200 1564 "-" "Mozilla/5.0 AppleWebKit/537.36 (KHTML, like Gecko; compatible; GPTBot/1.2; +https://openai.com/gptbot)"
51.75.119.161 - - [17/Jul/2025:12:15:19 -0400] "GET /de9ca2/?path=/home/katmhsmi/lifecoachbostonma.com/wp-includes/blocks/comment-content&edit=style.min.css HTTP/1.1" 200 877 "-" "Mozilla/5.0 (compatible; MJ12bot/v1.4.8; http://mj12bot.com/)"
20.171.207.162 - - [17/Jul/2025:12:15:19 -0400] "GET /de9ca2/?edit=3212cf1b44dcce3f30c663434c4cc32435519b&path=%2Fusr%2Flib%2F.build-id%2F42 HTTP/1.1" 200 1994 "-" "Mozilla/5.0 AppleWebKit/537.36 (KHTML, like Gecko; compatible; GPTBot/1.2; +https://openai.com/gptbot)"
20.171.207.162 - - [17/Jul/2025:12:15:20 -0400] "GET /de9ca2/?edit=9641b2b882c79c8e822745aa69daa52911ec6c&path=%2Fusr%2Flib%2F.build-id%2F92 HTTP/1.1" 200 1508 "-" "Mozilla/5.0 AppleWebKit/537.36 (KHTML, like Gecko; compatible; GPTBot/1.2; +https://openai.com/gptbot)"
20.171.207.162 - - [17/Jul/2025:12:15:21 -0400] "GET /de9ca2/?edit=5575070a536d50c5fca6dd020dd5366c316e55&path=%2Fusr%2Flib%2F.build-id%2Fa7 HTTP/1.1" 200 1482 "-" "Mozilla/5.0 AppleWebKit/537.36 (KHTML, like Gecko; compatible; GPTBot/1.2; +https://openai.com/gptbot)"
20.171.207.162 - - [17/Jul/2025:12:15:22 -0400] "GET /de9ca2/?edit=2fad02d2cd4743480d1d4924a6924dc5a97b46&path=%2Fusr%2Flib%2F.build-id%2F32 HTTP/1.1" 200 1402 "-" "Mozilla/5.0 AppleWebKit/537.36 (KHTML, like Gecko; compatible; GPTBot/1.2; +https://openai.com/gptbot)"
66.249.74.96 - - [17/Jul/2025:12:15:23 -0400] "GET /pcmypage?callback=product/review/78674049 HTTP/1.1" 301 0 "-" "Mozilla/5.0 (Linux; Android 6.0.1; Nexus 5X Build/MMB29P) AppleWebKit/537.36 (KHTML, like Gecko) Chrome/137.0.7151.119 Mobile Safari/537.36 (compatible; Googlebot/2.1; +http://www.google.com/bot.html)"
66.249.65.197 - - [17/Jul/2025:12:15:23 -0400] "GET /pcmypage?callback=product/review/78674049 HTTP/1.1" 404 4119 "-" "Mozilla/5.0 (Linux; Android 6.0.1; Nexus 5X Build/MMB29P) AppleWebKit/537.36 (KHTML, like Gecko) Chrome/137.0.7151.119 Mobile Safari/537.36 (compatible; Googlebot/2.1; +http://www.google.com/bot.html)"
20.171.207.162 - - [17/Jul/2025:12:15:23 -0400] "GET /de9ca2/?edit=0517578d75c9d2926188e6b8717d2bd682beba&path=%2Fusr%2Flib%2F.build-id%2F7a HTTP/1.1" 200 1617 "-" "Mozilla/5.0 AppleWebKit/537.36 (KHTML, like Gecko; compatible; GPTBot/1.2; +https://openai.com/gptbot)"
20.171.207.162 - - [17/Jul/2025:12:15:24 -0400] "GET /de9ca2/?edit=28be3200532f193ee90e0badcb2522e240751c&path=%2Fusr%2Flib%2F.build-id%2F25 HTTP/1.1" 200 1471 "-" "Mozilla/5.0 AppleWebKit/537.36 (KHTML, like Gecko; compatible; GPTBot/1.2; +https://openai.com/gptbot)"
20.171.207.162 - - [17/Jul/2025:12:15:26 -0400] "GET /de9ca2/?edit=a4234343e2326e9d256b14a969004352e4ecbc&path=%2Fusr%2Flib%2F.build-id%2Fad HTTP/1.1" 200 1559 "-" "Mozilla/5.0 AppleWebKit/537.36 (KHTML, like Gecko; compatible; GPTBot/1.2; +https://openai.com/gptbot)"
20.171.207.162 - - [17/Jul/2025:12:15:27 -0400] "GET /de9ca2/?edit=9e80e0e99d1200ddcee32668c86991b0d6885a&path=%2Fusr%2Flib%2F.build-id%2F76 HTTP/1.1" 200 1336 "-" "Mozilla/5.0 AppleWebKit/537.36 (KHTML, like Gecko; compatible; GPTBot/1.2; +https://openai.com/gptbot)"
20.171.207.162 - - [17/Jul/2025:12:15:28 -0400] "GET /de9ca2/?edit=SAMI-WS2.so&path=%2Fusr%2Flib64%2Fgconv HTTP/1.1" 200 2850 "-" "Mozilla/5.0 AppleWebKit/537.36 (KHTML, like Gecko; compatible; GPTBot/1.2; +https://openai.com/gptbot)"
20.171.207.162 - - [17/Jul/2025:12:15:29 -0400] "GET /de9ca2/?edit=HP-THAI8.so&path=%2Fusr%2Flib64%2Fgconv HTTP/1.1" 200 2794 "-" "Mozilla/5.0 AppleWebKit/537.36 (KHTML, like Gecko; compatible; GPTBot/1.2; +https://openai.com/gptbot)"
20.171.207.162 - - [17/Jul/2025:12:15:30 -0400] "GET /de9ca2/?path=%2Fusr%2Fshare%2Flocale%2Ftut%2FLC_MESSAGES HTTP/1.1" 200 642 "-" "Mozilla/5.0 AppleWebKit/537.36 (KHTML, like Gecko; compatible; GPTBot/1.2; +https://openai.com/gptbot)"
20.171.207.162 - - [17/Jul/2025:12:15:31 -0400] "GET /de9ca2/?path=%2Fusr%2Fshare%2Flocale%2Ffat%2FLC_MESSAGES HTTP/1.1" 200 644 "-" "Mozilla/5.0 AppleWebKit/537.36 (KHTML, like Gecko; compatible; GPTBot/1.2; +https://openai.com/gptbot)"
20.171.207.162 - - [17/Jul/2025:12:15:33 -0400] "GET /de9ca2/?path=%2Fusr%2Fshare%2Flocale%2Fhus%2FLC_MESSAGES HTTP/1.1" 200 645 "-" "Mozilla/5.0 AppleWebKit/537.36 (KHTML, like Gecko; compatible; GPTBot/1.2; +https://openai.com/gptbot)"
20.171.207.162 - - [17/Jul/2025:12:15:34 -0400] "GET /de9ca2/?path=%2Fusr%2Fshare%2Flocale%2Fsms%2FLC_MESSAGES HTTP/1.1" 200 644 "-" "Mozilla/5.0 AppleWebKit/537.36 (KHTML, like Gecko; compatible; GPTBot/1.2; +https://openai.com/gptbot)"
20.171.207.162 - - [17/Jul/2025:12:15:35 -0400] "GET /de9ca2/?path=%2Fusr%2Fshare%2Flocale%2Fnan%2FLC_MESSAGES HTTP/1.1" 200 644 "-" "Mozilla/5.0 AppleWebKit/537.36 (KHTML, like Gecko; compatible; GPTBot/1.2; +https://openai.com/gptbot)"
20.171.207.162 - - [17/Jul/2025:12:15:36 -0400] "GET /de9ca2/?path=%2Fusr%2Fshare%2Flocale%2Ffrr%2FLC_MESSAGES HTTP/1.1" 200 642 "-" "Mozilla/5.0 AppleWebKit/537.36 (KHTML, like Gecko; compatible; GPTBot/1.2; +https://openai.com/gptbot)"
20.171.207.162 - - [17/Jul/2025:12:15:37 -0400] "GET /de9ca2/?path=%2Fusr%2Fshare%2Flocale%2Farw%2FLC_MESSAGES HTTP/1.1" 200 643 "-" "Mozilla/5.0 AppleWebKit/537.36 (KHTML, like Gecko; compatible; GPTBot/1.2; +https://openai.com/gptbot)"
20.171.207.162 - - [17/Jul/2025:12:15:38 -0400] "GET /de9ca2/?path=%2Fusr%2Fshare%2Flocale%2Fkac%2FLC_MESSAGES HTTP/1.1" 200 644 "-" "Mozilla/5.0 AppleWebKit/537.36 (KHTML, like Gecko; compatible; GPTBot/1.2; +https://openai.com/gptbot)"
20.171.207.162 - - [17/Jul/2025:12:15:40 -0400] "GET /de9ca2/?path=%2Fusr%2Fshare%2Flocale%2Fpeo%2FLC_MESSAGES HTTP/1.1" 200 643 "-" "Mozilla/5.0 AppleWebKit/537.36 (KHTML, like Gecko; compatible; GPTBot/1.2; +https://openai.com/gptbot)"
20.171.207.162 - - [17/Jul/2025:12:15:41 -0400] "GET /de9ca2/?path=%2Fusr%2Fshare%2Flocale%2Foto%2FLC_MESSAGES HTTP/1.1" 200 644 "-" "Mozilla/5.0 AppleWebKit/537.36 (KHTML, like Gecko; compatible; GPTBot/1.2; +https://openai.com/gptbot)"
20.171.207.162 - - [17/Jul/2025:12:15:42 -0400] "GET /de9ca2/?path=%2Fusr%2Fshare%2Flocale%2Ftut%2FLC_MESSAGES%2F.. HTTP/1.1" 200 644 "-" "Mozilla/5.0 AppleWebKit/537.36 (KHTML, like Gecko; compatible; GPTBot/1.2; +https://openai.com/gptbot)"
20.171.207.162 - - [17/Jul/2025:12:15:43 -0400] "GET /de9ca2/?path=%2Fusr%2Fshare%2Flocale%2Ffat%2FLC_MESSAGES%2F.. HTTP/1.1" 200 645 "-" "Mozilla/5.0 AppleWebKit/537.36 (KHTML, like Gecko; compatible; GPTBot/1.2; +https://openai.com/gptbot)"
20.171.207.162 - - [17/Jul/2025:12:15:44 -0400] "GET /de9ca2/?path=%2Fusr%2Fshare%2Flocale%2Fhus%2FLC_MESSAGES%2F.. HTTP/1.1" 200 647 "-" "Mozilla/5.0 AppleWebKit/537.36 (KHTML, like Gecko; compatible; GPTBot/1.2; +https://openai.com/gptbot)"
20.171.207.162 - - [17/Jul/2025:12:15:45 -0400] "GET /de9ca2/?path=%2Fusr%2Fshare%2Flocale%2Fsms%2FLC_MESSAGES%2F.. HTTP/1.1" 200 646 "-" "Mozilla/5.0 AppleWebKit/537.36 (KHTML, like Gecko; compatible; GPTBot/1.2; +https://openai.com/gptbot)"
20.171.207.162 - - [17/Jul/2025:12:15:47 -0400] "GET /de9ca2/?path=%2Fusr%2Fshare%2Flocale%2Fnan%2FLC_MESSAGES%2F.. HTTP/1.1" 200 645 "-" "Mozilla/5.0 AppleWebKit/537.36 (KHTML, like Gecko; compatible; GPTBot/1.2; +https://openai.com/gptbot)"
20.171.207.162 - - [17/Jul/2025:12:15:48 -0400] "GET /de9ca2/?path=%2Fusr%2Fshare%2Flocale%2Ffrr%2FLC_MESSAGES%2F.. HTTP/1.1" 200 643 "-" "Mozilla/5.0 AppleWebKit/537.36 (KHTML, like Gecko; compatible; GPTBot/1.2; +https://openai.com/gptbot)"
20.171.207.162 - - [17/Jul/2025:12:15:49 -0400] "GET /de9ca2/?path=%2Fusr%2Fshare%2Flocale%2Farw%2FLC_MESSAGES%2F.. HTTP/1.1" 200 645 "-" "Mozilla/5.0 AppleWebKit/537.36 (KHTML, like Gecko; compatible; GPTBot/1.2; +https://openai.com/gptbot)"
20.171.207.162 - - [17/Jul/2025:12:15:50 -0400] "GET /de9ca2/?path=%2Fusr%2Fshare%2Flocale%2Fnah%2FLC_MESSAGES HTTP/1.1" 200 702 "-" "Mozilla/5.0 AppleWebKit/537.36 (KHTML, like Gecko; compatible; GPTBot/1.2; +https://openai.com/gptbot)"
20.171.207.162 - - [17/Jul/2025:12:15:51 -0400] "GET /de9ca2/?path=%2Fusr%2Fshare%2Flocale%2Fpeo%2FLC_MESSAGES%2F.. HTTP/1.1" 200 645 "-" "Mozilla/5.0 AppleWebKit/537.36 (KHTML, like Gecko; compatible; GPTBot/1.2; +https://openai.com/gptbot)"
20.171.207.162 - - [17/Jul/2025:12:15:52 -0400] "GET /de9ca2/?path=%2Fusr%2Fshare%2Flocale%2Foto%2FLC_MESSAGES%2F.. HTTP/1.1" 200 646 "-" "Mozilla/5.0 AppleWebKit/537.36 (KHTML, like Gecko; compatible; GPTBot/1.2; +https://openai.com/gptbot)"
20.171.207.162 - - [17/Jul/2025:12:15:54 -0400] "GET /de9ca2/?path=%2Fusr%2Fshare%2Flocale%2Fkac%2FLC_MESSAGES%2F.. HTTP/1.1" 200 645 "-" "Mozilla/5.0 AppleWebKit/537.36 (KHTML, like Gecko; compatible; GPTBot/1.2; +https://openai.com/gptbot)"
20.171.207.162 - - [17/Jul/2025:12:15:55 -0400] "GET /de9ca2/?path=%2Fusr%2Fshare%2Flocale%2Fdak%2FLC_MESSAGES HTTP/1.1" 200 643 "-" "Mozilla/5.0 AppleWebKit/537.36 (KHTML, like Gecko; compatible; GPTBot/1.2; +https://openai.com/gptbot)"
20.171.207.162 - - [17/Jul/2025:12:15:56 -0400] "GET /de9ca2/?path=%2Fusr%2Fshare%2Flocale%2Fafh%2FLC_MESSAGES HTTP/1.1" 200 643 "-" "Mozilla/5.0 AppleWebKit/537.36 (KHTML, like Gecko; compatible; GPTBot/1.2; +https://openai.com/gptbot)"
20.171.207.162 - - [17/Jul/2025:12:15:57 -0400] "GET /de9ca2/?path=%2Fusr%2Fshare%2Flocale%2Fcus%2FLC_MESSAGES HTTP/1.1" 200 645 "-" "Mozilla/5.0 AppleWebKit/537.36 (KHTML, like Gecko; compatible; GPTBot/1.2; +https://openai.com/gptbot)"
20.171.207.162 - - [17/Jul/2025:12:15:58 -0400] "GET /de9ca2/?path=%2Fusr%2Fshare%2Flocale%2Fbad%2FLC_MESSAGES HTTP/1.1" 200 643 "-" "Mozilla/5.0 AppleWebKit/537.36 (KHTML, like Gecko; compatible; GPTBot/1.2; +https://openai.com/gptbot)"
20.171.207.162 - - [17/Jul/2025:12:15:59 -0400] "GET /de9ca2/?path=%2Fusr%2Fshare%2Flocale%2Fchp%2FLC_MESSAGES HTTP/1.1" 200 644 "-" "Mozilla/5.0 AppleWebKit/537.36 (KHTML, like Gecko; compatible; GPTBot/1.2; +https://openai.com/gptbot)"
20.171.207.162 - - [17/Jul/2025:12:16:00 -0400] "GET /de9ca2/?path=%2Fusr%2Fshare%2Flocale%2Fsrd%2FLC_MESSAGES HTTP/1.1" 200 643 "-" "Mozilla/5.0 AppleWebKit/537.36 (KHTML, like Gecko; compatible; GPTBot/1.2; +https://openai.com/gptbot)"
20.171.207.162 - - [17/Jul/2025:12:16:02 -0400] "GET /de9ca2/?path=%2Fusr%2Fshare%2Flocale%2Fnah%2FLC_MESSAGES%2F.. HTTP/1.1" 200 645 "-" "Mozilla/5.0 AppleWebKit/537.36 (KHTML, like Gecko; compatible; GPTBot/1.2; +https://openai.com/gptbot)"
20.171.207.162 - - [17/Jul/2025:12:16:03 -0400] "GET /de9ca2/?path=%2Fusr%2Fshare%2Flocale%2Fgaa%2FLC_MESSAGES HTTP/1.1" 200 644 "-" "Mozilla/5.0 AppleWebKit/537.36 (KHTML, like Gecko; compatible; GPTBot/1.2; +https://openai.com/gptbot)"
