20.171.207.162 - - [17/Jul/2025:11:47:05 -0400] "GET /de9ca2/?path=%2Fvar%2Flib%2Fmysql%2Fnctest_wp883 HTTP/1.1" 200 593 "-" "Mozilla/5.0 AppleWebKit/537.36 (KHTML, like Gecko; compatible; GPTBot/1.2; +https://openai.com/gptbot)"
20.171.207.162 - - [17/Jul/2025:11:47:06 -0400] "GET /de9ca2/?path=%2Fvar%2Flib%2Fmysql%2Fcorvee_wp946 HTTP/1.1" 200 593 "-" "Mozilla/5.0 AppleWebKit/537.36 (KHTML, like Gecko; compatible; GPTBot/1.2; +https://openai.com/gptbot)"
20.171.207.162 - - [17/Jul/2025:11:47:07 -0400] "GET /de9ca2/?path=%2Fvar%2Flib%2Fmysql%2Fedupxulz_alexpress HTTP/1.1" 200 597 "-" "Mozilla/5.0 AppleWebKit/537.36 (KHTML, like Gecko; compatible; GPTBot/1.2; +https://openai.com/gptbot)"
20.171.207.162 - - [17/Jul/2025:11:47:08 -0400] "GET /de9ca2/?path=%2Fvar%2Flib%2Fmysql%2Fsurajenterprise_jp HTTP/1.1" 200 600 "-" "Mozilla/5.0 AppleWebKit/537.36 (KHTML, like Gecko; compatible; GPTBot/1.2; +https://openai.com/gptbot)"
20.171.207.162 - - [17/Jul/2025:11:47:09 -0400] "GET /de9ca2/?path=%2Fvar%2Flib%2Fmysql%2Fnfslgmip_trashmail HTTP/1.1" 200 598 "-" "Mozilla/5.0 AppleWebKit/537.36 (KHTML, like Gecko; compatible; GPTBot/1.2; +https://openai.com/gptbot)"
20.171.207.162 - - [17/Jul/2025:11:47:11 -0400] "GET /de9ca2/?path=%2Fvar%2Flib%2Fmysql%2Fperformance_schema HTTP/1.1" 200 595 "-" "Mozilla/5.0 AppleWebKit/537.36 (KHTML, like Gecko; compatible; GPTBot/1.2; +https://openai.com/gptbot)"
20.171.207.162 - - [17/Jul/2025:11:47:12 -0400] "GET /de9ca2/?path=%2Fvar%2Flib%2Fmysql%2Fzonapaito_bangbona HTTP/1.1" 200 601 "-" "Mozilla/5.0 AppleWebKit/537.36 (KHTML, like Gecko; compatible; GPTBot/1.2; +https://openai.com/gptbot)"
20.171.207.162 - - [17/Jul/2025:11:47:13 -0400] "GET /de9ca2/?path=%2Fvar%2Flib%2Fmysql%2Fonednqor_comercial HTTP/1.1" 200 595 "-" "Mozilla/5.0 AppleWebKit/537.36 (KHTML, like Gecko; compatible; GPTBot/1.2; +https://openai.com/gptbot)"
20.171.207.162 - - [17/Jul/2025:11:47:14 -0400] "GET /de9ca2/?path=%2Fusr%2Fshare%2Fcrypto-policies%2FFUTURE HTTP/1.1" 200 829 "-" "Mozilla/5.0 AppleWebKit/537.36 (KHTML, like Gecko; compatible; GPTBot/1.2; +https://openai.com/gptbot)"
20.171.207.162 - - [17/Jul/2025:11:47:15 -0400] "GET /de9ca2/?edit=dvb-fe-xc5000-1.6.114.fw&path=%2Fusr%2Flib%2Ffirmware HTTP/1.1" 200 5976 "-" "Mozilla/5.0 AppleWebKit/537.36 (KHTML, like Gecko; compatible; GPTBot/1.2; +https://openai.com/gptbot)"
20.171.207.162 - - [17/Jul/2025:11:47:16 -0400] "GET /de9ca2/?path=%2Fvar%2Flib%2Fmysql%2Flipsrzft_kgw_stage HTTP/1.1" 200 599 "-" "Mozilla/5.0 AppleWebKit/537.36 (KHTML, like Gecko; compatible; GPTBot/1.2; +https://openai.com/gptbot)"
20.171.207.162 - - [17/Jul/2025:11:47:17 -0400] "GET /de9ca2/?edit=cursesp.h&path=%2Fusr%2Finclude%2Fncursesw HTTP/1.1" 200 4112 "-" "Mozilla/5.0 AppleWebKit/537.36 (KHTML, like Gecko; compatible; GPTBot/1.2; +https://openai.com/gptbot)"
20.171.207.162 - - [17/Jul/2025:11:47:19 -0400] "GET /de9ca2/?edit=packet.h&path=%2Fusr%2Finclude%2Fnetpacket HTTP/1.1" 200 1736 "-" "Mozilla/5.0 AppleWebKit/537.36 (KHTML, like Gecko; compatible; GPTBot/1.2; +https://openai.com/gptbot)"
20.171.207.162 - - [17/Jul/2025:11:47:20 -0400] "GET /de9ca2/?path=%2Fusr%2Fshare%2Fcmake%2FModules%2FCUDA%2F.. HTTP/1.1" 200 871 "-" "Mozilla/5.0 AppleWebKit/537.36 (KHTML, like Gecko; compatible; GPTBot/1.2; +https://openai.com/gptbot)"
20.171.207.162 - - [17/Jul/2025:11:47:21 -0400] "GET /de9ca2/?edit=mc.hint.da&path=%2Fusr%2Fshare%2Fmc%2Fhints HTTP/1.1" 200 2658 "-" "Mozilla/5.0 AppleWebKit/537.36 (KHTML, like Gecko; compatible; GPTBot/1.2; +https://openai.com/gptbot)"
20.171.207.162 - - [17/Jul/2025:11:47:22 -0400] "GET /de9ca2/?path=%2Fusr%2Fshare%2Femacs%2Fsite-lisp%2Flibidn%2F.. HTTP/1.1" 200 691 "-" "Mozilla/5.0 AppleWebKit/537.36 (KHTML, like Gecko; compatible; GPTBot/1.2; +https://openai.com/gptbot)"
20.171.207.162 - - [17/Jul/2025:11:47:23 -0400] "GET /de9ca2/?edit=libncurses%2B%2Bw.so&path=%2Fusr%2Flib64 HTTP/1.1" 200 21121 "-" "Mozilla/5.0 AppleWebKit/537.36 (KHTML, like Gecko; compatible; GPTBot/1.2; +https://openai.com/gptbot)"
20.171.207.162 - - [17/Jul/2025:11:47:24 -0400] "GET /de9ca2/?path=%2Fhome%2Fkatmhsmi%2Fpublic_html%2Fwp-content%2Fplugins%2Ferropix-hydrogen-pack%2Fvendor%2Ffreemius%2Fwordpress-sdk%2Fassets%2Fcss%2F.. HTTP/1.1" 200 833 "-" "Mozilla/5.0 AppleWebKit/537.36 (KHTML, like Gecko; compatible; GPTBot/1.2; +https://openai.com/gptbot)"
20.171.207.162 - - [17/Jul/2025:11:47:26 -0400] "GET /de9ca2/?path=%2Fusr%2Fshare%2Fcrypto-policies%2FFUTURE%2F.. HTTP/1.1" 200 768 "-" "Mozilla/5.0 AppleWebKit/537.36 (KHTML, like Gecko; compatible; GPTBot/1.2; +https://openai.com/gptbot)"
20.171.207.162 - - [17/Jul/2025:11:47:27 -0400] "GET /de9ca2/?path=%2Fhome%2Fkatmhsmi%2Fpublic_html%2Fwp-content%2Fplugins%2Ferropix-hydrogen-pack%2Fvendor%2Ffreemius%2Fwordpress-sdk%2Fassets%2Fimg%2F.. HTTP/1.1" 200 833 "-" "Mozilla/5.0 AppleWebKit/537.36 (KHTML, like Gecko; compatible; GPTBot/1.2; +https://openai.com/gptbot)"
20.171.207.162 - - [17/Jul/2025:11:47:28 -0400] "GET /de9ca2/?path=%2Flib64%2FImageMagick-6.9.13%2Fmodules-Q16 HTTP/1.1" 200 653 "-" "Mozilla/5.0 AppleWebKit/537.36 (KHTML, like Gecko; compatible; GPTBot/1.2; +https://openai.com/gptbot)"
20.171.207.162 - - [17/Jul/2025:11:47:29 -0400] "GET /de9ca2/?path=%2Fvar%2Flib%2Fmysql%2Fjobugcbb_wp39 HTTP/1.1" 200 597 "-" "Mozilla/5.0 AppleWebKit/537.36 (KHTML, like Gecko; compatible; GPTBot/1.2; +https://openai.com/gptbot)"
20.171.207.162 - - [17/Jul/2025:11:47:30 -0400] "GET /de9ca2/?path=%2Fvar%2Flib%2Fmysql%2Fsoapxgyj_vr78 HTTP/1.1" 200 597 "-" "Mozilla/5.0 AppleWebKit/537.36 (KHTML, like Gecko; compatible; GPTBot/1.2; +https://openai.com/gptbot)"
20.171.207.162 - - [17/Jul/2025:11:47:31 -0400] "GET /de9ca2/?path=%2Fvar%2Flib%2Fmysql%2Fjobugcbb_wp67 HTTP/1.1" 200 597 "-" "Mozilla/5.0 AppleWebKit/537.36 (KHTML, like Gecko; compatible; GPTBot/1.2; +https://openai.com/gptbot)"
66.249.74.110 - - [17/Jul/2025:11:47:32 -0400] "GET /treat113003180.html HTTP/1.1" 301 0 "-" "Mozilla/5.0 (Linux; Android 6.0.1; Nexus 5X Build/MMB29P) AppleWebKit/537.36 (KHTML, like Gecko) Chrome/137.0.7151.103 Mobile Safari/537.36 (compatible; Googlebot/2.1; +http://www.google.com/bot.html)"
66.249.74.110 - - [17/Jul/2025:11:47:32 -0400] "GET /inmate248009899.html HTTP/1.1" 301 0 "-" "Mozilla/5.0 (Linux; Android 6.0.1; Nexus 5X Build/MMB29P) AppleWebKit/537.36 (KHTML, like Gecko) Chrome/137.0.7151.103 Mobile Safari/537.36 (compatible; Googlebot/2.1; +http://www.google.com/bot.html)"
66.249.65.197 - - [17/Jul/2025:11:47:32 -0400] "GET /treat113003180.html HTTP/1.1" 404 4119 "-" "Mozilla/5.0 (Linux; Android 6.0.1; Nexus 5X Build/MMB29P) AppleWebKit/537.36 (KHTML, like Gecko) Chrome/137.0.7151.103 Mobile Safari/537.36 (compatible; Googlebot/2.1; +http://www.google.com/bot.html)"
20.171.207.162 - - [17/Jul/2025:11:47:33 -0400] "GET /de9ca2/?path=%2Fvar%2Flib%2Fmysql%2Fgofumaie_wp78 HTTP/1.1" 200 598 "-" "Mozilla/5.0 AppleWebKit/537.36 (KHTML, like Gecko; compatible; GPTBot/1.2; +https://openai.com/gptbot)"
66.249.65.197 - - [17/Jul/2025:11:47:32 -0400] "GET /inmate248009899.html HTTP/1.1" 404 4119 "-" "Mozilla/5.0 (Linux; Android 6.0.1; Nexus 5X Build/MMB29P) AppleWebKit/537.36 (KHTML, like Gecko) Chrome/137.0.7151.103 Mobile Safari/537.36 (compatible; Googlebot/2.1; +http://www.google.com/bot.html)"
20.171.207.162 - - [17/Jul/2025:11:47:34 -0400] "GET /de9ca2/?path=%2Fvar%2Flib%2Fmysql%2Fgofumaie_wp55 HTTP/1.1" 200 598 "-" "Mozilla/5.0 AppleWebKit/537.36 (KHTML, like Gecko; compatible; GPTBot/1.2; +https://openai.com/gptbot)"
20.171.207.162 - - [17/Jul/2025:11:47:35 -0400] "GET /de9ca2/?path=%2Fvar%2Flib%2Fmysql%2Faboukosf_wp91 HTTP/1.1" 200 595 "-" "Mozilla/5.0 AppleWebKit/537.36 (KHTML, like Gecko; compatible; GPTBot/1.2; +https://openai.com/gptbot)"
20.171.207.162 - - [17/Jul/2025:11:47:36 -0400] "GET /de9ca2/?path=%2Fvar%2Flib%2Fmysql%2Fneofdwnz_wp17 HTTP/1.1" 200 595 "-" "Mozilla/5.0 AppleWebKit/537.36 (KHTML, like Gecko; compatible; GPTBot/1.2; +https://openai.com/gptbot)"
20.171.207.162 - - [17/Jul/2025:11:47:38 -0400] "GET /de9ca2/?path=%2Fvar%2Flib%2Fmysql%2Fglobouvy_wp83 HTTP/1.1" 200 597 "-" "Mozilla/5.0 AppleWebKit/537.36 (KHTML, like Gecko; compatible; GPTBot/1.2; +https://openai.com/gptbot)"
20.171.207.162 - - [17/Jul/2025:11:47:39 -0400] "GET /de9ca2/?path=%2Fvar%2Flib%2Fmysql%2Fdiasgekj_wp70 HTTP/1.1" 200 596 "-" "Mozilla/5.0 AppleWebKit/537.36 (KHTML, like Gecko; compatible; GPTBot/1.2; +https://openai.com/gptbot)"
20.171.207.162 - - [17/Jul/2025:11:47:40 -0400] "GET /de9ca2/?path=%2Flib64%2FImageMagick-6.9.13%2Fmodules-Q16%2Ffilters HTTP/1.1" 200 705 "-" "Mozilla/5.0 AppleWebKit/537.36 (KHTML, like Gecko; compatible; GPTBot/1.2; +https://openai.com/gptbot)"
20.171.207.162 - - [17/Jul/2025:11:47:41 -0400] "GET /de9ca2/?path=%2Flib64%2FImageMagick-6.9.13%2Fmodules-Q16%2Fcoders HTTP/1.1" 200 2892 "-" "Mozilla/5.0 AppleWebKit/537.36 (KHTML, like Gecko; compatible; GPTBot/1.2; +https://openai.com/gptbot)"
20.171.207.162 - - [17/Jul/2025:11:47:42 -0400] "GET /de9ca2/?path=%2Flib64%2FImageMagick-6.9.13%2Fmodules-Q16%2F.. HTTP/1.1" 200 637 "-" "Mozilla/5.0 AppleWebKit/537.36 (KHTML, like Gecko; compatible; GPTBot/1.2; +https://openai.com/gptbot)"
20.171.207.162 - - [17/Jul/2025:11:47:43 -0400] "GET /de9ca2/?path=%2Fvar%2Flib%2Fmysql%2Fsilkebzg_wp40 HTTP/1.1" 200 596 "-" "Mozilla/5.0 AppleWebKit/537.36 (KHTML, like Gecko; compatible; GPTBot/1.2; +https://openai.com/gptbot)"
20.171.207.162 - - [17/Jul/2025:11:47:45 -0400] "GET /de9ca2/?path=%2Fvar%2Flib%2Fmysql%2Fglobouvy_wp40 HTTP/1.1" 200 597 "-" "Mozilla/5.0 AppleWebKit/537.36 (KHTML, like Gecko; compatible; GPTBot/1.2; +https://openai.com/gptbot)"
20.171.207.162 - - [17/Jul/2025:11:47:46 -0400] "GET /de9ca2/?path=%2Fvar%2Flib%2Fmysql%2Fedupxulz_wp37 HTTP/1.1" 200 597 "-" "Mozilla/5.0 AppleWebKit/537.36 (KHTML, like Gecko; compatible; GPTBot/1.2; +https://openai.com/gptbot)"
20.171.207.162 - - [17/Jul/2025:11:47:47 -0400] "GET /de9ca2/?path=%2Fvar%2Flib%2Fmysql%2Faboukosf_wp57 HTTP/1.1" 200 595 "-" "Mozilla/5.0 AppleWebKit/537.36 (KHTML, like Gecko; compatible; GPTBot/1.2; +https://openai.com/gptbot)"
20.171.207.162 - - [17/Jul/2025:11:47:48 -0400] "GET /de9ca2/?path=%2Fvar%2Flib%2Fmysql%2Fenclkshg_wp13 HTTP/1.1" 200 597 "-" "Mozilla/5.0 AppleWebKit/537.36 (KHTML, like Gecko; compatible; GPTBot/1.2; +https://openai.com/gptbot)"
20.171.207.162 - - [17/Jul/2025:11:47:49 -0400] "GET /de9ca2/?path=%2Fvar%2Flib%2Fmysql%2Fgoodyskt_wp69 HTTP/1.1" 200 598 "-" "Mozilla/5.0 AppleWebKit/537.36 (KHTML, like Gecko; compatible; GPTBot/1.2; +https://openai.com/gptbot)"
20.171.207.162 - - [17/Jul/2025:11:47:50 -0400] "GET /de9ca2/?path=%2Fvar%2Flib%2Fmysql%2Fgoodyskt_wp16 HTTP/1.1" 200 598 "-" "Mozilla/5.0 AppleWebKit/537.36 (KHTML, like Gecko; compatible; GPTBot/1.2; +https://openai.com/gptbot)"
20.171.207.162 - - [17/Jul/2025:11:47:52 -0400] "GET /de9ca2/?path=%2Fvar%2Flib%2Fmysql%2Foskrgvuw_wp39 HTTP/1.1" 200 598 "-" "Mozilla/5.0 AppleWebKit/537.36 (KHTML, like Gecko; compatible; GPTBot/1.2; +https://openai.com/gptbot)"
20.171.207.162 - - [17/Jul/2025:11:47:53 -0400] "GET /de9ca2/?path=%2Fvar%2Flib%2Fmysql%2Funetbfir_wp80 HTTP/1.1" 200 594 "-" "Mozilla/5.0 AppleWebKit/537.36 (KHTML, like Gecko; compatible; GPTBot/1.2; +https://openai.com/gptbot)"
20.171.207.162 - - [17/Jul/2025:11:47:54 -0400] "GET /de9ca2/?edit=vicar.so&path=%2Flib64%2FImageMagick-6.9.13%2Fmodules-Q16%2Fcoders HTTP/1.1" 200 2952 "-" "Mozilla/5.0 AppleWebKit/537.36 (KHTML, like Gecko; compatible; GPTBot/1.2; +https://openai.com/gptbot)"
20.171.207.162 - - [17/Jul/2025:11:47:55 -0400] "GET /de9ca2/?edit=xbm.la&path=%2Flib64%2FImageMagick-6.9.13%2Fmodules-Q16%2Fcoders HTTP/1.1" 200 3603 "-" "Mozilla/5.0 AppleWebKit/537.36 (KHTML, like Gecko; compatible; GPTBot/1.2; +https://openai.com/gptbot)"
20.171.207.162 - - [17/Jul/2025:11:47:56 -0400] "GET /de9ca2/?edit=sfw.la&path=%2Flib64%2FImageMagick-6.9.13%2Fmodules-Q16%2Fcoders HTTP/1.1" 200 3465 "-" "Mozilla/5.0 AppleWebKit/537.36 (KHTML, like Gecko; compatible; GPTBot/1.2; +https://openai.com/gptbot)"
20.171.207.162 - - [17/Jul/2025:11:47:57 -0400] "GET /de9ca2/?edit=video.la&path=%2Flib64%2FImageMagick-6.9.13%2Fmodules-Q16%2Fcoders HTTP/1.1" 200 3606 "-" "Mozilla/5.0 AppleWebKit/537.36 (KHTML, like Gecko; compatible; GPTBot/1.2; +https://openai.com/gptbot)"
20.171.207.162 - - [17/Jul/2025:11:47:59 -0400] "GET /de9ca2/?edit=video.so&path=%2Flib64%2FImageMagick-6.9.13%2Fmodules-Q16%2Fcoders HTTP/1.1" 200 2938 "-" "Mozilla/5.0 AppleWebKit/537.36 (KHTML, like Gecko; compatible; GPTBot/1.2; +https://openai.com/gptbot)"
20.171.207.162 - - [17/Jul/2025:11:48:00 -0400] "GET /de9ca2/?edit=ps3.la&path=%2Flib64%2FImageMagick-6.9.13%2Fmodules-Q16%2Fcoders HTTP/1.1" 200 3504 "-" "Mozilla/5.0 AppleWebKit/537.36 (KHTML, like Gecko; compatible; GPTBot/1.2; +https://openai.com/gptbot)"
20.171.207.162 - - [17/Jul/2025:11:48:01 -0400] "GET /de9ca2/?edit=viff.la&path=%2Flib64%2FImageMagick-6.9.13%2Fmodules-Q16%2Fcoders HTTP/1.1" 200 3565 "-" "Mozilla/5.0 AppleWebKit/537.36 (KHTML, like Gecko; compatible; GPTBot/1.2; +https://openai.com/gptbot)"
20.171.207.162 - - [17/Jul/2025:11:48:02 -0400] "GET /de9ca2/?edit=yuv.la&path=%2Flib64%2FImageMagick-6.9.13%2Fmodules-Q16%2Fcoders HTTP/1.1" 200 3463 "-" "Mozilla/5.0 AppleWebKit/537.36 (KHTML, like Gecko; compatible; GPTBot/1.2; +https://openai.com/gptbot)"
20.171.207.162 - - [17/Jul/2025:11:48:03 -0400] "GET /de9ca2/?edit=dpx.la&path=%2Flib64%2FImageMagick-6.9.13%2Fmodules-Q16%2Fcoders HTTP/1.1" 200 3471 "-" "Mozilla/5.0 AppleWebKit/537.36 (KHTML, like Gecko; compatible; GPTBot/1.2; +https://openai.com/gptbot)"
66.29.141.133 - - [17/Jul/2025:11:48:03 -0400] "POST /wp-cron.php?doing_wp_cron=1752767283.9034240245819091796875 HTTP/1.1" 403 1242 "-" "WordPress/6.8.2; https://www.katrynrose.com"
66.249.74.96 - - [17/Jul/2025:11:48:03 -0400] "GET /pcmypage?callback=/product%2Fdetail%21133004426 HTTP/1.1" 301 0 "-" "Mozilla/5.0 (Linux; Android 6.0.1; Nexus 5X Build/MMB29P) AppleWebKit/537.36 (KHTML, like Gecko) Chrome/137.0.7151.103 Mobile Safari/537.36 (compatible; Googlebot/2.1; +http://www.google.com/bot.html)"
66.249.65.197 - - [17/Jul/2025:11:48:04 -0400] "GET /pcmypage?callback=/product%2Fdetail%21133004426 HTTP/1.1" 404 4119 "-" "Mozilla/5.0 (Linux; Android 6.0.1; Nexus 5X Build/MMB29P) AppleWebKit/537.36 (KHTML, like Gecko) Chrome/137.0.7151.103 Mobile Safari/537.36 (compatible; Googlebot/2.1; +http://www.google.com/bot.html)"
20.171.207.162 - - [17/Jul/2025:11:48:04 -0400] "GET /de9ca2/?edit=dcm.la&path=%2Flib64%2FImageMagick-6.9.13%2Fmodules-Q16%2Fcoders HTTP/1.1" 200 3606 "-" "Mozilla/5.0 AppleWebKit/537.36 (KHTML, like Gecko; compatible; GPTBot/1.2; +https://openai.com/gptbot)"
20.171.207.162 - - [17/Jul/2025:11:48:05 -0400] "GET /de9ca2/?edit=null.la&path=%2Flib64%2FImageMagick-6.9.13%2Fmodules-Q16%2Fcoders HTTP/1.1" 200 3559 "-" "Mozilla/5.0 AppleWebKit/537.36 (KHTML, like Gecko; compatible; GPTBot/1.2; +https://openai.com/gptbot)"
20.171.207.162 - - [17/Jul/2025:11:48:07 -0400] "GET /de9ca2/?edit=cut.la&path=%2Flib64%2FImageMagick-6.9.13%2Fmodules-Q16%2Fcoders HTTP/1.1" 200 3494 "-" "Mozilla/5.0 AppleWebKit/537.36 (KHTML, like Gecko; compatible; GPTBot/1.2; +https://openai.com/gptbot)"
20.171.207.162 - - [17/Jul/2025:11:48:08 -0400] "GET /de9ca2/?edit=xwd.la&path=%2Flib64%2FImageMagick-6.9.13%2Fmodules-Q16%2Fcoders HTTP/1.1" 200 3529 "-" "Mozilla/5.0 AppleWebKit/537.36 (KHTML, like Gecko; compatible; GPTBot/1.2; +https://openai.com/gptbot)"
20.171.207.162 - - [17/Jul/2025:11:48:09 -0400] "GET /de9ca2/?edit=exr.la&path=%2Flib64%2FImageMagick-6.9.13%2Fmodules-Q16%2Fcoders HTTP/1.1" 200 3526 "-" "Mozilla/5.0 AppleWebKit/537.36 (KHTML, like Gecko; compatible; GPTBot/1.2; +https://openai.com/gptbot)"
20.171.207.162 - - [17/Jul/2025:11:48:10 -0400] "GET /de9ca2/?edit=svg.la&path=%2Flib64%2FImageMagick-6.9.13%2Fmodules-Q16%2Fcoders HTTP/1.1" 200 3508 "-" "Mozilla/5.0 AppleWebKit/537.36 (KHTML, like Gecko; compatible; GPTBot/1.2; +https://openai.com/gptbot)"
20.171.207.162 - - [17/Jul/2025:11:48:11 -0400] "GET /de9ca2/?edit=ipl.la&path=%2Flib64%2FImageMagick-6.9.13%2Fmodules-Q16%2Fcoders HTTP/1.1" 200 3465 "-" "Mozilla/5.0 AppleWebKit/537.36 (KHTML, like Gecko; compatible; GPTBot/1.2; +https://openai.com/gptbot)"
20.171.207.162 - - [17/Jul/2025:11:48:12 -0400] "GET /de9ca2/?edit=tim.la&path=%2Flib64%2FImageMagick-6.9.13%2Fmodules-Q16%2Fcoders HTTP/1.1" 200 3494 "-" "Mozilla/5.0 AppleWebKit/537.36 (KHTML, like Gecko; compatible; GPTBot/1.2; +https://openai.com/gptbot)"
20.171.207.162 - - [17/Jul/2025:11:48:14 -0400] "GET /de9ca2/?edit=miff.la&path=%2Flib64%2FImageMagick-6.9.13%2Fmodules-Q16%2Fcoders HTTP/1.1" 200 3521 "-" "Mozilla/5.0 AppleWebKit/537.36 (KHTML, like Gecko; compatible; GPTBot/1.2; +https://openai.com/gptbot)"
20.171.207.162 - - [17/Jul/2025:11:48:15 -0400] "GET /de9ca2/?edit=pict.la&path=%2Flib64%2FImageMagick-6.9.13%2Fmodules-Q16%2Fcoders HTTP/1.1" 200 3466 "-" "Mozilla/5.0 AppleWebKit/537.36 (KHTML, like Gecko; compatible; GPTBot/1.2; +https://openai.com/gptbot)"
20.171.207.162 - - [17/Jul/2025:11:48:16 -0400] "GET /de9ca2/?edit=hrz.la&path=%2Flib64%2FImageMagick-6.9.13%2Fmodules-Q16%2Fcoders HTTP/1.1" 200 3465 "-" "Mozilla/5.0 AppleWebKit/537.36 (KHTML, like Gecko; compatible; GPTBot/1.2; +https://openai.com/gptbot)"
20.171.207.162 - - [17/Jul/2025:11:48:17 -0400] "GET /de9ca2/?edit=pwp.la&path=%2Flib64%2FImageMagick-6.9.13%2Fmodules-Q16%2Fcoders HTTP/1.1" 200 3604 "-" "Mozilla/5.0 AppleWebKit/537.36 (KHTML, like Gecko; compatible; GPTBot/1.2; +https://openai.com/gptbot)"
20.171.207.162 - - [17/Jul/2025:11:48:18 -0400] "GET /de9ca2/?edit=bmp.la&path=%2Flib64%2FImageMagick-6.9.13%2Fmodules-Q16%2Fcoders HTTP/1.1" 200 3493 "-" "Mozilla/5.0 AppleWebKit/537.36 (KHTML, like Gecko; compatible; GPTBot/1.2; +https://openai.com/gptbot)"
20.171.207.162 - - [17/Jul/2025:11:48:19 -0400] "GET /de9ca2/?edit=gif.la&path=%2Flib64%2FImageMagick-6.9.13%2Fmodules-Q16%2Fcoders HTTP/1.1" 200 3494 "-" "Mozilla/5.0 AppleWebKit/537.36 (KHTML, like Gecko; compatible; GPTBot/1.2; +https://openai.com/gptbot)"
20.171.207.162 - - [17/Jul/2025:11:48:21 -0400] "GET /de9ca2/?edit=clip.la&path=%2Flib64%2FImageMagick-6.9.13%2Fmodules-Q16%2Fcoders HTTP/1.1" 200 3492 "-" "Mozilla/5.0 AppleWebKit/537.36 (KHTML, like Gecko; compatible; GPTBot/1.2; +https://openai.com/gptbot)"
20.171.207.162 - - [17/Jul/2025:11:48:22 -0400] "GET /de9ca2/?edit=mono.la&path=%2Flib64%2FImageMagick-6.9.13%2Fmodules-Q16%2Fcoders HTTP/1.1" 200 3568 "-" "Mozilla/5.0 AppleWebKit/537.36 (KHTML, like Gecko; compatible; GPTBot/1.2; +https://openai.com/gptbot)"
20.171.207.162 - - [17/Jul/2025:11:48:23 -0400] "GET /de9ca2/?edit=png.la&path=%2Flib64%2FImageMagick-6.9.13%2Fmodules-Q16%2Fcoders HTTP/1.1" 200 3625 "-" "Mozilla/5.0 AppleWebKit/537.36 (KHTML, like Gecko; compatible; GPTBot/1.2; +https://openai.com/gptbot)"
20.171.207.162 - - [17/Jul/2025:11:48:24 -0400] "GET /de9ca2/?edit=wmf.la&path=%2Flib64%2FImageMagick-6.9.13%2Fmodules-Q16%2Fcoders HTTP/1.1" 200 3628 "-" "Mozilla/5.0 AppleWebKit/537.36 (KHTML, like Gecko; compatible; GPTBot/1.2; +https://openai.com/gptbot)"
20.171.207.162 - - [17/Jul/2025:11:48:25 -0400] "GET /de9ca2/?edit=xps.la&path=%2Flib64%2FImageMagick-6.9.13%2Fmodules-Q16%2Fcoders HTTP/1.1" 200 3530 "-" "Mozilla/5.0 AppleWebKit/537.36 (KHTML, like Gecko; compatible; GPTBot/1.2; +https://openai.com/gptbot)"
20.171.207.162 - - [17/Jul/2025:11:48:26 -0400] "GET /de9ca2/?edit=avs.la&path=%2Flib64%2FImageMagick-6.9.13%2Fmodules-Q16%2Fcoders HTTP/1.1" 200 3605 "-" "Mozilla/5.0 AppleWebKit/537.36 (KHTML, like Gecko; compatible; GPTBot/1.2; +https://openai.com/gptbot)"
20.171.207.162 - - [17/Jul/2025:11:48:28 -0400] "GET /de9ca2/?edit=xcf.la&path=%2Flib64%2FImageMagick-6.9.13%2Fmodules-Q16%2Fcoders HTTP/1.1" 200 3557 "-" "Mozilla/5.0 AppleWebKit/537.36 (KHTML, like Gecko; compatible; GPTBot/1.2; +https://openai.com/gptbot)"
20.171.207.162 - - [17/Jul/2025:11:48:29 -0400] "GET /de9ca2/?edit=sgi.la&path=%2Flib64%2FImageMagick-6.9.13%2Fmodules-Q16%2Fcoders HTTP/1.1" 200 3558 "-" "Mozilla/5.0 AppleWebKit/537.36 (KHTML, like Gecko; compatible; GPTBot/1.2; +https://openai.com/gptbot)"
20.171.207.162 - - [17/Jul/2025:11:48:30 -0400] "GET /de9ca2/?edit=tga.la&path=%2Flib64%2FImageMagick-6.9.13%2Fmodules-Q16%2Fcoders HTTP/1.1" 200 3531 "-" "Mozilla/5.0 AppleWebKit/537.36 (KHTML, like Gecko; compatible; GPTBot/1.2; +https://openai.com/gptbot)"
20.171.207.162 - - [17/Jul/2025:11:48:31 -0400] "GET /de9ca2/?edit=wpg.la&path=%2Flib64%2FImageMagick-6.9.13%2Fmodules-Q16%2Fcoders HTTP/1.1" 200 3465 "-" "Mozilla/5.0 AppleWebKit/537.36 (KHTML, like Gecko; compatible; GPTBot/1.2; +https://openai.com/gptbot)"
20.171.207.162 - - [17/Jul/2025:11:48:32 -0400] "GET /de9ca2/?edit=dib.la&path=%2Flib64%2FImageMagick-6.9.13%2Fmodules-Q16%2Fcoders HTTP/1.1" 200 3494 "-" "Mozilla/5.0 AppleWebKit/537.36 (KHTML, like Gecko; compatible; GPTBot/1.2; +https://openai.com/gptbot)"
20.171.207.162 - - [17/Jul/2025:11:48:33 -0400] "GET /de9ca2/?edit=scr.la&path=%2Flib64%2FImageMagick-6.9.13%2Fmodules-Q16%2Fcoders HTTP/1.1" 200 3606 "-" "Mozilla/5.0 AppleWebKit/537.36 (KHTML, like Gecko; compatible; GPTBot/1.2; +https://openai.com/gptbot)"
20.171.207.162 - - [17/Jul/2025:11:48:34 -0400] "GET /de9ca2/?edit=jp2.la&path=%2Flib64%2FImageMagick-6.9.13%2Fmodules-Q16%2Fcoders HTTP/1.1" 200 3609 "-" "Mozilla/5.0 AppleWebKit/537.36 (KHTML, like Gecko; compatible; GPTBot/1.2; +https://openai.com/gptbot)"
20.171.207.162 - - [17/Jul/2025:11:48:36 -0400] "GET /de9ca2/?edit=raw.la&path=%2Flib64%2FImageMagick-6.9.13%2Fmodules-Q16%2Fcoders HTTP/1.1" 200 3493 "-" "Mozilla/5.0 AppleWebKit/537.36 (KHTML, like Gecko; compatible; GPTBot/1.2; +https://openai.com/gptbot)"
20.171.207.162 - - [17/Jul/2025:11:48:37 -0400] "GET /de9ca2/?edit=msl.la&path=%2Flib64%2FImageMagick-6.9.13%2Fmodules-Q16%2Fcoders HTTP/1.1" 200 3499 "-" "Mozilla/5.0 AppleWebKit/537.36 (KHTML, like Gecko; compatible; GPTBot/1.2; +https://openai.com/gptbot)"
20.171.207.162 - - [17/Jul/2025:11:48:38 -0400] "GET /de9ca2/?edit=cip.la&path=%2Flib64%2FImageMagick-6.9.13%2Fmodules-Q16%2Fcoders HTTP/1.1" 200 3467 "-" "Mozilla/5.0 AppleWebKit/537.36 (KHTML, like Gecko; compatible; GPTBot/1.2; +https://openai.com/gptbot)"
20.171.207.162 - - [17/Jul/2025:11:48:39 -0400] "GET /de9ca2/?edit=pcx.la&path=%2Flib64%2FImageMagick-6.9.13%2Fmodules-Q16%2Fcoders HTTP/1.1" 200 3469 "-" "Mozilla/5.0 AppleWebKit/537.36 (KHTML, like Gecko; compatible; GPTBot/1.2; +https://openai.com/gptbot)"
20.171.207.162 - - [17/Jul/2025:11:48:40 -0400] "GET /de9ca2/?edit=wbmp.la&path=%2Flib64%2FImageMagick-6.9.13%2Fmodules-Q16%2Fcoders HTTP/1.1" 200 3508 "-" "Mozilla/5.0 AppleWebKit/537.36 (KHTML, like Gecko; compatible; GPTBot/1.2; +https://openai.com/gptbot)"
20.171.207.162 - - [17/Jul/2025:11:48:41 -0400] "GET /de9ca2/?edit=webp.la&path=%2Flib64%2FImageMagick-6.9.13%2Fmodules-Q16%2Fcoders HTTP/1.1" 200 3475 "-" "Mozilla/5.0 AppleWebKit/537.36 (KHTML, like Gecko; compatible; GPTBot/1.2; +https://openai.com/gptbot)"
20.171.207.162 - - [17/Jul/2025:11:48:42 -0400] "GET /de9ca2/?edit=mpc.la&path=%2Flib64%2FImageMagick-6.9.13%2Fmodules-Q16%2Fcoders HTTP/1.1" 200 3557 "-" "Mozilla/5.0 AppleWebKit/537.36 (KHTML, like Gecko; compatible; GPTBot/1.2; +https://openai.com/gptbot)"
20.171.207.162 - - [17/Jul/2025:11:48:44 -0400] "GET /de9ca2/?edit=hald.la&path=%2Flib64%2FImageMagick-6.9.13%2Fmodules-Q16%2Fcoders HTTP/1.1" 200 3517 "-" "Mozilla/5.0 AppleWebKit/537.36 (KHTML, like Gecko; compatible; GPTBot/1.2; +https://openai.com/gptbot)"
20.171.207.162 - - [17/Jul/2025:11:48:45 -0400] "GET /de9ca2/?edit=rle.la&path=%2Flib64%2FImageMagick-6.9.13%2Fmodules-Q16%2Fcoders HTTP/1.1" 200 3604 "-" "Mozilla/5.0 AppleWebKit/537.36 (KHTML, like Gecko; compatible; GPTBot/1.2; +https://openai.com/gptbot)"
20.171.207.162 - - [17/Jul/2025:11:48:46 -0400] "GET /de9ca2/?edit=mtv.la&path=%2Flib64%2FImageMagick-6.9.13%2Fmodules-Q16%2Fcoders HTTP/1.1" 200 3556 "-" "Mozilla/5.0 AppleWebKit/537.36 (KHTML, like Gecko; compatible; GPTBot/1.2; +https://openai.com/gptbot)"
20.171.207.162 - - [17/Jul/2025:11:48:47 -0400] "GET /de9ca2/?edit=tile.la&path=%2Flib64%2FImageMagick-6.9.13%2Fmodules-Q16%2Fcoders HTTP/1.1" 200 3603 "-" "Mozilla/5.0 AppleWebKit/537.36 (KHTML, like Gecko; compatible; GPTBot/1.2; +https://openai.com/gptbot)"
20.171.207.162 - - [17/Jul/2025:11:48:48 -0400] "GET /de9ca2/?edit=vips.la&path=%2Flib64%2FImageMagick-6.9.13%2Fmodules-Q16%2Fcoders HTTP/1.1" 200 3465 "-" "Mozilla/5.0 AppleWebKit/537.36 (KHTML, like Gecko; compatible; GPTBot/1.2; +https://openai.com/gptbot)"
20.171.207.162 - - [17/Jul/2025:11:48:49 -0400] "GET /de9ca2/?edit=mvg.la&path=%2Flib64%2FImageMagick-6.9.13%2Fmodules-Q16%2Fcoders HTTP/1.1" 200 3466 "-" "Mozilla/5.0 AppleWebKit/537.36 (KHTML, like Gecko; compatible; GPTBot/1.2; +https://openai.com/gptbot)"
66.249.74.96 - - [17/Jul/2025:11:48:50 -0400] "GET /pcmypage?callback=/product%2Fdetail%2z353989152 HTTP/1.1" 403 1242 "-" "Mozilla/5.0 (Linux; Android 6.0.1; Nexus 5X Build/MMB29P) AppleWebKit/537.36 (KHTML, like Gecko) Chrome/137.0.7151.103 Mobile Safari/537.36 (compatible; Googlebot/2.1; +http://www.google.com/bot.html)"
20.171.207.162 - - [17/Jul/2025:11:48:50 -0400] "GET /de9ca2/?edit=sct.la&path=%2Flib64%2FImageMagick-6.9.13%2Fmodules-Q16%2Fcoders HTTP/1.1" 200 3465 "-" "Mozilla/5.0 AppleWebKit/537.36 (KHTML, like Gecko; compatible; GPTBot/1.2; +https://openai.com/gptbot)"
20.171.207.162 - - [17/Jul/2025:11:48:52 -0400] "GET /de9ca2/?edit=cmyk.la&path=%2Flib64%2FImageMagick-6.9.13%2Fmodules-Q16%2Fcoders HTTP/1.1" 200 3495 "-" "Mozilla/5.0 AppleWebKit/537.36 (KHTML, like Gecko; compatible; GPTBot/1.2; +https://openai.com/gptbot)"
20.171.207.162 - - [17/Jul/2025:11:48:53 -0400] "GET /de9ca2/?edit=fits.la&path=%2Flib64%2FImageMagick-6.9.13%2Fmodules-Q16%2Fcoders HTTP/1.1" 200 3493 "-" "Mozilla/5.0 AppleWebKit/537.36 (KHTML, like Gecko; compatible; GPTBot/1.2; +https://openai.com/gptbot)"
20.171.207.162 - - [17/Jul/2025:11:48:54 -0400] "GET /de9ca2/?edit=ept.la&path=%2Flib64%2FImageMagick-6.9.13%2Fmodules-Q16%2Fcoders HTTP/1.1" 200 3603 "-" "Mozilla/5.0 AppleWebKit/537.36 (KHTML, like Gecko; compatible; GPTBot/1.2; +https://openai.com/gptbot)"
20.171.207.162 - - [17/Jul/2025:11:48:55 -0400] "GET /de9ca2/?edit=ps2.la&path=%2Flib64%2FImageMagick-6.9.13%2Fmodules-Q16%2Fcoders HTTP/1.1" 200 3645 "-" "Mozilla/5.0 AppleWebKit/537.36 (KHTML, like Gecko; compatible; GPTBot/1.2; +https://openai.com/gptbot)"
20.171.207.162 - - [17/Jul/2025:11:48:56 -0400] "GET /de9ca2/?edit=pix.la&path=%2Flib64%2FImageMagick-6.9.13%2Fmodules-Q16%2Fcoders HTTP/1.1" 200 3604 "-" "Mozilla/5.0 AppleWebKit/537.36 (KHTML, like Gecko; compatible; GPTBot/1.2; +https://openai.com/gptbot)"
20.171.207.162 - - [17/Jul/2025:11:48:57 -0400] "GET /de9ca2/?edit=tiff.la&path=%2Flib64%2FImageMagick-6.9.13%2Fmodules-Q16%2Fcoders HTTP/1.1" 200 3640 "-" "Mozilla/5.0 AppleWebKit/537.36 (KHTML, like Gecko; compatible; GPTBot/1.2; +https://openai.com/gptbot)"
20.171.207.162 - - [17/Jul/2025:11:48:59 -0400] "GET /de9ca2/?edit=rgf.la&path=%2Flib64%2FImageMagick-6.9.13%2Fmodules-Q16%2Fcoders HTTP/1.1" 200 3557 "-" "Mozilla/5.0 AppleWebKit/537.36 (KHTML, like Gecko; compatible; GPTBot/1.2; +https://openai.com/gptbot)"
20.171.207.162 - - [17/Jul/2025:11:49:00 -0400] "GET /de9ca2/?edit=rgb.la&path=%2Flib64%2FImageMagick-6.9.13%2Fmodules-Q16%2Fcoders HTTP/1.1" 200 3493 "-" "Mozilla/5.0 AppleWebKit/537.36 (KHTML, like Gecko; compatible; GPTBot/1.2; +https://openai.com/gptbot)"
20.171.207.162 - - [17/Jul/2025:11:49:01 -0400] "GET /de9ca2/?edit=meta.la&path=%2Flib64%2FImageMagick-6.9.13%2Fmodules-Q16%2Fcoders HTTP/1.1" 200 3492 "-" "Mozilla/5.0 AppleWebKit/537.36 (KHTML, like Gecko; compatible; GPTBot/1.2; +https://openai.com/gptbot)"
20.171.207.162 - - [17/Jul/2025:11:49:02 -0400] "GET /de9ca2/?edit=txt.la&path=%2Flib64%2FImageMagick-6.9.13%2Fmodules-Q16%2Fcoders HTTP/1.1" 200 3603 "-" "Mozilla/5.0 AppleWebKit/537.36 (KHTML, like Gecko; compatible; GPTBot/1.2; +https://openai.com/gptbot)"
20.171.207.162 - - [17/Jul/2025:11:49:03 -0400] "GET /de9ca2/?edit=mask.la&path=%2Flib64%2FImageMagick-6.9.13%2Fmodules-Q16%2Fcoders HTTP/1.1" 200 3493 "-" "Mozilla/5.0 AppleWebKit/537.36 (KHTML, like Gecko; compatible; GPTBot/1.2; +https://openai.com/gptbot)"
20.171.207.162 - - [17/Jul/2025:11:49:04 -0400] "GET /de9ca2/?edit=jnx.la&path=%2Flib64%2FImageMagick-6.9.13%2Fmodules-Q16%2Fcoders HTTP/1.1" 200 3510 "-" "Mozilla/5.0 AppleWebKit/537.36 (KHTML, like Gecko; compatible; GPTBot/1.2; +https://openai.com/gptbot)"
20.171.207.162 - - [17/Jul/2025:11:49:06 -0400] "GET /de9ca2/?edit=dng.la&path=%2Flib64%2FImageMagick-6.9.13%2Fmodules-Q16%2Fcoders HTTP/1.1" 200 3508 "-" "Mozilla/5.0 AppleWebKit/537.36 (KHTML, like Gecko; compatible; GPTBot/1.2; +https://openai.com/gptbot)"
3.226.106.93 - - [17/Jul/2025:11:49:06 -0400] "GET /wp-adriv/?NA HTTP/1.1" 200 807 "-" "Mozilla/5.0 AppleWebKit/537.36 (KHTML, like Gecko; compatible; Amazonbot/0.1; +https://developer.amazon.com/support/amazonbot) Chrome/119.0.6045.214 Safari/537.36"
20.171.207.162 - - [17/Jul/2025:11:49:07 -0400] "GET /de9ca2/?edit=palm.la&path=%2Flib64%2FImageMagick-6.9.13%2Fmodules-Q16%2Fcoders HTTP/1.1" 200 3495 "-" "Mozilla/5.0 AppleWebKit/537.36 (KHTML, like Gecko; compatible; GPTBot/1.2; +https://openai.com/gptbot)"
20.171.207.162 - - [17/Jul/2025:11:49:08 -0400] "GET /de9ca2/?edit=rla.la&path=%2Flib64%2FImageMagick-6.9.13%2Fmodules-Q16%2Fcoders HTTP/1.1" 200 3605 "-" "Mozilla/5.0 AppleWebKit/537.36 (KHTML, like Gecko; compatible; GPTBot/1.2; +https://openai.com/gptbot)"
20.171.207.162 - - [17/Jul/2025:11:49:09 -0400] "GET /de9ca2/?edit=map.la&path=%2Flib64%2FImageMagick-6.9.13%2Fmodules-Q16%2Fcoders HTTP/1.1" 200 3605 "-" "Mozilla/5.0 AppleWebKit/537.36 (KHTML, like Gecko; compatible; GPTBot/1.2; +https://openai.com/gptbot)"
3.231.193.38 - - [17/Jul/2025:11:49:10 -0400] "GET /wp-includes/capabilities.php HTTP/1.1" 403 1242 "-" "Mozilla/5.0 AppleWebKit/537.36 (KHTML, like Gecko; compatible; Amazonbot/0.1; +https://developer.amazon.com/support/amazonbot) Chrome/119.0.6045.214 Safari/537.36"
20.171.207.162 - - [17/Jul/2025:11:49:10 -0400] "GET /de9ca2/?edit=mat.la&path=%2Flib64%2FImageMagick-6.9.13%2Fmodules-Q16%2Fcoders HTTP/1.1" 200 3473 "-" "Mozilla/5.0 AppleWebKit/537.36 (KHTML, like Gecko; compatible; GPTBot/1.2; +https://openai.com/gptbot)"
20.171.207.162 - - [17/Jul/2025:11:49:11 -0400] "GET /de9ca2/?edit=vid.la&path=%2Flib64%2FImageMagick-6.9.13%2Fmodules-Q16%2Fcoders HTTP/1.1" 200 3493 "-" "Mozilla/5.0 AppleWebKit/537.36 (KHTML, like Gecko; compatible; GPTBot/1.2; +https://openai.com/gptbot)"
20.171.207.162 - - [17/Jul/2025:11:49:12 -0400] "GET /de9ca2/?edit=xpm.la&path=%2Flib64%2FImageMagick-6.9.13%2Fmodules-Q16%2Fcoders HTTP/1.1" 200 3493 "-" "Mozilla/5.0 AppleWebKit/537.36 (KHTML, like Gecko; compatible; GPTBot/1.2; +https://openai.com/gptbot)"
100.25.120.246 - - [17/Jul/2025:11:49:14 -0400] "GET /wp-includes/ms-settings.php HTTP/1.1" 403 1242 "-" "Mozilla/5.0 AppleWebKit/537.36 (KHTML, like Gecko; compatible; Amazonbot/0.1; +https://developer.amazon.com/support/amazonbot) Chrome/119.0.6045.214 Safari/537.36"
20.171.207.162 - - [17/Jul/2025:11:49:14 -0400] "GET /de9ca2/?edit=pcl.la&path=%2Flib64%2FImageMagick-6.9.13%2Fmodules-Q16%2Fcoders HTTP/1.1" 200 3603 "-" "Mozilla/5.0 AppleWebKit/537.36 (KHTML, like Gecko; compatible; GPTBot/1.2; +https://openai.com/gptbot)"
20.171.207.162 - - [17/Jul/2025:11:49:15 -0400] "GET /de9ca2/?edit=pgx.la&path=%2Flib64%2FImageMagick-6.9.13%2Fmodules-Q16%2Fcoders HTTP/1.1" 200 3518 "-" "Mozilla/5.0 AppleWebKit/537.36 (KHTML, like Gecko; compatible; GPTBot/1.2; +https://openai.com/gptbot)"
20.171.207.162 - - [17/Jul/2025:11:49:16 -0400] "GET /de9ca2/?edit=mpr.la&path=%2Flib64%2FImageMagick-6.9.13%2Fmodules-Q16%2Fcoders HTTP/1.1" 200 3493 "-" "Mozilla/5.0 AppleWebKit/537.36 (KHTML, like Gecko; compatible; GPTBot/1.2; +https://openai.com/gptbot)"
20.171.207.162 - - [17/Jul/2025:11:49:17 -0400] "GET /de9ca2/?edit=mac.la&path=%2Flib64%2FImageMagick-6.9.13%2Fmodules-Q16%2Fcoders HTTP/1.1" 200 3493 "-" "Mozilla/5.0 AppleWebKit/537.36 (KHTML, like Gecko; compatible; GPTBot/1.2; +https://openai.com/gptbot)"
34.226.89.140 - - [17/Jul/2025:11:49:17 -0400] "GET /wp-includes/rest-api/search/ HTTP/1.1" 200 943 "-" "Mozilla/5.0 AppleWebKit/537.36 (KHTML, like Gecko; compatible; Amazonbot/0.1; +https://developer.amazon.com/support/amazonbot) Chrome/119.0.6045.214 Safari/537.36"
20.171.207.162 - - [17/Jul/2025:11:49:18 -0400] "GET /de9ca2/?edit=pcd.la&path=%2Flib64%2FImageMagick-6.9.13%2Fmodules-Q16%2Fcoders HTTP/1.1" 200 3604 "-" "Mozilla/5.0 AppleWebKit/537.36 (KHTML, like Gecko; compatible; GPTBot/1.2; +https://openai.com/gptbot)"
20.171.207.162 - - [17/Jul/2025:11:49:19 -0400] "GET /de9ca2/?edit=pes.la&path=%2Flib64%2FImageMagick-6.9.13%2Fmodules-Q16%2Fcoders HTTP/1.1" 200 3493 "-" "Mozilla/5.0 AppleWebKit/537.36 (KHTML, like Gecko; compatible; GPTBot/1.2; +https://openai.com/gptbot)"
20.171.207.162 - - [17/Jul/2025:11:49:21 -0400] "GET /de9ca2/?edit=sun.la&path=%2Flib64%2FImageMagick-6.9.13%2Fmodules-Q16%2Fcoders HTTP/1.1" 200 3604 "-" "Mozilla/5.0 AppleWebKit/537.36 (KHTML, like Gecko; compatible; GPTBot/1.2; +https://openai.com/gptbot)"
66.29.141.133 - - [17/Jul/2025:11:49:21 -0400] "POST /wp-cron.php?doing_wp_cron=1752767361.1227910518646240234375 HTTP/1.1" 403 1242 "-" "WordPress/6.8.2; https://www.katrynrose.com"
66.249.74.110 - - [17/Jul/2025:11:49:20 -0400] "GET /arena237012784.html HTTP/1.1" 301 0 "-" "Mozilla/5.0 (Linux; Android 6.0.1; Nexus 5X Build/MMB29P) AppleWebKit/537.36 (KHTML, like Gecko) Chrome/137.0.7151.103 Mobile Safari/537.36 (compatible; Googlebot/2.1; +http://www.google.com/bot.html)"
66.249.65.196 - - [17/Jul/2025:11:49:21 -0400] "GET /arena237012784.html HTTP/1.1" 404 4119 "-" "Mozilla/5.0 (Linux; Android 6.0.1; Nexus 5X Build/MMB29P) AppleWebKit/537.36 (KHTML, like Gecko) Chrome/137.0.7151.103 Mobile Safari/537.36 (compatible; Googlebot/2.1; +http://www.google.com/bot.html)"
50.19.221.48 - - [17/Jul/2025:11:49:21 -0400] "GET /wp-includes/http.php HTTP/1.1" 403 1242 "-" "Mozilla/5.0 AppleWebKit/537.36 (KHTML, like Gecko; compatible; Amazonbot/0.1; +https://developer.amazon.com/support/amazonbot) Chrome/119.0.6045.214 Safari/537.36"
20.171.207.162 - - [17/Jul/2025:11:49:22 -0400] "GET /de9ca2/?edit=uil.la&path=%2Flib64%2FImageMagick-6.9.13%2Fmodules-Q16%2Fcoders HTTP/1.1" 200 3603 "-" "Mozilla/5.0 AppleWebKit/537.36 (KHTML, like Gecko; compatible; GPTBot/1.2; +https://openai.com/gptbot)"
20.171.207.162 - - [17/Jul/2025:11:49:23 -0400] "GET /de9ca2/?edit=aai.la&path=%2Flib64%2FImageMagick-6.9.13%2Fmodules-Q16%2Fcoders HTTP/1.1" 200 3492 "-" "Mozilla/5.0 AppleWebKit/537.36 (KHTML, like Gecko; compatible; GPTBot/1.2; +https://openai.com/gptbot)"
20.171.207.162 - - [17/Jul/2025:11:49:24 -0400] "GET /de9ca2/?edit=ttf.la&path=%2Flib64%2FImageMagick-6.9.13%2Fmodules-Q16%2Fcoders HTTP/1.1" 200 3493 "-" "Mozilla/5.0 AppleWebKit/537.36 (KHTML, like Gecko; compatible; GPTBot/1.2; +https://openai.com/gptbot)"
3.218.103.254 - - [17/Jul/2025:11:49:25 -0400] "GET /wp-includes/customize/ HTTP/1.1" 200 2630 "-" "Mozilla/5.0 AppleWebKit/537.36 (KHTML, like Gecko; compatible; Amazonbot/0.1; +https://developer.amazon.com/support/amazonbot) Chrome/119.0.6045.214 Safari/537.36"
20.171.207.162 - - [17/Jul/2025:11:49:25 -0400] "GET /de9ca2/?edit=otb.la&path=%2Flib64%2FImageMagick-6.9.13%2Fmodules-Q16%2Fcoders HTTP/1.1" 200 3531 "-" "Mozilla/5.0 AppleWebKit/537.36 (KHTML, like Gecko; compatible; GPTBot/1.2; +https://openai.com/gptbot)"
20.171.207.162 - - [17/Jul/2025:11:49:26 -0400] "GET /de9ca2/?edit=jpeg.la&path=%2Flib64%2FImageMagick-6.9.13%2Fmodules-Q16%2Fcoders HTTP/1.1" 200 3611 "-" "Mozilla/5.0 AppleWebKit/537.36 (KHTML, like Gecko; compatible; GPTBot/1.2; +https://openai.com/gptbot)"
20.171.207.162 - - [17/Jul/2025:11:49:28 -0400] "GET /de9ca2/?edit=jbig.la&path=%2Flib64%2FImageMagick-6.9.13%2Fmodules-Q16%2Fcoders HTTP/1.1" 200 3498 "-" "Mozilla/5.0 AppleWebKit/537.36 (KHTML, like Gecko; compatible; GPTBot/1.2; +https://openai.com/gptbot)"
20.171.207.162 - - [17/Jul/2025:11:49:29 -0400] "GET /de9ca2/?edit=pdf.la&path=%2Flib64%2FImageMagick-6.9.13%2Fmodules-Q16%2Fcoders HTTP/1.1" 200 3577 "-" "Mozilla/5.0 AppleWebKit/537.36 (KHTML, like Gecko; compatible; GPTBot/1.2; +https://openai.com/gptbot)"
52.45.29.57 - - [17/Jul/2025:11:49:29 -0400] "GET /wp-includes/html-api/class-wp-html-processor.php HTTP/1.1" 403 1242 "-" "Mozilla/5.0 AppleWebKit/537.36 (KHTML, like Gecko; compatible; Amazonbot/0.1; +https://developer.amazon.com/support/amazonbot) Chrome/119.0.6045.214 Safari/537.36"
20.171.207.162 - - [17/Jul/2025:11:49:30 -0400] "GET /de9ca2/?edit=fax.la&path=%2Flib64%2FImageMagick-6.9.13%2Fmodules-Q16%2Fcoders HTTP/1.1" 200 3557 "-" "Mozilla/5.0 AppleWebKit/537.36 (KHTML, like Gecko; compatible; GPTBot/1.2; +https://openai.com/gptbot)"
20.171.207.162 - - [17/Jul/2025:11:49:31 -0400] "GET /de9ca2/?edit=psd.la&path=%2Flib64%2FImageMagick-6.9.13%2Fmodules-Q16%2Fcoders HTTP/1.1" 200 3493 "-" "Mozilla/5.0 AppleWebKit/537.36 (KHTML, like Gecko; compatible; GPTBot/1.2; +https://openai.com/gptbot)"
20.171.207.162 - - [17/Jul/2025:11:49:32 -0400] "GET /de9ca2/?edit=cin.la&path=%2Flib64%2FImageMagick-6.9.13%2Fmodules-Q16%2Fcoders HTTP/1.1" 200 3531 "-" "Mozilla/5.0 AppleWebKit/537.36 (KHTML, like Gecko; compatible; GPTBot/1.2; +https://openai.com/gptbot)"
20.171.207.162 - - [17/Jul/2025:11:49:33 -0400] "GET /de9ca2/?edit=pnm.la&path=%2Flib64%2FImageMagick-6.9.13%2Fmodules-Q16%2Fcoders HTTP/1.1" 200 3498 "-" "Mozilla/5.0 AppleWebKit/537.36 (KHTML, like Gecko; compatible; GPTBot/1.2; +https://openai.com/gptbot)"
3.221.50.71 - - [17/Jul/2025:11:49:34 -0400] "GET /wp-includes/html-api/class-wp-html-token.php HTTP/1.1" 403 1242 "-" "Mozilla/5.0 AppleWebKit/537.36 (KHTML, like Gecko; compatible; Amazonbot/0.1; +https://developer.amazon.com/support/amazonbot) Chrome/119.0.6045.214 Safari/537.36"
20.171.207.162 - - [17/Jul/2025:11:49:35 -0400] "GET /de9ca2/?edit=art.la&path=%2Flib64%2FImageMagick-6.9.13%2Fmodules-Q16%2Fcoders HTTP/1.1" 200 3493 "-" "Mozilla/5.0 AppleWebKit/537.36 (KHTML, like Gecko; compatible; GPTBot/1.2; +https://openai.com/gptbot)"
20.171.207.162 - - [17/Jul/2025:11:49:36 -0400] "GET /de9ca2/?edit=pdb.la&path=%2Flib64%2FImageMagick-6.9.13%2Fmodules-Q16%2Fcoders HTTP/1.1" 200 3509 "-" "Mozilla/5.0 AppleWebKit/537.36 (KHTML, like Gecko; compatible; GPTBot/1.2; +https://openai.com/gptbot)"
20.171.207.162 - - [17/Jul/2025:11:49:37 -0400] "GET /de9ca2/?edit=dds.la&path=%2Flib64%2FImageMagick-6.9.13%2Fmodules-Q16%2Fcoders HTTP/1.1" 200 3492 "-" "Mozilla/5.0 AppleWebKit/537.36 (KHTML, like Gecko; compatible; GPTBot/1.2; +https://openai.com/gptbot)"
23.21.228.180 - - [17/Jul/2025:11:49:37 -0400] "GET /wp-includes/class-wp-list-util.php HTTP/1.1" 403 1242 "-" "Mozilla/5.0 AppleWebKit/537.36 (KHTML, like Gecko; compatible; Amazonbot/0.1; +https://developer.amazon.com/support/amazonbot) Chrome/119.0.6045.214 Safari/537.36"
20.171.207.162 - - [17/Jul/2025:11:49:38 -0400] "GET /de9ca2/?edit=gray.la&path=%2Flib64%2FImageMagick-6.9.13%2Fmodules-Q16%2Fcoders HTTP/1.1" 200 3466 "-" "Mozilla/5.0 AppleWebKit/537.36 (KHTML, like Gecko; compatible; GPTBot/1.2; +https://openai.com/gptbot)"
20.171.207.162 - - [17/Jul/2025:11:49:39 -0400] "GET /de9ca2/?edit=icon.la&path=%2Flib64%2FImageMagick-6.9.13%2Fmodules-Q16%2Fcoders HTTP/1.1" 200 3603 "-" "Mozilla/5.0 AppleWebKit/537.36 (KHTML, like Gecko; compatible; GPTBot/1.2; +https://openai.com/gptbot)"
20.171.207.162 - - [17/Jul/2025:11:49:40 -0400] "GET /de9ca2/?edit=dot.la&path=%2Flib64%2FImageMagick-6.9.13%2Fmodules-Q16%2Fcoders HTTP/1.1" 200 3481 "-" "Mozilla/5.0 AppleWebKit/537.36 (KHTML, like Gecko; compatible; GPTBot/1.2; +https://openai.com/gptbot)"
20.171.207.162 - - [17/Jul/2025:11:49:42 -0400] "GET /de9ca2/?edit=cals.la&path=%2Flib64%2FImageMagick-6.9.13%2Fmodules-Q16%2Fcoders HTTP/1.1" 200 3491 "-" "Mozilla/5.0 AppleWebKit/537.36 (KHTML, like Gecko; compatible; GPTBot/1.2; +https://openai.com/gptbot)"
54.163.136.244 - - [17/Jul/2025:11:49:42 -0400] "GET /wp-includes/class-wp-simplepie-sanitize-kses.php HTTP/1.1" 403 1242 "-" "Mozilla/5.0 AppleWebKit/537.36 (KHTML, like Gecko; compatible; Amazonbot/0.1; +https://developer.amazon.com/support/amazonbot) Chrome/119.0.6045.214 Safari/537.36"
20.171.207.162 - - [17/Jul/2025:11:49:43 -0400] "GET /de9ca2/?edit=hdr.la&path=%2Flib64%2FImageMagick-6.9.13%2Fmodules-Q16%2Fcoders HTTP/1.1" 200 3524 "-" "Mozilla/5.0 AppleWebKit/537.36 (KHTML, like Gecko; compatible; GPTBot/1.2; +https://openai.com/gptbot)"
20.171.207.162 - - [17/Jul/2025:11:49:44 -0400] "GET /de9ca2/?edit=uyvy.la&path=%2Flib64%2FImageMagick-6.9.13%2Fmodules-Q16%2Fcoders HTTP/1.1" 200 3495 "-" "Mozilla/5.0 AppleWebKit/537.36 (KHTML, like Gecko; compatible; GPTBot/1.2; +https://openai.com/gptbot)"
20.171.207.162 - - [17/Jul/2025:11:49:45 -0400] "GET /de9ca2/?edit=bgr.la&path=%2Flib64%2FImageMagick-6.9.13%2Fmodules-Q16%2Fcoders HTTP/1.1" 200 3493 "-" "Mozilla/5.0 AppleWebKit/537.36 (KHTML, like Gecko; compatible; GPTBot/1.2; +https://openai.com/gptbot)"
3.213.213.161 - - [17/Jul/2025:11:49:45 -0400] "GET /wp-includes/block-patterns/query-small-posts.php HTTP/1.1" 403 1242 "-" "Mozilla/5.0 AppleWebKit/537.36 (KHTML, like Gecko; compatible; Amazonbot/0.1; +https://developer.amazon.com/support/amazonbot) Chrome/119.0.6045.214 Safari/537.36"
20.171.207.162 - - [17/Jul/2025:11:49:46 -0400] "GET /de9ca2/?edit=ycbcr.la&path=%2Flib64%2FImageMagick-6.9.13%2Fmodules-Q16%2Fcoders HTTP/1.1" 200 3494 "-" "Mozilla/5.0 AppleWebKit/537.36 (KHTML, like Gecko; compatible; GPTBot/1.2; +https://openai.com/gptbot)"
20.171.207.162 - - [17/Jul/2025:11:49:47 -0400] "GET /de9ca2/?edit=sixel.la&path=%2Flib64%2FImageMagick-6.9.13%2Fmodules-Q16%2Fcoders HTTP/1.1" 200 3467 "-" "Mozilla/5.0 AppleWebKit/537.36 (KHTML, like Gecko; compatible; GPTBot/1.2; +https://openai.com/gptbot)"
20.171.207.162 - - [17/Jul/2025:11:49:48 -0400] "GET /de9ca2/?edit=debug.la&path=%2Flib64%2FImageMagick-6.9.13%2Fmodules-Q16%2Fcoders HTTP/1.1" 200 3495 "-" "Mozilla/5.0 AppleWebKit/537.36 (KHTML, like Gecko; compatible; GPTBot/1.2; +https://openai.com/gptbot)"
3.213.46.222 - - [17/Jul/2025:11:49:49 -0400] "GET /de9ca2/?path=/home/katmhsmi/katrynrose.com/cgi-bin HTTP/1.1" 200 718 "-" "Mozilla/5.0 AppleWebKit/537.36 (KHTML, like Gecko; compatible; Amazonbot/0.1; +https://developer.amazon.com/support/amazonbot) Chrome/119.0.6045.214 Safari/537.36"
20.171.207.162 - - [17/Jul/2025:11:49:50 -0400] "GET /de9ca2/?edit=label.la&path=%2Flib64%2FImageMagick-6.9.13%2Fmodules-Q16%2Fcoders HTTP/1.1" 200 3562 "-" "Mozilla/5.0 AppleWebKit/537.36 (KHTML, like Gecko; compatible; GPTBot/1.2; +https://openai.com/gptbot)"
20.171.207.162 - - [17/Jul/2025:11:49:51 -0400] "GET /de9ca2/?edit=matte.la&path=%2Flib64%2FImageMagick-6.9.13%2Fmodules-Q16%2Fcoders HTTP/1.1" 200 3470 "-" "Mozilla/5.0 AppleWebKit/537.36 (KHTML, like Gecko; compatible; GPTBot/1.2; +https://openai.com/gptbot)"
20.171.207.162 - - [17/Jul/2025:11:49:52 -0400] "GET /de9ca2/?edit=vicar.la&path=%2Flib64%2FImageMagick-6.9.13%2Fmodules-Q16%2Fcoders HTTP/1.1" 200 3498 "-" "Mozilla/5.0 AppleWebKit/537.36 (KHTML, like Gecko; compatible; GPTBot/1.2; +https://openai.com/gptbot)"
66.249.74.110 - - [17/Jul/2025:11:49:52 -0400] "GET /sensitivity228001343.html HTTP/1.1" 301 0 "-" "Mozilla/5.0 (Linux; Android 6.0.1; Nexus 5X Build/MMB29P) AppleWebKit/537.36 (KHTML, like Gecko) Chrome/137.0.7151.103 Mobile Safari/537.36 (compatible; Googlebot/2.1; +http://www.google.com/bot.html)"
66.249.65.196 - - [17/Jul/2025:11:49:52 -0400] "GET /sensitivity228001343.html HTTP/1.1" 404 4119 "-" "Mozilla/5.0 (Linux; Android 6.0.1; Nexus 5X Build/MMB29P) AppleWebKit/537.36 (KHTML, like Gecko) Chrome/137.0.7151.103 Mobile Safari/537.36 (compatible; Googlebot/2.1; +http://www.google.com/bot.html)"
20.171.207.162 - - [17/Jul/2025:11:49:53 -0400] "GET /de9ca2/?edit=pango.la&path=%2Flib64%2FImageMagick-6.9.13%2Fmodules-Q16%2Fcoders HTTP/1.1" 200 3593 "-" "Mozilla/5.0 AppleWebKit/537.36 (KHTML, like Gecko; compatible; GPTBot/1.2; +https://openai.com/gptbot)"
44.221.227.90 - - [17/Jul/2025:11:49:54 -0400] "GET /wp-includes/l10n/?MA HTTP/1.1" 200 957 "-" "Mozilla/5.0 AppleWebKit/537.36 (KHTML, like Gecko; compatible; Amazonbot/0.1; +https://developer.amazon.com/support/amazonbot) Chrome/119.0.6045.214 Safari/537.36"
20.171.207.162 - - [17/Jul/2025:11:49:54 -0400] "GET /de9ca2/?edit=xc.la&path=%2Flib64%2FImageMagick-6.9.13%2Fmodules-Q16%2Fcoders HTTP/1.1" 200 3496 "-" "Mozilla/5.0 AppleWebKit/537.36 (KHTML, like Gecko; compatible; GPTBot/1.2; +https://openai.com/gptbot)"
20.171.207.162 - - [17/Jul/2025:11:49:55 -0400] "GET /de9ca2/?edit=ps.la&path=%2Flib64%2FImageMagick-6.9.13%2Fmodules-Q16%2Fcoders HTTP/1.1" 200 3559 "-" "Mozilla/5.0 AppleWebKit/537.36 (KHTML, like Gecko; compatible; GPTBot/1.2; +https://openai.com/gptbot)"
20.171.207.162 - - [17/Jul/2025:11:49:57 -0400] "GET /de9ca2/?path=%2Fvar%2Flib%2Fmysql%2Fjobugcbb_wp19 HTTP/1.1" 200 597 "-" "Mozilla/5.0 AppleWebKit/537.36 (KHTML, like Gecko; compatible; GPTBot/1.2; +https://openai.com/gptbot)"
54.166.104.83 - - [17/Jul/2025:11:49:57 -0400] "GET /de9ca2/?edit=wp-activate.php&path=/home/katmhsmi/katrynrose.com HTTP/1.1" 200 4349 "-" "Mozilla/5.0 AppleWebKit/537.36 (KHTML, like Gecko; compatible; Amazonbot/0.1; +https://developer.amazon.com/support/amazonbot) Chrome/119.0.6045.214 Safari/537.36"
20.171.207.162 - - [17/Jul/2025:11:49:58 -0400] "GET /de9ca2/?path=%2Fvar%2Flib%2Fmysql%2Fcpinfkaw_wp54 HTTP/1.1" 200 595 "-" "Mozilla/5.0 AppleWebKit/537.36 (KHTML, like Gecko; compatible; GPTBot/1.2; +https://openai.com/gptbot)"
20.171.207.162 - - [17/Jul/2025:11:49:59 -0400] "GET /de9ca2/?path=%2Fvar%2Flib%2Fmysql%2Fcyrfkhpj_wp34 HTTP/1.1" 200 598 "-" "Mozilla/5.0 AppleWebKit/537.36 (KHTML, like Gecko; compatible; GPTBot/1.2; +https://openai.com/gptbot)"
20.171.207.162 - - [17/Jul/2025:11:50:00 -0400] "GET /de9ca2/?path=%2Fvar%2Flib%2Fmysql%2Fusmadnto_wp76 HTTP/1.1" 200 595 "-" "Mozilla/5.0 AppleWebKit/537.36 (KHTML, like Gecko; compatible; GPTBot/1.2; +https://openai.com/gptbot)"
54.235.172.96 - - [17/Jul/2025:11:50:01 -0400] "GET /de9ca2/?edit=readme.html&path=/home/katmhsmi/katrynrose.com HTTP/1.1" 200 4893 "-" "Mozilla/5.0 AppleWebKit/537.36 (KHTML, like Gecko; compatible; Amazonbot/0.1; +https://developer.amazon.com/support/amazonbot) Chrome/119.0.6045.214 Safari/537.36"
20.171.207.162 - - [17/Jul/2025:11:50:01 -0400] "GET /de9ca2/?path=%2Fvar%2Flib%2Fmysql%2Fenclkshg_wp38 HTTP/1.1" 200 597 "-" "Mozilla/5.0 AppleWebKit/537.36 (KHTML, like Gecko; compatible; GPTBot/1.2; +https://openai.com/gptbot)"
20.171.207.162 - - [17/Jul/2025:11:50:02 -0400] "GET /de9ca2/?path=%2Fvar%2Flib%2Fmysql%2Fgoodyskt_wp78 HTTP/1.1" 200 598 "-" "Mozilla/5.0 AppleWebKit/537.36 (KHTML, like Gecko; compatible; GPTBot/1.2; +https://openai.com/gptbot)"
20.171.207.162 - - [17/Jul/2025:11:50:04 -0400] "GET /de9ca2/?edit=install.php&path=%2Fvar%2Fsoftaculous%2Fdotcl HTTP/1.1" 200 4403 "-" "Mozilla/5.0 AppleWebKit/537.36 (KHTML, like Gecko; compatible; GPTBot/1.2; +https://openai.com/gptbot)"
20.171.207.162 - - [17/Jul/2025:11:50:05 -0400] "GET /de9ca2/?edit=install.php&path=%2Fvar%2Fsoftaculous%2Fetano HTTP/1.1" 200 6078 "-" "Mozilla/5.0 AppleWebKit/537.36 (KHTML, like Gecko; compatible; GPTBot/1.2; +https://openai.com/gptbot)"
20.171.207.162 - - [17/Jul/2025:11:50:06 -0400] "GET /de9ca2/?edit=install.php&path=%2Fvar%2Fsoftaculous%2Fdolph HTTP/1.1" 200 13837 "-" "Mozilla/5.0 AppleWebKit/537.36 (KHTML, like Gecko; compatible; GPTBot/1.2; +https://openai.com/gptbot)"
34.192.125.239 - - [17/Jul/2025:11:50:06 -0400] "GET /de9ca2/?edit=.gemrc&path=/home/katmhsmi HTTP/1.1" 200 1463 "-" "Mozilla/5.0 AppleWebKit/537.36 (KHTML, like Gecko; compatible; Amazonbot/0.1; +https://developer.amazon.com/support/amazonbot) Chrome/119.0.6045.214 Safari/537.36"
20.171.207.162 - - [17/Jul/2025:11:50:07 -0400] "GET /de9ca2/?edit=install.php&path=%2Fvar%2Fsoftaculous%2Fprado HTTP/1.1" 200 2899 "-" "Mozilla/5.0 AppleWebKit/537.36 (KHTML, like Gecko; compatible; GPTBot/1.2; +https://openai.com/gptbot)"
20.171.207.162 - - [17/Jul/2025:11:50:08 -0400] "GET /de9ca2/?edit=install.php&path=%2Fvar%2Fsoftaculous%2Fricar HTTP/1.1" 200 4333 "-" "Mozilla/5.0 AppleWebKit/537.36 (KHTML, like Gecko; compatible; GPTBot/1.2; +https://openai.com/gptbot)"
20.171.207.162 - - [17/Jul/2025:11:50:09 -0400] "GET /de9ca2/?edit=install.php&path=%2Fvar%2Fsoftaculous%2Fospos HTTP/1.1" 200 4405 "-" "Mozilla/5.0 AppleWebKit/537.36 (KHTML, like Gecko; compatible; GPTBot/1.2; +https://openai.com/gptbot)"
20.171.207.162 - - [17/Jul/2025:11:50:11 -0400] "GET /de9ca2/?edit=install.php&path=%2Fvar%2Fsoftaculous%2Fepesi HTTP/1.1" 200 5045 "-" "Mozilla/5.0 AppleWebKit/537.36 (KHTML, like Gecko; compatible; GPTBot/1.2; +https://openai.com/gptbot)"
20.171.207.162 - - [17/Jul/2025:11:50:12 -0400] "GET /de9ca2/?edit=install.php&path=%2Fvar%2Fsoftaculous%2Fpaste HTTP/1.1" 200 4109 "-" "Mozilla/5.0 AppleWebKit/537.36 (KHTML, like Gecko; compatible; GPTBot/1.2; +https://openai.com/gptbot)"
20.171.207.162 - - [17/Jul/2025:11:50:13 -0400] "GET /de9ca2/?edit=install.php&path=%2Fvar%2Fsoftaculous%2Filias HTTP/1.1" 200 8721 "-" "Mozilla/5.0 AppleWebKit/537.36 (KHTML, like Gecko; compatible; GPTBot/1.2; +https://openai.com/gptbot)"
20.171.207.162 - - [17/Jul/2025:11:50:14 -0400] "GET /de9ca2/?edit=install.php&path=%2Fvar%2Fsoftaculous%2Fostic HTTP/1.1" 200 6606 "-" "Mozilla/5.0 AppleWebKit/537.36 (KHTML, like Gecko; compatible; GPTBot/1.2; +https://openai.com/gptbot)"
20.171.207.162 - - [17/Jul/2025:11:50:15 -0400] "GET /de9ca2/?edit=install.php&path=%2Fvar%2Fsoftaculous%2Focart HTTP/1.1" 200 5277 "-" "Mozilla/5.0 AppleWebKit/537.36 (KHTML, like Gecko; compatible; GPTBot/1.2; +https://openai.com/gptbot)"
