51.75.119.161 - - [17/Jul/2025:12:11:14 -0400] "GET /de9ca2/?path=/home/katmhsmi/lifecoachbostonma.com/wp-includes/Requests/Exception/HTTP&edit=305.php HTTP/1.1" 200 1230 "-" "Mozilla/5.0 (compatible; MJ12bot/v1.4.8; http://mj12bot.com/)"
20.171.207.162 - - [17/Jul/2025:12:11:15 -0400] "GET /de9ca2/?path=%2Fusr%2Fshare%2Flocale%2Fmy%2FLC_MESSAGES HTTP/1.1" 200 833 "-" "Mozilla/5.0 AppleWebKit/537.36 (KHTML, like Gecko; compatible; GPTBot/1.2; +https://openai.com/gptbot)"
51.75.119.161 - - [17/Jul/2025:12:11:16 -0400] "GET /de9ca2/?path=/home/katmhsmi/lifecoachbostonma.com/wp-includes/Requests/Exception/HTTP&edit=306.php HTTP/1.1" 200 1237 "-" "Mozilla/5.0 (compatible; MJ12bot/v1.4.8; http://mj12bot.com/)"
20.171.207.162 - - [17/Jul/2025:12:11:17 -0400] "GET /de9ca2/?path=%2Fusr%2Fshare%2Flocale%2Fnv%2FLC_MESSAGES HTTP/1.1" 200 706 "-" "Mozilla/5.0 AppleWebKit/537.36 (KHTML, like Gecko; compatible; GPTBot/1.2; +https://openai.com/gptbot)"
18.214.138.148 - - [17/Jul/2025:12:11:17 -0400] "GET /de9ca2/?edit=error_log&path=/home/katmhsmi/katrynrose.com HTTP/1.1" 200 2428 "-" "Mozilla/5.0 AppleWebKit/537.36 (KHTML, like Gecko; compatible; Amazonbot/0.1; +https://developer.amazon.com/support/amazonbot) Chrome/119.0.6045.214 Safari/537.36"
51.75.119.161 - - [17/Jul/2025:12:11:18 -0400] "GET /de9ca2/?path=/home/katmhsmi/lifecoachbostonma.com/wp-includes/Requests/Exception/HTTP&edit=400.php HTTP/1.1" 200 1226 "-" "Mozilla/5.0 (compatible; MJ12bot/v1.4.8; http://mj12bot.com/)"
20.171.207.162 - - [17/Jul/2025:12:11:18 -0400] "GET /de9ca2/?path=%2Fusr%2Fshare%2Flocale%2Fmn%2FLC_MESSAGES%2F.. HTTP/1.1" 200 643 "-" "Mozilla/5.0 AppleWebKit/537.36 (KHTML, like Gecko; compatible; GPTBot/1.2; +https://openai.com/gptbot)"
20.171.207.162 - - [17/Jul/2025:12:11:19 -0400] "GET /de9ca2/?path=%2Fusr%2Fshare%2Flocale%2Ftk%2FLC_MESSAGES HTTP/1.1" 200 773 "-" "Mozilla/5.0 AppleWebKit/537.36 (KHTML, like Gecko; compatible; GPTBot/1.2; +https://openai.com/gptbot)"
51.75.119.161 - - [17/Jul/2025:12:11:19 -0400] "GET /de9ca2/?path=/home/katmhsmi/lifecoachbostonma.com/wp-includes/Requests/Exception/HTTP&edit=401.php HTTP/1.1" 200 1230 "-" "Mozilla/5.0 (compatible; MJ12bot/v1.4.8; http://mj12bot.com/)"
20.171.207.162 - - [17/Jul/2025:12:11:20 -0400] "GET /de9ca2/?path=%2Fusr%2Fshare%2Flocale%2Fbg%2FLC_MESSAGES%2F.. HTTP/1.1" 200 656 "-" "Mozilla/5.0 AppleWebKit/537.36 (KHTML, like Gecko; compatible; GPTBot/1.2; +https://openai.com/gptbot)"
51.75.119.161 - - [17/Jul/2025:12:11:21 -0400] "GET /de9ca2/?path=/home/katmhsmi/lifecoachbostonma.com/wp-includes/Requests/Exception/HTTP&edit=402.php HTTP/1.1" 200 1234 "-" "Mozilla/5.0 (compatible; MJ12bot/v1.4.8; http://mj12bot.com/)"
20.171.207.162 - - [17/Jul/2025:12:11:21 -0400] "GET /de9ca2/?path=%2Fusr%2Fshare%2Flocale%2Fiu%2FLC_MESSAGES%2F.. HTTP/1.1" 200 642 "-" "Mozilla/5.0 AppleWebKit/537.36 (KHTML, like Gecko; compatible; GPTBot/1.2; +https://openai.com/gptbot)"
51.75.119.161 - - [17/Jul/2025:12:11:22 -0400] "GET /de9ca2/?path=/home/katmhsmi/lifecoachbostonma.com/wp-includes/Requests/Exception/HTTP&edit=403.php HTTP/1.1" 200 1227 "-" "Mozilla/5.0 (compatible; MJ12bot/v1.4.8; http://mj12bot.com/)"
20.171.207.162 - - [17/Jul/2025:12:11:22 -0400] "GET /de9ca2/?path=%2Fusr%2Fshare%2Flocale%2Fzu%2FLC_MESSAGES%2F.. HTTP/1.1" 200 643 "-" "Mozilla/5.0 AppleWebKit/537.36 (KHTML, like Gecko; compatible; GPTBot/1.2; +https://openai.com/gptbot)"
20.171.207.162 - - [17/Jul/2025:12:11:24 -0400] "GET /de9ca2/?path=%2Fusr%2Fshare%2Flocale%2Fsv%2FLC_MESSAGES%2F.. HTTP/1.1" 200 657 "-" "Mozilla/5.0 AppleWebKit/537.36 (KHTML, like Gecko; compatible; GPTBot/1.2; +https://openai.com/gptbot)"
51.75.119.161 - - [17/Jul/2025:12:11:24 -0400] "GET /de9ca2/?path=/home/katmhsmi/lifecoachbostonma.com/wp-includes/Requests/Exception/HTTP&edit=404.php HTTP/1.1" 200 1228 "-" "Mozilla/5.0 (compatible; MJ12bot/v1.4.8; http://mj12bot.com/)"
20.171.207.162 - - [17/Jul/2025:12:11:25 -0400] "GET /de9ca2/?path=%2Fusr%2Fshare%2Flocale%2Fms%2FLC_MESSAGES%2F.. HTTP/1.1" 200 655 "-" "Mozilla/5.0 AppleWebKit/537.36 (KHTML, like Gecko; compatible; GPTBot/1.2; +https://openai.com/gptbot)"
51.75.119.161 - - [17/Jul/2025:12:11:26 -0400] "GET /de9ca2/?path=/home/katmhsmi/lifecoachbostonma.com/wp-includes/Requests/Exception/HTTP&edit=406.php HTTP/1.1" 200 1236 "-" "Mozilla/5.0 (compatible; MJ12bot/v1.4.8; http://mj12bot.com/)"
20.171.207.162 - - [17/Jul/2025:12:11:26 -0400] "GET /de9ca2/?path=%2Fusr%2Fshare%2Flocale%2Fbo%2FLC_MESSAGES%2F.. HTTP/1.1" 200 643 "-" "Mozilla/5.0 AppleWebKit/537.36 (KHTML, like Gecko; compatible; GPTBot/1.2; +https://openai.com/gptbot)"
20.171.207.162 - - [17/Jul/2025:12:11:27 -0400] "GET /de9ca2/?path=%2Fusr%2Fshare%2Flocale%2Fhi%2FLC_MESSAGES%2F.. HTTP/1.1" 200 642 "-" "Mozilla/5.0 AppleWebKit/537.36 (KHTML, like Gecko; compatible; GPTBot/1.2; +https://openai.com/gptbot)"
51.75.119.161 - - [17/Jul/2025:12:11:27 -0400] "GET /de9ca2/?path=/home/katmhsmi/lifecoachbostonma.com/wp-includes/Requests/Exception/HTTP&edit=407.php HTTP/1.1" 200 1246 "-" "Mozilla/5.0 (compatible; MJ12bot/v1.4.8; http://mj12bot.com/)"
20.171.207.162 - - [17/Jul/2025:12:11:28 -0400] "GET /de9ca2/?path=%2Fusr%2Fshare%2Flocale%2Fnv%2FLC_MESSAGES%2F.. HTTP/1.1" 200 644 "-" "Mozilla/5.0 AppleWebKit/537.36 (KHTML, like Gecko; compatible; GPTBot/1.2; +https://openai.com/gptbot)"
51.75.119.161 - - [17/Jul/2025:12:11:29 -0400] "GET /de9ca2/?path=/home/katmhsmi/lifecoachbostonma.com/wp-includes/Requests/Exception/HTTP&edit=408.php HTTP/1.1" 200 1232 "-" "Mozilla/5.0 (compatible; MJ12bot/v1.4.8; http://mj12bot.com/)"
20.171.207.162 - - [17/Jul/2025:12:11:29 -0400] "GET /de9ca2/?path=%2Fusr%2Fshare%2Flocale%2Fmy%2FLC_MESSAGES%2F.. HTTP/1.1" 200 643 "-" "Mozilla/5.0 AppleWebKit/537.36 (KHTML, like Gecko; compatible; GPTBot/1.2; +https://openai.com/gptbot)"
51.75.119.161 - - [17/Jul/2025:12:11:30 -0400] "GET /de9ca2/?path=/home/katmhsmi/lifecoachbostonma.com/wp-includes/Requests/Exception/HTTP&edit=409.php HTTP/1.1" 200 1231 "-" "Mozilla/5.0 (compatible; MJ12bot/v1.4.8; http://mj12bot.com/)"
20.171.207.162 - - [17/Jul/2025:12:11:31 -0400] "GET /de9ca2/?path=%2Fusr%2Fshare%2Flocale%2Ftk%2FLC_MESSAGES%2F.. HTTP/1.1" 200 644 "-" "Mozilla/5.0 AppleWebKit/537.36 (KHTML, like Gecko; compatible; GPTBot/1.2; +https://openai.com/gptbot)"
20.171.207.162 - - [17/Jul/2025:12:11:32 -0400] "GET /de9ca2/?edit=systemd.mo&path=%2Fusr%2Fshare%2Flocale%2Fbg%2FLC_MESSAGES HTTP/1.1" 200 1611 "-" "Mozilla/5.0 AppleWebKit/537.36 (KHTML, like Gecko; compatible; GPTBot/1.2; +https://openai.com/gptbot)"
51.75.119.161 - - [17/Jul/2025:12:11:32 -0400] "GET /de9ca2/?path=/home/katmhsmi/lifecoachbostonma.com/wp-includes/Requests/Exception/HTTP&edit=410.php HTTP/1.1" 200 1226 "-" "Mozilla/5.0 (compatible; MJ12bot/v1.4.8; http://mj12bot.com/)"
20.171.207.162 - - [17/Jul/2025:12:11:33 -0400] "GET /de9ca2/?path=%2Fusr%2Fshare%2Flocale%2Ftn%2FLC_MESSAGES HTTP/1.1" 200 645 "-" "Mozilla/5.0 AppleWebKit/537.36 (KHTML, like Gecko; compatible; GPTBot/1.2; +https://openai.com/gptbot)"
51.75.119.161 - - [17/Jul/2025:12:11:34 -0400] "GET /de9ca2/?path=/home/katmhsmi/lifecoachbostonma.com/wp-includes/Requests/Exception/HTTP&edit=411.php HTTP/1.1" 200 1236 "-" "Mozilla/5.0 (compatible; MJ12bot/v1.4.8; http://mj12bot.com/)"
20.171.207.162 - - [17/Jul/2025:12:11:34 -0400] "GET /de9ca2/?path=%2Fusr%2Fshare%2Flocale%2Fdv%2FLC_MESSAGES HTTP/1.1" 200 704 "-" "Mozilla/5.0 AppleWebKit/537.36 (KHTML, like Gecko; compatible; GPTBot/1.2; +https://openai.com/gptbot)"
51.75.119.161 - - [17/Jul/2025:12:11:35 -0400] "GET /de9ca2/?path=/home/katmhsmi/lifecoachbostonma.com/wp-includes/Requests/Exception/HTTP&edit=412.php HTTP/1.1" 200 1236 "-" "Mozilla/5.0 (compatible; MJ12bot/v1.4.8; http://mj12bot.com/)"
20.171.207.162 - - [17/Jul/2025:12:11:35 -0400] "GET /de9ca2/?path=%2Fusr%2Fshare%2Flocale%2Fkk%2FLC_MESSAGES HTTP/1.1" 200 987 "-" "Mozilla/5.0 AppleWebKit/537.36 (KHTML, like Gecko; compatible; GPTBot/1.2; +https://openai.com/gptbot)"
20.171.207.162 - - [17/Jul/2025:12:11:36 -0400] "GET /de9ca2/?path=%2Fusr%2Fshare%2Flocale%2Fsw%2FLC_MESSAGES HTTP/1.1" 200 718 "-" "Mozilla/5.0 AppleWebKit/537.36 (KHTML, like Gecko; compatible; GPTBot/1.2; +https://openai.com/gptbot)"
51.75.119.161 - - [17/Jul/2025:12:11:37 -0400] "GET /de9ca2/?path=/home/katmhsmi/lifecoachbostonma.com/wp-includes/Requests/Exception/HTTP&edit=413.php HTTP/1.1" 200 1242 "-" "Mozilla/5.0 (compatible; MJ12bot/v1.4.8; http://mj12bot.com/)"
20.171.207.162 - - [17/Jul/2025:12:11:37 -0400] "GET /de9ca2/?path=%2Fusr%2Fshare%2Flocale%2Fbo%2FLC_MESSAGES%2F.. HTTP/1.1" 200 643 "-" "Mozilla/5.0 AppleWebKit/537.36 (KHTML, like Gecko; compatible; GPTBot/1.2; +https://openai.com/gptbot)"
51.75.119.161 - - [17/Jul/2025:12:11:38 -0400] "GET /de9ca2/?path=/home/katmhsmi/lifecoachbostonma.com/wp-includes/Requests/Exception/HTTP&edit=414.php HTTP/1.1" 200 1238 "-" "Mozilla/5.0 (compatible; MJ12bot/v1.4.8; http://mj12bot.com/)"
20.171.207.162 - - [17/Jul/2025:12:11:39 -0400] "GET /de9ca2/?path=%2Fusr%2Fshare%2Flocale%2Fom%2FLC_MESSAGES HTTP/1.1" 200 645 "-" "Mozilla/5.0 AppleWebKit/537.36 (KHTML, like Gecko; compatible; GPTBot/1.2; +https://openai.com/gptbot)"
51.75.119.161 - - [17/Jul/2025:12:11:40 -0400] "GET /de9ca2/?path=/home/katmhsmi/lifecoachbostonma.com/wp-includes/Requests/Exception/HTTP&edit=415.php HTTP/1.1" 200 1235 "-" "Mozilla/5.0 (compatible; MJ12bot/v1.4.8; http://mj12bot.com/)"
20.171.207.162 - - [17/Jul/2025:12:11:40 -0400] "GET /de9ca2/?path=%2Fusr%2Fshare%2Flocale%2Foj%2FLC_MESSAGES HTTP/1.1" 200 646 "-" "Mozilla/5.0 AppleWebKit/537.36 (KHTML, like Gecko; compatible; GPTBot/1.2; +https://openai.com/gptbot)"
20.171.207.162 - - [17/Jul/2025:12:11:41 -0400] "GET /de9ca2/?path=%2Fusr%2Fshare%2Flocale%2Fkl%2FLC_MESSAGES HTTP/1.1" 200 702 "-" "Mozilla/5.0 AppleWebKit/537.36 (KHTML, like Gecko; compatible; GPTBot/1.2; +https://openai.com/gptbot)"
51.75.119.161 - - [17/Jul/2025:12:11:41 -0400] "GET /de9ca2/?path=/home/katmhsmi/lifecoachbostonma.com/wp-includes/Requests/Exception/HTTP&edit=416.php HTTP/1.1" 200 1245 "-" "Mozilla/5.0 (compatible; MJ12bot/v1.4.8; http://mj12bot.com/)"
20.171.207.162 - - [17/Jul/2025:12:11:42 -0400] "GET /de9ca2/?path=%2Fusr%2Fshare%2Flocale%2Fcy%2FLC_MESSAGES HTTP/1.1" 200 1011 "-" "Mozilla/5.0 AppleWebKit/537.36 (KHTML, like Gecko; compatible; GPTBot/1.2; +https://openai.com/gptbot)"
51.75.119.161 - - [17/Jul/2025:12:11:43 -0400] "GET /de9ca2/?path=/home/katmhsmi/lifecoachbostonma.com/wp-includes/Requests/Exception/HTTP&edit=417.php HTTP/1.1" 200 1236 "-" "Mozilla/5.0 (compatible; MJ12bot/v1.4.8; http://mj12bot.com/)"
20.171.207.162 - - [17/Jul/2025:12:11:43 -0400] "GET /de9ca2/?path=%2Fusr%2Fshare%2Flocale%2Fko%2FLC_MESSAGES HTTP/1.1" 200 1767 "-" "Mozilla/5.0 AppleWebKit/537.36 (KHTML, like Gecko; compatible; GPTBot/1.2; +https://openai.com/gptbot)"
51.75.119.161 - - [17/Jul/2025:12:11:44 -0400] "GET /de9ca2/?path=/home/katmhsmi/lifecoachbostonma.com/wp-includes/Requests/Exception/HTTP&edit=418.php HTTP/1.1" 200 1270 "-" "Mozilla/5.0 (compatible; MJ12bot/v1.4.8; http://mj12bot.com/)"
20.171.207.162 - - [17/Jul/2025:12:11:44 -0400] "GET /de9ca2/?path=%2Fusr%2Fshare%2Flocale%2Fig%2FLC_MESSAGES HTTP/1.1" 200 646 "-" "Mozilla/5.0 AppleWebKit/537.36 (KHTML, like Gecko; compatible; GPTBot/1.2; +https://openai.com/gptbot)"
20.171.207.162 - - [17/Jul/2025:12:11:46 -0400] "GET /de9ca2/?path=%2Fusr%2Fshare%2Flocale%2Ftn%2FLC_MESSAGES%2F.. HTTP/1.1" 200 643 "-" "Mozilla/5.0 AppleWebKit/537.36 (KHTML, like Gecko; compatible; GPTBot/1.2; +https://openai.com/gptbot)"
51.75.119.161 - - [17/Jul/2025:12:11:46 -0400] "GET /de9ca2/?path=/home/katmhsmi/lifecoachbostonma.com/wp-includes/Requests/Exception/HTTP&edit=428.php HTTP/1.1" 200 1270 "-" "Mozilla/5.0 (compatible; MJ12bot/v1.4.8; http://mj12bot.com/)"
20.171.207.162 - - [17/Jul/2025:12:11:47 -0400] "GET /de9ca2/?path=%2Fusr%2Fshare%2Flocale%2Fdv%2FLC_MESSAGES%2F.. HTTP/1.1" 200 644 "-" "Mozilla/5.0 AppleWebKit/537.36 (KHTML, like Gecko; compatible; GPTBot/1.2; +https://openai.com/gptbot)"
51.75.119.161 - - [17/Jul/2025:12:11:47 -0400] "GET /de9ca2/?path=/home/katmhsmi/lifecoachbostonma.com/wp-includes/Requests/Exception/HTTP&edit=429.php HTTP/1.1" 200 1281 "-" "Mozilla/5.0 (compatible; MJ12bot/v1.4.8; http://mj12bot.com/)"
20.171.207.162 - - [17/Jul/2025:12:11:48 -0400] "GET /de9ca2/?path=%2Fusr%2Fshare%2Flocale%2Fkk%2FLC_MESSAGES%2F.. HTTP/1.1" 200 656 "-" "Mozilla/5.0 AppleWebKit/537.36 (KHTML, like Gecko; compatible; GPTBot/1.2; +https://openai.com/gptbot)"
51.75.119.161 - - [17/Jul/2025:12:11:49 -0400] "GET /de9ca2/?path=/home/katmhsmi/lifecoachbostonma.com/wp-includes/Requests/Exception/HTTP&edit=431.php HTTP/1.1" 200 1278 "-" "Mozilla/5.0 (compatible; MJ12bot/v1.4.8; http://mj12bot.com/)"
20.171.207.162 - - [17/Jul/2025:12:11:49 -0400] "GET /de9ca2/?path=%2Fusr%2Fshare%2Flocale%2Fsw%2FLC_MESSAGES%2F.. HTTP/1.1" 200 643 "-" "Mozilla/5.0 AppleWebKit/537.36 (KHTML, like Gecko; compatible; GPTBot/1.2; +https://openai.com/gptbot)"
20.171.207.162 - - [17/Jul/2025:12:11:50 -0400] "GET /de9ca2/?path=%2Fusr%2Fshare%2Flocale%2Fom%2FLC_MESSAGES%2F.. HTTP/1.1" 200 643 "-" "Mozilla/5.0 AppleWebKit/537.36 (KHTML, like Gecko; compatible; GPTBot/1.2; +https://openai.com/gptbot)"
51.75.119.161 - - [17/Jul/2025:12:11:50 -0400] "GET /de9ca2/?path=/home/katmhsmi/lifecoachbostonma.com/wp-includes/Requests/Exception/HTTP&edit=500.php HTTP/1.1" 200 1236 "-" "Mozilla/5.0 (compatible; MJ12bot/v1.4.8; http://mj12bot.com/)"
20.171.207.162 - - [17/Jul/2025:12:11:51 -0400] "GET /de9ca2/?path=%2Fusr%2Fshare%2Flocale%2Foj%2FLC_MESSAGES%2F.. HTTP/1.1" 200 644 "-" "Mozilla/5.0 AppleWebKit/537.36 (KHTML, like Gecko; compatible; GPTBot/1.2; +https://openai.com/gptbot)"
51.75.119.161 - - [17/Jul/2025:12:11:52 -0400] "GET /de9ca2/?path=/home/katmhsmi/lifecoachbostonma.com/wp-includes/Requests/Exception/HTTP&edit=501.php HTTP/1.1" 200 1235 "-" "Mozilla/5.0 (compatible; MJ12bot/v1.4.8; http://mj12bot.com/)"
20.171.207.162 - - [17/Jul/2025:12:11:53 -0400] "GET /de9ca2/?path=%2Fusr%2Fshare%2Flocale%2Fkl%2FLC_MESSAGES%2F.. HTTP/1.1" 200 643 "-" "Mozilla/5.0 AppleWebKit/537.36 (KHTML, like Gecko; compatible; GPTBot/1.2; +https://openai.com/gptbot)"
51.75.119.161 - - [17/Jul/2025:12:11:53 -0400] "GET /de9ca2/?path=/home/katmhsmi/lifecoachbostonma.com/wp-includes/Requests/Exception/HTTP&edit=502.php HTTP/1.1" 200 1233 "-" "Mozilla/5.0 (compatible; MJ12bot/v1.4.8; http://mj12bot.com/)"
20.171.207.162 - - [17/Jul/2025:12:11:54 -0400] "GET /de9ca2/?path=%2Fusr%2Fshare%2Flocale%2Fcy%2FLC_MESSAGES%2F.. HTTP/1.1" 200 643 "-" "Mozilla/5.0 AppleWebKit/537.36 (KHTML, like Gecko; compatible; GPTBot/1.2; +https://openai.com/gptbot)"
20.171.207.162 - - [17/Jul/2025:12:11:55 -0400] "GET /de9ca2/?path=%2Fusr%2Fshare%2Flocale%2Fhz%2FLC_MESSAGES HTTP/1.1" 200 645 "-" "Mozilla/5.0 AppleWebKit/537.36 (KHTML, like Gecko; compatible; GPTBot/1.2; +https://openai.com/gptbot)"
51.75.119.161 - - [17/Jul/2025:12:11:55 -0400] "GET /de9ca2/?path=/home/katmhsmi/lifecoachbostonma.com/wp-includes/Requests/Exception/HTTP&edit=503.php HTTP/1.1" 200 1233 "-" "Mozilla/5.0 (compatible; MJ12bot/v1.4.8; http://mj12bot.com/)"
20.171.207.162 - - [17/Jul/2025:12:11:56 -0400] "GET /de9ca2/?path=%2Fusr%2Fshare%2Flocale%2Fit%2FLC_MESSAGES HTTP/1.1" 200 2237 "-" "Mozilla/5.0 AppleWebKit/537.36 (KHTML, like Gecko; compatible; GPTBot/1.2; +https://openai.com/gptbot)"
51.75.119.161 - - [17/Jul/2025:12:11:57 -0400] "GET /de9ca2/?path=/home/katmhsmi/lifecoachbostonma.com/wp-includes/Requests/Exception/HTTP&edit=504.php HTTP/1.1" 200 1235 "-" "Mozilla/5.0 (compatible; MJ12bot/v1.4.8; http://mj12bot.com/)"
20.171.207.162 - - [17/Jul/2025:12:11:57 -0400] "GET /de9ca2/?path=%2Fusr%2Fshare%2Flocale%2Fko%2FLC_MESSAGES%2F.. HTTP/1.1" 200 656 "-" "Mozilla/5.0 AppleWebKit/537.36 (KHTML, like Gecko; compatible; GPTBot/1.2; +https://openai.com/gptbot)"
66.29.141.133 - - [17/Jul/2025:12:11:58 -0400] "POST /wp-cron.php?doing_wp_cron=1752768718.0382781028747558593750 HTTP/1.1" 403 1242 "-" "WordPress/6.8.2; https://www.katrynrose.com"
204.12.252.98 - - [17/Jul/2025:12:11:57 -0400] "GET /wp-content/install.php HTTP/1.1" 301 0 "https://katrynrose.com/wp-content/install.php" "Mozilla/5.0 (Windows NT 10.0; Win64; x64) AppleWebKit/537.36 (KHTML, like Gecko) Chrome/58.0.3029.110 Safari/537.3"
204.12.252.98 - - [17/Jul/2025:12:11:58 -0400] "GET /wp-content/install.php HTTP/1.1" 404 4119 "https://katrynrose.com/wp-content/install.php" "Mozilla/5.0 (Windows NT 10.0; Win64; x64) AppleWebKit/537.36 (KHTML, like Gecko) Chrome/58.0.3029.110 Safari/537.3"
51.75.119.161 - - [17/Jul/2025:12:11:58 -0400] "GET /de9ca2/?path=/home/katmhsmi/lifecoachbostonma.com/wp-includes/Requests/Exception/HTTP&edit=505.php HTTP/1.1" 200 1242 "-" "Mozilla/5.0 (compatible; MJ12bot/v1.4.8; http://mj12bot.com/)"
20.171.207.162 - - [17/Jul/2025:12:11:58 -0400] "GET /de9ca2/?path=%2Fusr%2Fshare%2Flocale%2Fig%2FLC_MESSAGES%2F.. HTTP/1.1" 200 643 "-" "Mozilla/5.0 AppleWebKit/537.36 (KHTML, like Gecko; compatible; GPTBot/1.2; +https://openai.com/gptbot)"
20.171.207.162 - - [17/Jul/2025:12:11:59 -0400] "GET /de9ca2/?path=%2Fusr%2Fshare%2Flocale%2Fgu%2FLC_MESSAGES HTTP/1.1" 200 1130 "-" "Mozilla/5.0 AppleWebKit/537.36 (KHTML, like Gecko; compatible; GPTBot/1.2; +https://openai.com/gptbot)"
51.75.119.161 - - [17/Jul/2025:12:11:59 -0400] "GET /de9ca2/?path=/home/katmhsmi/lifecoachbostonma.com/wp-includes/Requests/Exception/HTTP&edit=511.php HTTP/1.1" 200 1279 "-" "Mozilla/5.0 (compatible; MJ12bot/v1.4.8; http://mj12bot.com/)"
20.171.207.162 - - [17/Jul/2025:12:12:00 -0400] "GET /de9ca2/?path=%2Fusr%2Fshare%2Flocale%2Fio%2FLC_MESSAGES HTTP/1.1" 200 741 "-" "Mozilla/5.0 AppleWebKit/537.36 (KHTML, like Gecko; compatible; GPTBot/1.2; +https://openai.com/gptbot)"
51.75.119.161 - - [17/Jul/2025:12:12:01 -0400] "GET /de9ca2/?path=/home/katmhsmi/lifecoachbostonma.com/wp-includes/Requests/Exception/HTTP&edit=Unknown.php HTTP/1.1" 200 1464 "-" "Mozilla/5.0 (compatible; MJ12bot/v1.4.8; http://mj12bot.com/)"
20.171.207.162 - - [17/Jul/2025:12:12:02 -0400] "GET /de9ca2/?path=%2Fusr%2Fshare%2Flocale%2Fcv%2FLC_MESSAGES HTTP/1.1" 200 705 "-" "Mozilla/5.0 AppleWebKit/537.36 (KHTML, like Gecko; compatible; GPTBot/1.2; +https://openai.com/gptbot)"
51.75.119.161 - - [17/Jul/2025:12:12:03 -0400] "GET /de9ca2/?path=/home/katmhsmi/lifecoachbostonma.com/wp-includes/Requests/Exception/HTTP/.. HTTP/1.1" 200 773 "-" "Mozilla/5.0 (compatible; MJ12bot/v1.4.8; http://mj12bot.com/)"
20.171.207.162 - - [17/Jul/2025:12:12:03 -0400] "GET /de9ca2/?path=%2Fusr%2Fshare%2Flocale%2Fbr%2FLC_MESSAGES HTTP/1.1" 200 900 "-" "Mozilla/5.0 AppleWebKit/537.36 (KHTML, like Gecko; compatible; GPTBot/1.2; +https://openai.com/gptbot)"
20.171.207.162 - - [17/Jul/2025:12:12:04 -0400] "GET /de9ca2/?path=%2Fusr%2Fshare%2Flocale%2Fku%2FLC_MESSAGES HTTP/1.1" 200 902 "-" "Mozilla/5.0 AppleWebKit/537.36 (KHTML, like Gecko; compatible; GPTBot/1.2; +https://openai.com/gptbot)"
51.75.119.161 - - [17/Jul/2025:12:12:04 -0400] "GET /de9ca2/?path=/home/katmhsmi/lifecoachbostonma.com/wp-includes/Requests/Exception/Transport&edit=cURL.php HTTP/1.1" 200 1193 "-" "Mozilla/5.0 (compatible; MJ12bot/v1.4.8; http://mj12bot.com/)"
20.171.207.162 - - [17/Jul/2025:12:12:05 -0400] "GET /de9ca2/?path=%2Fusr%2Fshare%2Flocale%2Fmo%2FLC_MESSAGES HTTP/1.1" 200 705 "-" "Mozilla/5.0 AppleWebKit/537.36 (KHTML, like Gecko; compatible; GPTBot/1.2; +https://openai.com/gptbot)"
51.75.119.161 - - [17/Jul/2025:12:12:06 -0400] "GET /de9ca2/?path=/home/katmhsmi/lifecoachbostonma.com/wp-includes/Requests/Exception/Transport/.. HTTP/1.1" 200 773 "-" "Mozilla/5.0 (compatible; MJ12bot/v1.4.8; http://mj12bot.com/)"
20.171.207.162 - - [17/Jul/2025:12:12:06 -0400] "GET /de9ca2/?path=%2Fusr%2Fshare%2Flocale%2Fhz%2FLC_MESSAGES%2F.. HTTP/1.1" 200 643 "-" "Mozilla/5.0 AppleWebKit/537.36 (KHTML, like Gecko; compatible; GPTBot/1.2; +https://openai.com/gptbot)"
51.75.119.161 - - [17/Jul/2025:12:12:07 -0400] "GET /de9ca2/?path=/home/katmhsmi/lifecoachbostonma.com/wp-includes/SimplePie/Content/Type&edit=Sniffer.php HTTP/1.1" 200 3319 "-" "Mozilla/5.0 (compatible; MJ12bot/v1.4.8; http://mj12bot.com/)"
20.171.207.162 - - [17/Jul/2025:12:12:08 -0400] "GET /de9ca2/?path=%2Fusr%2Fshare%2Flocale%2Fkn%2FLC_MESSAGES HTTP/1.1" 200 1116 "-" "Mozilla/5.0 AppleWebKit/537.36 (KHTML, like Gecko; compatible; GPTBot/1.2; +https://openai.com/gptbot)"
20.171.207.162 - - [17/Jul/2025:12:12:09 -0400] "GET /de9ca2/?path=%2Fusr%2Fshare%2Flocale%2Fit%2FLC_MESSAGES%2F.. HTTP/1.1" 200 655 "-" "Mozilla/5.0 AppleWebKit/537.36 (KHTML, like Gecko; compatible; GPTBot/1.2; +https://openai.com/gptbot)"
51.75.119.161 - - [17/Jul/2025:12:12:09 -0400] "GET /de9ca2/?path=/home/katmhsmi/lifecoachbostonma.com/wp-includes/SimplePie/Content/Type/.. HTTP/1.1" 200 694 "-" "Mozilla/5.0 (compatible; MJ12bot/v1.4.8; http://mj12bot.com/)"
20.171.207.162 - - [17/Jul/2025:12:12:10 -0400] "GET /de9ca2/?path=%2Fusr%2Fshare%2Flocale%2Fkw%2FLC_MESSAGES HTTP/1.1" 200 728 "-" "Mozilla/5.0 AppleWebKit/537.36 (KHTML, like Gecko; compatible; GPTBot/1.2; +https://openai.com/gptbot)"
51.75.119.161 - - [17/Jul/2025:12:12:10 -0400] "GET /de9ca2/?path=/home/katmhsmi/lifecoachbostonma.com/wp-includes/SimplePie/Decode/HTML&edit=Entities.php HTTP/1.1" 200 5486 "-" "Mozilla/5.0 (compatible; MJ12bot/v1.4.8; http://mj12bot.com/)"
20.171.207.162 - - [17/Jul/2025:12:12:11 -0400] "GET /de9ca2/?path=%2Fusr%2Fshare%2Flocale%2Fgu%2FLC_MESSAGES%2F.. HTTP/1.1" 200 644 "-" "Mozilla/5.0 AppleWebKit/537.36 (KHTML, like Gecko; compatible; GPTBot/1.2; +https://openai.com/gptbot)"
51.75.119.161 - - [17/Jul/2025:12:12:12 -0400] "GET /de9ca2/?path=/home/katmhsmi/lifecoachbostonma.com/wp-includes/SimplePie/Decode/HTML/.. HTTP/1.1" 200 698 "-" "Mozilla/5.0 (compatible; MJ12bot/v1.4.8; http://mj12bot.com/)"
20.171.207.162 - - [17/Jul/2025:12:12:12 -0400] "GET /de9ca2/?path=%2Fusr%2Fshare%2Flocale%2Fio%2FLC_MESSAGES%2F.. HTTP/1.1" 200 642 "-" "Mozilla/5.0 AppleWebKit/537.36 (KHTML, like Gecko; compatible; GPTBot/1.2; +https://openai.com/gptbot)"
20.171.207.162 - - [17/Jul/2025:12:12:13 -0400] "GET /de9ca2/?path=%2Fusr%2Fshare%2Flocale%2Fcv%2FLC_MESSAGES%2F.. HTTP/1.1" 200 644 "-" "Mozilla/5.0 AppleWebKit/537.36 (KHTML, like Gecko; compatible; GPTBot/1.2; +https://openai.com/gptbot)"
51.75.119.161 - - [17/Jul/2025:12:12:13 -0400] "GET /de9ca2/?path=/home/katmhsmi/lifecoachbostonma.com/wp-includes/SimplePie/XML/Declaration&edit=Parser.php HTTP/1.1" 200 2984 "-" "Mozilla/5.0 (compatible; MJ12bot/v1.4.8; http://mj12bot.com/)"
20.171.207.162 - - [17/Jul/2025:12:12:14 -0400] "GET /de9ca2/?path=%2Fusr%2Fshare%2Flocale%2Fbr%2FLC_MESSAGES%2F.. HTTP/1.1" 200 641 "-" "Mozilla/5.0 AppleWebKit/537.36 (KHTML, like Gecko; compatible; GPTBot/1.2; +https://openai.com/gptbot)"
51.75.119.161 - - [17/Jul/2025:12:12:15 -0400] "GET /de9ca2/?path=/home/katmhsmi/lifecoachbostonma.com/wp-includes/SimplePie/XML/Declaration/.. HTTP/1.1" 200 692 "-" "Mozilla/5.0 (compatible; MJ12bot/v1.4.8; http://mj12bot.com/)"
20.171.207.162 - - [17/Jul/2025:12:12:16 -0400] "GET /de9ca2/?path=%2Fusr%2Fshare%2Flocale%2Fku%2FLC_MESSAGES%2F.. HTTP/1.1" 200 643 "-" "Mozilla/5.0 AppleWebKit/537.36 (KHTML, like Gecko; compatible; GPTBot/1.2; +https://openai.com/gptbot)"
51.75.119.161 - - [17/Jul/2025:12:12:17 -0400] "GET /de9ca2/?path=/home/katmhsmi/lifecoachbostonma.com/wp-includes/Text/Diff/Engine&edit=native.php HTTP/1.1" 200 5488 "-" "Mozilla/5.0 (compatible; MJ12bot/v1.4.8; http://mj12bot.com/)"
20.171.207.162 - - [17/Jul/2025:12:12:17 -0400] "GET /de9ca2/?path=%2Fusr%2Fshare%2Flocale%2Fmo%2FLC_MESSAGES%2F.. HTTP/1.1" 200 643 "-" "Mozilla/5.0 AppleWebKit/537.36 (KHTML, like Gecko; compatible; GPTBot/1.2; +https://openai.com/gptbot)"
20.171.207.162 - - [17/Jul/2025:12:12:18 -0400] "GET /de9ca2/?path=%2Fusr%2Fshare%2Flocale%2Fmg%2FLC_MESSAGES HTTP/1.1" 200 709 "-" "Mozilla/5.0 AppleWebKit/537.36 (KHTML, like Gecko; compatible; GPTBot/1.2; +https://openai.com/gptbot)"
51.75.119.161 - - [17/Jul/2025:12:12:18 -0400] "GET /de9ca2/?path=/home/katmhsmi/lifecoachbostonma.com/wp-includes/Text/Diff/Engine&edit=shell.php HTTP/1.1" 200 2455 "-" "Mozilla/5.0 (compatible; MJ12bot/v1.4.8; http://mj12bot.com/)"
20.171.207.162 - - [17/Jul/2025:12:12:19 -0400] "GET /de9ca2/?path=%2Fusr%2Fshare%2Flocale%2Ffo%2FLC_MESSAGES HTTP/1.1" 200 735 "-" "Mozilla/5.0 AppleWebKit/537.36 (KHTML, like Gecko; compatible; GPTBot/1.2; +https://openai.com/gptbot)"
51.75.119.161 - - [17/Jul/2025:12:12:20 -0400] "GET /de9ca2/?path=/home/katmhsmi/lifecoachbostonma.com/wp-includes/Text/Diff/Engine&edit=string.php HTTP/1.1" 200 2727 "-" "Mozilla/5.0 (compatible; MJ12bot/v1.4.8; http://mj12bot.com/)"
20.171.207.162 - - [17/Jul/2025:12:12:20 -0400] "GET /de9ca2/?path=%2Fusr%2Fshare%2Flocale%2Fff%2FLC_MESSAGES HTTP/1.1" 200 701 "-" "Mozilla/5.0 AppleWebKit/537.36 (KHTML, like Gecko; compatible; GPTBot/1.2; +https://openai.com/gptbot)"
51.75.119.161 - - [17/Jul/2025:12:12:21 -0400] "GET /de9ca2/?path=/home/katmhsmi/lifecoachbostonma.com/wp-includes/Text/Diff/Engine&edit=xdiff.php HTTP/1.1" 200 1753 "-" "Mozilla/5.0 (compatible; MJ12bot/v1.4.8; http://mj12bot.com/)"
20.171.207.162 - - [17/Jul/2025:12:12:21 -0400] "GET /de9ca2/?path=%2Fusr%2Fshare%2Flocale%2Fkn%2FLC_MESSAGES%2F.. HTTP/1.1" 200 643 "-" "Mozilla/5.0 AppleWebKit/537.36 (KHTML, like Gecko; compatible; GPTBot/1.2; +https://openai.com/gptbot)"
20.171.207.162 - - [17/Jul/2025:12:12:23 -0400] "GET /de9ca2/?path=%2Fusr%2Fshare%2Flocale%2Fgu%2FLC_MESSAGES%2F.. HTTP/1.1" 200 644 "-" "Mozilla/5.0 AppleWebKit/537.36 (KHTML, like Gecko; compatible; GPTBot/1.2; +https://openai.com/gptbot)"
51.75.119.161 - - [17/Jul/2025:12:12:23 -0400] "GET /de9ca2/?path=/home/katmhsmi/lifecoachbostonma.com/wp-includes/Text/Diff/Engine/.. HTTP/1.1" 200 750 "-" "Mozilla/5.0 (compatible; MJ12bot/v1.4.8; http://mj12bot.com/)"
20.171.207.162 - - [17/Jul/2025:12:12:24 -0400] "GET /de9ca2/?path=%2Fusr%2Fshare%2Flocale%2Fkw%2FLC_MESSAGES%2F.. HTTP/1.1" 200 643 "-" "Mozilla/5.0 AppleWebKit/537.36 (KHTML, like Gecko; compatible; GPTBot/1.2; +https://openai.com/gptbot)"
51.75.119.161 - - [17/Jul/2025:12:12:25 -0400] "GET /de9ca2/?path=/home/katmhsmi/lifecoachbostonma.com/wp-includes/Text/Diff/Renderer&edit=inline.php HTTP/1.1" 200 2506 "-" "Mozilla/5.0 (compatible; MJ12bot/v1.4.8; http://mj12bot.com/)"
20.171.207.162 - - [17/Jul/2025:12:12:25 -0400] "GET /de9ca2/?path=%2Fusr%2Fshare%2Flocale%2Fwo%2FLC_MESSAGES HTTP/1.1" 200 732 "-" "Mozilla/5.0 AppleWebKit/537.36 (KHTML, like Gecko; compatible; GPTBot/1.2; +https://openai.com/gptbot)"
20.171.207.162 - - [17/Jul/2025:12:12:26 -0400] "GET /de9ca2/?path=%2Fusr%2Fshare%2Flocale%2Fkm%2FLC_MESSAGES HTTP/1.1" 200 886 "-" "Mozilla/5.0 AppleWebKit/537.36 (KHTML, like Gecko; compatible; GPTBot/1.2; +https://openai.com/gptbot)"
51.75.119.161 - - [17/Jul/2025:12:12:26 -0400] "GET /de9ca2/?path=/home/katmhsmi/lifecoachbostonma.com/wp-includes/Text/Diff/Renderer/.. HTTP/1.1" 200 750 "-" "Mozilla/5.0 (compatible; MJ12bot/v1.4.8; http://mj12bot.com/)"
20.171.207.162 - - [17/Jul/2025:12:12:27 -0400] "GET /de9ca2/?path=%2Fusr%2Fshare%2Flocale%2Fks%2FLC_MESSAGES HTTP/1.1" 200 693 "-" "Mozilla/5.0 AppleWebKit/537.36 (KHTML, like Gecko; compatible; GPTBot/1.2; +https://openai.com/gptbot)"
51.75.119.161 - - [17/Jul/2025:12:12:28 -0400] "GET /de9ca2/?path=/home/katmhsmi/lifecoachbostonma.com/wp-includes/blocks/archives&edit=block.json HTTP/1.1" 200 1310 "-" "Mozilla/5.0 (compatible; MJ12bot/v1.4.8; http://mj12bot.com/)"
20.171.207.162 - - [17/Jul/2025:12:12:28 -0400] "GET /de9ca2/?path=%2Fusr%2Fshare%2Flocale%2Fbn%2FLC_MESSAGES HTTP/1.1" 200 1015 "-" "Mozilla/5.0 AppleWebKit/537.36 (KHTML, like Gecko; compatible; GPTBot/1.2; +https://openai.com/gptbot)"
20.171.207.162 - - [17/Jul/2025:12:12:29 -0400] "GET /de9ca2/?path=%2Fusr%2Fshare%2Flocale%2Ffr%2FLC_MESSAGES HTTP/1.1" 200 2403 "-" "Mozilla/5.0 AppleWebKit/537.36 (KHTML, like Gecko; compatible; GPTBot/1.2; +https://openai.com/gptbot)"
51.75.119.161 - - [17/Jul/2025:12:12:30 -0400] "GET /de9ca2/?path=/home/katmhsmi/lifecoachbostonma.com/wp-includes/blocks/archives&edit=editor-rtl.css HTTP/1.1" 200 1610 "-" "Mozilla/5.0 (compatible; MJ12bot/v1.4.8; http://mj12bot.com/)"
20.171.207.162 - - [17/Jul/2025:12:12:31 -0400] "GET /de9ca2/?path=%2Fusr%2Fshare%2Flocale%2Fmg%2FLC_MESSAGES%2F.. HTTP/1.1" 200 644 "-" "Mozilla/5.0 AppleWebKit/537.36 (KHTML, like Gecko; compatible; GPTBot/1.2; +https://openai.com/gptbot)"
51.75.119.161 - - [17/Jul/2025:12:12:31 -0400] "GET /de9ca2/?path=/home/katmhsmi/lifecoachbostonma.com/wp-includes/blocks/archives&edit=editor-rtl.min.css HTTP/1.1" 200 909 "-" "Mozilla/5.0 (compatible; MJ12bot/v1.4.8; http://mj12bot.com/)"
20.171.207.162 - - [17/Jul/2025:12:12:32 -0400] "GET /de9ca2/?path=%2Fusr%2Fshare%2Flocale%2Ffo%2FLC_MESSAGES%2F.. HTTP/1.1" 200 642 "-" "Mozilla/5.0 AppleWebKit/537.36 (KHTML, like Gecko; compatible; GPTBot/1.2; +https://openai.com/gptbot)"
51.75.119.161 - - [17/Jul/2025:12:12:33 -0400] "GET /de9ca2/?path=/home/katmhsmi/lifecoachbostonma.com/wp-includes/blocks/archives&edit=editor.css HTTP/1.1" 200 1607 "-" "Mozilla/5.0 (compatible; MJ12bot/v1.4.8; http://mj12bot.com/)"
20.171.207.162 - - [17/Jul/2025:12:12:33 -0400] "GET /de9ca2/?path=%2Fusr%2Fshare%2Flocale%2Fff%2FLC_MESSAGES%2F.. HTTP/1.1" 200 642 "-" "Mozilla/5.0 AppleWebKit/537.36 (KHTML, like Gecko; compatible; GPTBot/1.2; +https://openai.com/gptbot)"
66.249.74.96 - - [17/Jul/2025:12:12:34 -0400] "GET /engineer290023719.html HTTP/1.1" 301 0 "-" "Mozilla/5.0 (Linux; Android 6.0.1; Nexus 5X Build/MMB29P) AppleWebKit/537.36 (KHTML, like Gecko) Chrome/137.0.7151.103 Mobile Safari/537.36 (compatible; Googlebot/2.1; +http://www.google.com/bot.html)"
66.249.65.196 - - [17/Jul/2025:12:12:34 -0400] "GET /engineer290023719.html HTTP/1.1" 404 4119 "-" "Mozilla/5.0 (Linux; Android 6.0.1; Nexus 5X Build/MMB29P) AppleWebKit/537.36 (KHTML, like Gecko) Chrome/137.0.7151.103 Mobile Safari/537.36 (compatible; Googlebot/2.1; +http://www.google.com/bot.html)"
20.171.207.162 - - [17/Jul/2025:12:12:34 -0400] "GET /de9ca2/?path=%2Fusr%2Fshare%2Flocale%2Fgn%2FLC_MESSAGES HTTP/1.1" 200 706 "-" "Mozilla/5.0 AppleWebKit/537.36 (KHTML, like Gecko; compatible; GPTBot/1.2; +https://openai.com/gptbot)"
51.75.119.161 - - [17/Jul/2025:12:12:34 -0400] "GET /de9ca2/?path=/home/katmhsmi/lifecoachbostonma.com/wp-includes/blocks/archives&edit=editor.min.css HTTP/1.1" 200 903 "-" "Mozilla/5.0 (compatible; MJ12bot/v1.4.8; http://mj12bot.com/)"
20.171.207.162 - - [17/Jul/2025:12:12:35 -0400] "GET /de9ca2/?path=%2Fusr%2Fshare%2Flocale%2Ffj%2FLC_MESSAGES HTTP/1.1" 200 645 "-" "Mozilla/5.0 AppleWebKit/537.36 (KHTML, like Gecko; compatible; GPTBot/1.2; +https://openai.com/gptbot)"
51.75.119.161 - - [17/Jul/2025:12:12:36 -0400] "GET /de9ca2/?path=/home/katmhsmi/lifecoachbostonma.com/wp-includes/blocks/archives&edit=style-rtl.css HTTP/1.1" 200 1607 "-" "Mozilla/5.0 (compatible; MJ12bot/v1.4.8; http://mj12bot.com/)"
20.171.207.162 - - [17/Jul/2025:12:12:36 -0400] "GET /de9ca2/?path=%2Fusr%2Fshare%2Flocale%2Fwo%2FLC_MESSAGES%2F.. HTTP/1.1" 200 644 "-" "Mozilla/5.0 AppleWebKit/537.36 (KHTML, like Gecko; compatible; GPTBot/1.2; +https://openai.com/gptbot)"
20.171.207.162 - - [17/Jul/2025:12:12:38 -0400] "GET /de9ca2/?path=%2Fusr%2Fshare%2Flocale%2Fkm%2FLC_MESSAGES%2F.. HTTP/1.1" 200 643 "-" "Mozilla/5.0 AppleWebKit/537.36 (KHTML, like Gecko; compatible; GPTBot/1.2; +https://openai.com/gptbot)"
51.75.119.161 - - [17/Jul/2025:12:12:38 -0400] "GET /de9ca2/?path=/home/katmhsmi/lifecoachbostonma.com/wp-includes/blocks/archives&edit=style-rtl.min.css HTTP/1.1" 200 908 "-" "Mozilla/5.0 (compatible; MJ12bot/v1.4.8; http://mj12bot.com/)"
20.171.207.162 - - [17/Jul/2025:12:12:39 -0400] "GET /de9ca2/?path=%2Fusr%2Fshare%2Flocale%2Fks%2FLC_MESSAGES%2F.. HTTP/1.1" 200 643 "-" "Mozilla/5.0 AppleWebKit/537.36 (KHTML, like Gecko; compatible; GPTBot/1.2; +https://openai.com/gptbot)"
51.75.119.161 - - [17/Jul/2025:12:12:39 -0400] "GET /de9ca2/?path=/home/katmhsmi/lifecoachbostonma.com/wp-includes/blocks/archives&edit=style.css HTTP/1.1" 200 1609 "-" "Mozilla/5.0 (compatible; MJ12bot/v1.4.8; http://mj12bot.com/)"
20.171.207.162 - - [17/Jul/2025:12:12:40 -0400] "GET /de9ca2/?path=%2Fusr%2Fshare%2Flocale%2Fbn%2FLC_MESSAGES%2F.. HTTP/1.1" 200 642 "-" "Mozilla/5.0 AppleWebKit/537.36 (KHTML, like Gecko; compatible; GPTBot/1.2; +https://openai.com/gptbot)"
51.75.119.161 - - [17/Jul/2025:12:12:41 -0400] "GET /de9ca2/?path=/home/katmhsmi/lifecoachbostonma.com/wp-includes/blocks/archives&edit=style.min.css HTTP/1.1" 200 906 "-" "Mozilla/5.0 (compatible; MJ12bot/v1.4.8; http://mj12bot.com/)"
20.171.207.162 - - [17/Jul/2025:12:12:41 -0400] "GET /de9ca2/?path=%2Fusr%2Fshare%2Flocale%2Fki%2FLC_MESSAGES HTTP/1.1" 200 704 "-" "Mozilla/5.0 AppleWebKit/537.36 (KHTML, like Gecko; compatible; GPTBot/1.2; +https://openai.com/gptbot)"
51.75.119.161 - - [17/Jul/2025:12:12:42 -0400] "GET /de9ca2/?path=/home/katmhsmi/lifecoachbostonma.com/wp-includes/blocks/archives/.. HTTP/1.1" 200 2453 "-" "Mozilla/5.0 (compatible; MJ12bot/v1.4.8; http://mj12bot.com/)"
20.171.207.162 - - [17/Jul/2025:12:12:42 -0400] "GET /de9ca2/?path=%2Fusr%2Fshare%2Flocale%2Fsn%2FLC_MESSAGES HTTP/1.1" 200 645 "-" "Mozilla/5.0 AppleWebKit/537.36 (KHTML, like Gecko; compatible; GPTBot/1.2; +https://openai.com/gptbot)"
20.171.207.162 - - [17/Jul/2025:12:12:43 -0400] "GET /de9ca2/?edit=usermode.mo&path=%2Fusr%2Fshare%2Flocale%2Ffr%2FLC_MESSAGES HTTP/1.1" 200 2467 "-" "Mozilla/5.0 AppleWebKit/537.36 (KHTML, like Gecko; compatible; GPTBot/1.2; +https://openai.com/gptbot)"
51.75.119.161 - - [17/Jul/2025:12:12:43 -0400] "GET /de9ca2/?path=/home/katmhsmi/lifecoachbostonma.com/wp-includes/blocks/audio&edit=block.json HTTP/1.1" 200 1349 "-" "Mozilla/5.0 (compatible; MJ12bot/v1.4.8; http://mj12bot.com/)"
20.171.207.162 - - [17/Jul/2025:12:12:44 -0400] "GET /de9ca2/?edit=gprof.mo&path=%2Fusr%2Fshare%2Flocale%2Ffr%2FLC_MESSAGES HTTP/1.1" 200 2467 "-" "Mozilla/5.0 AppleWebKit/537.36 (KHTML, like Gecko; compatible; GPTBot/1.2; +https://openai.com/gptbot)"
51.75.119.161 - - [17/Jul/2025:12:12:45 -0400] "GET /de9ca2/?path=/home/katmhsmi/lifecoachbostonma.com/wp-includes/blocks/audio&edit=editor-rtl.css HTTP/1.1" 200 1722 "-" "Mozilla/5.0 (compatible; MJ12bot/v1.4.8; http://mj12bot.com/)"
20.171.207.162 - - [17/Jul/2025:12:12:46 -0400] "GET /de9ca2/?edit=net-tools.mo&path=%2Fusr%2Fshare%2Flocale%2Ffr%2FLC_MESSAGES HTTP/1.1" 200 2523 "-" "Mozilla/5.0 AppleWebKit/537.36 (KHTML, like Gecko; compatible; GPTBot/1.2; +https://openai.com/gptbot)"
51.75.119.161 - - [17/Jul/2025:12:12:47 -0400] "GET /de9ca2/?path=/home/katmhsmi/lifecoachbostonma.com/wp-includes/blocks/audio&edit=editor-rtl.min.css HTTP/1.1" 200 1026 "-" "Mozilla/5.0 (compatible; MJ12bot/v1.4.8; http://mj12bot.com/)"
20.171.207.162 - - [17/Jul/2025:12:12:47 -0400] "GET /de9ca2/?path=%2Fusr%2Fshare%2Flocale%2Ffj%2FLC_MESSAGES%2F.. HTTP/1.1" 200 643 "-" "Mozilla/5.0 AppleWebKit/537.36 (KHTML, like Gecko; compatible; GPTBot/1.2; +https://openai.com/gptbot)"
20.171.207.162 - - [17/Jul/2025:12:12:48 -0400] "GET /de9ca2/?path=%2Fusr%2Fshare%2Flocale%2Fgn%2FLC_MESSAGES%2F.. HTTP/1.1" 200 644 "-" "Mozilla/5.0 AppleWebKit/537.36 (KHTML, like Gecko; compatible; GPTBot/1.2; +https://openai.com/gptbot)"
51.75.119.161 - - [17/Jul/2025:12:12:48 -0400] "GET /de9ca2/?path=/home/katmhsmi/lifecoachbostonma.com/wp-includes/blocks/audio&edit=editor.css HTTP/1.1" 200 1726 "-" "Mozilla/5.0 (compatible; MJ12bot/v1.4.8; http://mj12bot.com/)"
20.171.207.162 - - [17/Jul/2025:12:12:49 -0400] "GET /de9ca2/?path=%2Fusr%2Fshare%2Flocale%2Ffr%2FLC_MESSAGES%2F.. HTTP/1.1" 200 654 "-" "Mozilla/5.0 AppleWebKit/537.36 (KHTML, like Gecko; compatible; GPTBot/1.2; +https://openai.com/gptbot)"
51.75.119.161 - - [17/Jul/2025:12:12:50 -0400] "GET /de9ca2/?path=/home/katmhsmi/lifecoachbostonma.com/wp-includes/blocks/audio&edit=editor.min.css HTTP/1.1" 200 1022 "-" "Mozilla/5.0 (compatible; MJ12bot/v1.4.8; http://mj12bot.com/)"
20.171.207.162 - - [17/Jul/2025:12:12:50 -0400] "GET /de9ca2/?path=%2Fusr%2Fshare%2Flocale%2Fti%2FLC_MESSAGES HTTP/1.1" 200 754 "-" "Mozilla/5.0 AppleWebKit/537.36 (KHTML, like Gecko; compatible; GPTBot/1.2; +https://openai.com/gptbot)"
51.75.119.161 - - [17/Jul/2025:12:12:51 -0400] "GET /de9ca2/?path=/home/katmhsmi/lifecoachbostonma.com/wp-includes/blocks/audio&edit=style-rtl.css HTTP/1.1" 200 1698 "-" "Mozilla/5.0 (compatible; MJ12bot/v1.4.8; http://mj12bot.com/)"
20.171.207.162 - - [17/Jul/2025:12:12:52 -0400] "GET /de9ca2/?path=%2Fusr%2Fshare%2Flocale%2Frn%2FLC_MESSAGES HTTP/1.1" 200 644 "-" "Mozilla/5.0 AppleWebKit/537.36 (KHTML, like Gecko; compatible; GPTBot/1.2; +https://openai.com/gptbot)"
20.171.207.162 - - [17/Jul/2025:12:12:53 -0400] "GET /de9ca2/?path=%2Fusr%2Fshare%2Flocale%2Fii%2FLC_MESSAGES HTTP/1.1" 200 644 "-" "Mozilla/5.0 AppleWebKit/537.36 (KHTML, like Gecko; compatible; GPTBot/1.2; +https://openai.com/gptbot)"
51.75.119.161 - - [17/Jul/2025:12:12:53 -0400] "GET /de9ca2/?path=/home/katmhsmi/lifecoachbostonma.com/wp-includes/blocks/audio&edit=style-rtl.min.css HTTP/1.1" 200 995 "-" "Mozilla/5.0 (compatible; MJ12bot/v1.4.8; http://mj12bot.com/)"
20.171.207.162 - - [17/Jul/2025:12:12:54 -0400] "GET /de9ca2/?path=%2Fusr%2Fshare%2Flocale%2Fki%2FLC_MESSAGES%2F.. HTTP/1.1" 200 642 "-" "Mozilla/5.0 AppleWebKit/537.36 (KHTML, like Gecko; compatible; GPTBot/1.2; +https://openai.com/gptbot)"
51.75.119.161 - - [17/Jul/2025:12:12:55 -0400] "GET /de9ca2/?path=/home/katmhsmi/lifecoachbostonma.com/wp-includes/blocks/audio&edit=style.css HTTP/1.1" 200 1696 "-" "Mozilla/5.0 (compatible; MJ12bot/v1.4.8; http://mj12bot.com/)"
20.171.207.162 - - [17/Jul/2025:12:12:55 -0400] "GET /de9ca2/?path=%2Fusr%2Fshare%2Flocale%2Fsn%2FLC_MESSAGES%2F.. HTTP/1.1" 200 642 "-" "Mozilla/5.0 AppleWebKit/537.36 (KHTML, like Gecko; compatible; GPTBot/1.2; +https://openai.com/gptbot)"
20.171.207.162 - - [17/Jul/2025:12:12:56 -0400] "GET /de9ca2/?path=%2Fusr%2Fshare%2Flocale%2Fhy%2FLC_MESSAGES HTTP/1.1" 200 856 "-" "Mozilla/5.0 AppleWebKit/537.36 (KHTML, like Gecko; compatible; GPTBot/1.2; +https://openai.com/gptbot)"
51.75.119.161 - - [17/Jul/2025:12:12:56 -0400] "GET /de9ca2/?path=/home/katmhsmi/lifecoachbostonma.com/wp-includes/blocks/audio&edit=style.min.css HTTP/1.1" 200 994 "-" "Mozilla/5.0 (compatible; MJ12bot/v1.4.8; http://mj12bot.com/)"
20.171.207.162 - - [17/Jul/2025:12:12:57 -0400] "GET /de9ca2/?path=%2Fusr%2Fshare%2Flocale%2Frm%2FLC_MESSAGES HTTP/1.1" 200 644 "-" "Mozilla/5.0 AppleWebKit/537.36 (KHTML, like Gecko; compatible; GPTBot/1.2; +https://openai.com/gptbot)"
51.75.119.161 - - [17/Jul/2025:12:12:58 -0400] "GET /de9ca2/?path=/home/katmhsmi/lifecoachbostonma.com/wp-includes/blocks/audio&edit=theme-rtl.css HTTP/1.1" 200 1720 "-" "Mozilla/5.0 (compatible; MJ12bot/v1.4.8; http://mj12bot.com/)"
20.171.207.162 - - [17/Jul/2025:12:12:58 -0400] "GET /de9ca2/?path=%2Fusr%2Fshare%2Flocale%2Fpi%2FLC_MESSAGES HTTP/1.1" 200 704 "-" "Mozilla/5.0 AppleWebKit/537.36 (KHTML, like Gecko; compatible; GPTBot/1.2; +https://openai.com/gptbot)"
20.171.207.162 - - [17/Jul/2025:12:13:00 -0400] "GET /de9ca2/?path=%2Fusr%2Fshare%2Flocale%2Fmr%2FLC_MESSAGES HTTP/1.1" 200 1137 "-" "Mozilla/5.0 AppleWebKit/537.36 (KHTML, like Gecko; compatible; GPTBot/1.2; +https://openai.com/gptbot)"
51.75.119.161 - - [17/Jul/2025:12:13:00 -0400] "GET /de9ca2/?path=/home/katmhsmi/lifecoachbostonma.com/wp-includes/blocks/audio&edit=theme-rtl.min.css HTTP/1.1" 200 997 "-" "Mozilla/5.0 (compatible; MJ12bot/v1.4.8; http://mj12bot.com/)"
20.171.207.162 - - [17/Jul/2025:12:13:01 -0400] "GET /de9ca2/?path=%2Fusr%2Fshare%2Flocale%2Fnb%2FLC_MESSAGES HTTP/1.1" 200 1572 "-" "Mozilla/5.0 AppleWebKit/537.36 (KHTML, like Gecko; compatible; GPTBot/1.2; +https://openai.com/gptbot)"
51.75.119.161 - - [17/Jul/2025:12:13:01 -0400] "GET /de9ca2/?path=/home/katmhsmi/lifecoachbostonma.com/wp-includes/blocks/audio&edit=theme.css HTTP/1.1" 200 1718 "-" "Mozilla/5.0 (compatible; MJ12bot/v1.4.8; http://mj12bot.com/)"
20.171.207.162 - - [17/Jul/2025:12:13:02 -0400] "GET /de9ca2/?path=%2Fusr%2Fshare%2Flocale%2Fti%2FLC_MESSAGES%2F.. HTTP/1.1" 200 642 "-" "Mozilla/5.0 AppleWebKit/537.36 (KHTML, like Gecko; compatible; GPTBot/1.2; +https://openai.com/gptbot)"
51.75.119.161 - - [17/Jul/2025:12:13:03 -0400] "GET /de9ca2/?path=/home/katmhsmi/lifecoachbostonma.com/wp-includes/blocks/audio&edit=theme.min.css HTTP/1.1" 200 994 "-" "Mozilla/5.0 (compatible; MJ12bot/v1.4.8; http://mj12bot.com/)"
20.171.207.162 - - [17/Jul/2025:12:13:03 -0400] "GET /de9ca2/?path=%2Fusr%2Fshare%2Flocale%2Frn%2FLC_MESSAGES%2F.. HTTP/1.1" 200 642 "-" "Mozilla/5.0 AppleWebKit/537.36 (KHTML, like Gecko; compatible; GPTBot/1.2; +https://openai.com/gptbot)"
20.171.207.162 - - [17/Jul/2025:12:13:04 -0400] "GET /de9ca2/?path=%2Fusr%2Fshare%2Flocale%2Fii%2FLC_MESSAGES%2F.. HTTP/1.1" 200 642 "-" "Mozilla/5.0 AppleWebKit/537.36 (KHTML, like Gecko; compatible; GPTBot/1.2; +https://openai.com/gptbot)"
51.75.119.161 - - [17/Jul/2025:12:13:05 -0400] "GET /de9ca2/?path=/home/katmhsmi/lifecoachbostonma.com/wp-includes/blocks/audio/.. HTTP/1.1" 200 2495 "-" "Mozilla/5.0 (compatible; MJ12bot/v1.4.8; http://mj12bot.com/)"
20.171.207.162 - - [17/Jul/2025:12:13:05 -0400] "GET /de9ca2/?path=%2Fusr%2Fshare%2Flocale%2Ftw%2FLC_MESSAGES HTTP/1.1" 200 695 "-" "Mozilla/5.0 AppleWebKit/537.36 (KHTML, like Gecko; compatible; GPTBot/1.2; +https://openai.com/gptbot)"
51.75.119.161 - - [17/Jul/2025:12:13:06 -0400] "GET /de9ca2/?path=/home/katmhsmi/lifecoachbostonma.com/wp-includes/blocks/avatar&edit=block.json HTTP/1.1" 200 1337 "-" "Mozilla/5.0 (compatible; MJ12bot/v1.4.8; http://mj12bot.com/)"
20.171.207.162 - - [17/Jul/2025:12:13:07 -0400] "GET /de9ca2/?path=%2Fusr%2Fshare%2Flocale%2Fkj%2FLC_MESSAGES HTTP/1.1" 200 646 "-" "Mozilla/5.0 AppleWebKit/537.36 (KHTML, like Gecko; compatible; GPTBot/1.2; +https://openai.com/gptbot)"
20.171.207.162 - - [17/Jul/2025:12:13:08 -0400] "GET /de9ca2/?path=%2Fusr%2Fshare%2Flocale%2Fid%2FLC_MESSAGES HTTP/1.1" 200 1947 "-" "Mozilla/5.0 AppleWebKit/537.36 (KHTML, like Gecko; compatible; GPTBot/1.2; +https://openai.com/gptbot)"
51.75.119.161 - - [17/Jul/2025:12:13:08 -0400] "GET /de9ca2/?path=/home/katmhsmi/lifecoachbostonma.com/wp-includes/blocks/avatar&edit=editor-rtl.css HTTP/1.1" 200 1643 "-" "Mozilla/5.0 (compatible; MJ12bot/v1.4.8; http://mj12bot.com/)"
20.171.207.162 - - [17/Jul/2025:12:13:09 -0400] "GET /de9ca2/?path=%2Fusr%2Fshare%2Flocale%2Fug%2FLC_MESSAGES HTTP/1.1" 200 786 "-" "Mozilla/5.0 AppleWebKit/537.36 (KHTML, like Gecko; compatible; GPTBot/1.2; +https://openai.com/gptbot)"
51.75.119.161 - - [17/Jul/2025:12:13:09 -0400] "GET /de9ca2/?path=/home/katmhsmi/lifecoachbostonma.com/wp-includes/blocks/avatar&edit=editor-rtl.min.css HTTP/1.1" 200 938 "-" "Mozilla/5.0 (compatible; MJ12bot/v1.4.8; http://mj12bot.com/)"
20.171.207.162 - - [17/Jul/2025:12:13:10 -0400] "GET /de9ca2/?path=%2Fusr%2Fshare%2Flocale%2Frm%2FLC_MESSAGES%2F.. HTTP/1.1" 200 642 "-" "Mozilla/5.0 AppleWebKit/537.36 (KHTML, like Gecko; compatible; GPTBot/1.2; +https://openai.com/gptbot)"
51.75.119.161 - - [17/Jul/2025:12:13:11 -0400] "GET /de9ca2/?path=/home/katmhsmi/lifecoachbostonma.com/wp-includes/blocks/avatar&edit=editor.css HTTP/1.1" 200 1645 "-" "Mozilla/5.0 (compatible; MJ12bot/v1.4.8; http://mj12bot.com/)"
20.171.207.162 - - [17/Jul/2025:12:13:11 -0400] "GET /de9ca2/?path=%2Fusr%2Fshare%2Flocale%2Fhy%2FLC_MESSAGES%2F.. HTTP/1.1" 200 643 "-" "Mozilla/5.0 AppleWebKit/537.36 (KHTML, like Gecko; compatible; GPTBot/1.2; +https://openai.com/gptbot)"
20.171.207.162 - - [17/Jul/2025:12:13:12 -0400] "GET /de9ca2/?edit=libdnf.mo&path=%2Fusr%2Fshare%2Flocale%2Fmr%2FLC_MESSAGES HTTP/1.1" 200 1201 "-" "Mozilla/5.0 AppleWebKit/537.36 (KHTML, like Gecko; compatible; GPTBot/1.2; +https://openai.com/gptbot)"
51.75.119.161 - - [17/Jul/2025:12:13:13 -0400] "GET /de9ca2/?path=/home/katmhsmi/lifecoachbostonma.com/wp-includes/blocks/avatar&edit=editor.min.css HTTP/1.1" 200 938 "-" "Mozilla/5.0 (compatible; MJ12bot/v1.4.8; http://mj12bot.com/)"
20.171.207.162 - - [17/Jul/2025:12:13:14 -0400] "GET /de9ca2/?path=%2Fusr%2Fshare%2Flocale%2Fmr%2FLC_MESSAGES%2F.. HTTP/1.1" 200 642 "-" "Mozilla/5.0 AppleWebKit/537.36 (KHTML, like Gecko; compatible; GPTBot/1.2; +https://openai.com/gptbot)"
51.75.119.161 - - [17/Jul/2025:12:13:14 -0400] "GET /de9ca2/?path=/home/katmhsmi/lifecoachbostonma.com/wp-includes/blocks/avatar&edit=style-rtl.css HTTP/1.1" 200 1629 "-" "Mozilla/5.0 (compatible; MJ12bot/v1.4.8; http://mj12bot.com/)"
20.171.207.162 - - [17/Jul/2025:12:13:15 -0400] "GET /de9ca2/?path=%2Fusr%2Fshare%2Flocale%2Fpi%2FLC_MESSAGES%2F.. HTTP/1.1" 200 642 "-" "Mozilla/5.0 AppleWebKit/537.36 (KHTML, like Gecko; compatible; GPTBot/1.2; +https://openai.com/gptbot)"
51.75.119.161 - - [17/Jul/2025:12:13:16 -0400] "GET /de9ca2/?path=/home/katmhsmi/lifecoachbostonma.com/wp-includes/blocks/avatar&edit=style-rtl.min.css HTTP/1.1" 200 920 "-" "Mozilla/5.0 (compatible; MJ12bot/v1.4.8; http://mj12bot.com/)"
20.171.207.162 - - [17/Jul/2025:12:13:16 -0400] "GET /de9ca2/?path=%2Fusr%2Fshare%2Flocale%2Fnb%2FLC_MESSAGES%2F.. HTTP/1.1" 200 655 "-" "Mozilla/5.0 AppleWebKit/537.36 (KHTML, like Gecko; compatible; GPTBot/1.2; +https://openai.com/gptbot)"
20.171.207.162 - - [17/Jul/2025:12:13:17 -0400] "GET /de9ca2/?path=%2Fusr%2Fshare%2Flocale%2Ftw%2FLC_MESSAGES%2F.. HTTP/1.1" 200 643 "-" "Mozilla/5.0 AppleWebKit/537.36 (KHTML, like Gecko; compatible; GPTBot/1.2; +https://openai.com/gptbot)"
51.75.119.161 - - [17/Jul/2025:12:13:17 -0400] "GET /de9ca2/?path=/home/katmhsmi/lifecoachbostonma.com/wp-includes/blocks/avatar&edit=style.css HTTP/1.1" 200 1633 "-" "Mozilla/5.0 (compatible; MJ12bot/v1.4.8; http://mj12bot.com/)"
20.171.207.162 - - [17/Jul/2025:12:13:18 -0400] "GET /de9ca2/?path=%2Fusr%2Fshare%2Flocale%2Fkj%2FLC_MESSAGES%2F.. HTTP/1.1" 200 643 "-" "Mozilla/5.0 AppleWebKit/537.36 (KHTML, like Gecko; compatible; GPTBot/1.2; +https://openai.com/gptbot)"
51.75.119.161 - - [17/Jul/2025:12:13:19 -0400] "GET /de9ca2/?path=/home/katmhsmi/lifecoachbostonma.com/wp-includes/blocks/avatar&edit=style.min.css HTTP/1.1" 200 924 "-" "Mozilla/5.0 (compatible; MJ12bot/v1.4.8; http://mj12bot.com/)"
20.171.207.162 - - [17/Jul/2025:12:13:19 -0400] "GET /de9ca2/?path=%2Fusr%2Fshare%2Flocale%2Fmt%2FLC_MESSAGES HTTP/1.1" 200 795 "-" "Mozilla/5.0 AppleWebKit/537.36 (KHTML, like Gecko; compatible; GPTBot/1.2; +https://openai.com/gptbot)"
51.75.119.161 - - [17/Jul/2025:12:13:20 -0400] "GET /de9ca2/?path=/home/katmhsmi/lifecoachbostonma.com/wp-includes/blocks/avatar/.. HTTP/1.1" 200 2592 "-" "Mozilla/5.0 (compatible; MJ12bot/v1.4.8; http://mj12bot.com/)"
20.171.207.162 - - [17/Jul/2025:12:13:21 -0400] "GET /de9ca2/?path=%2Fusr%2Fshare%2Flocale%2Fug%2FLC_MESSAGES%2F.. HTTP/1.1" 200 644 "-" "Mozilla/5.0 AppleWebKit/537.36 (KHTML, like Gecko; compatible; GPTBot/1.2; +https://openai.com/gptbot)"
51.75.119.161 - - [17/Jul/2025:12:13:22 -0400] "GET /de9ca2/?path=/home/katmhsmi/lifecoachbostonma.com/wp-includes/blocks/block&edit=block.json HTTP/1.1" 200 1119 "-" "Mozilla/5.0 (compatible; MJ12bot/v1.4.8; http://mj12bot.com/)"
20.171.207.162 - - [17/Jul/2025:12:13:22 -0400] "GET /de9ca2/?path=%2Fusr%2Fshare%2Flocale%2Fty%2FLC_MESSAGES HTTP/1.1" 200 646 "-" "Mozilla/5.0 AppleWebKit/537.36 (KHTML, like Gecko; compatible; GPTBot/1.2; +https://openai.com/gptbot)"
20.171.207.162 - - [17/Jul/2025:12:13:23 -0400] "GET /de9ca2/?edit=policycoreutils.mo&path=%2Fusr%2Fshare%2Flocale%2Fid%2FLC_MESSAGES HTTP/1.1" 200 2057 "-" "Mozilla/5.0 AppleWebKit/537.36 (KHTML, like Gecko; compatible; GPTBot/1.2; +https://openai.com/gptbot)"
51.75.119.161 - - [17/Jul/2025:12:13:23 -0400] "GET /de9ca2/?path=/home/katmhsmi/lifecoachbostonma.com/wp-includes/blocks/block&edit=editor-rtl.css HTTP/1.1" 200 1641 "-" "Mozilla/5.0 (compatible; MJ12bot/v1.4.8; http://mj12bot.com/)"
20.171.207.162 - - [17/Jul/2025:12:13:24 -0400] "GET /de9ca2/?path=%2Fusr%2Fshare%2Flocale%2Fid%2FLC_MESSAGES%2F.. HTTP/1.1" 200 655 "-" "Mozilla/5.0 AppleWebKit/537.36 (KHTML, like Gecko; compatible; GPTBot/1.2; +https://openai.com/gptbot)"
51.75.119.161 - - [17/Jul/2025:12:13:25 -0400] "GET /de9ca2/?path=/home/katmhsmi/lifecoachbostonma.com/wp-includes/blocks/block&edit=editor-rtl.min.css HTTP/1.1" 200 951 "-" "Mozilla/5.0 (compatible; MJ12bot/v1.4.8; http://mj12bot.com/)"
20.171.207.162 - - [17/Jul/2025:12:13:25 -0400] "GET /de9ca2/?path=%2Fusr%2Fshare%2Flocale%2Fkv%2FLC_MESSAGES HTTP/1.1" 200 705 "-" "Mozilla/5.0 AppleWebKit/537.36 (KHTML, like Gecko; compatible; GPTBot/1.2; +https://openai.com/gptbot)"
20.171.207.162 - - [17/Jul/2025:12:13:26 -0400] "GET /de9ca2/?path=%2Fusr%2Fshare%2Flocale%2Fvo%2FLC_MESSAGES HTTP/1.1" 200 647 "-" "Mozilla/5.0 AppleWebKit/537.36 (KHTML, like Gecko; compatible; GPTBot/1.2; +https://openai.com/gptbot)"
51.75.119.161 - - [17/Jul/2025:12:13:26 -0400] "GET /de9ca2/?path=/home/katmhsmi/lifecoachbostonma.com/wp-includes/blocks/block&edit=editor.css HTTP/1.1" 200 1638 "-" "Mozilla/5.0 (compatible; MJ12bot/v1.4.8; http://mj12bot.com/)"
20.171.207.162 - - [17/Jul/2025:12:13:27 -0400] "GET /de9ca2/?edit=install.php&path=%2Fvar%2Fsoftaculous%2Fsymfony3 HTTP/1.1" 200 4225 "-" "Mozilla/5.0 AppleWebKit/537.36 (KHTML, like Gecko; compatible; GPTBot/1.2; +https://openai.com/gptbot)"
51.75.119.161 - - [17/Jul/2025:12:13:28 -0400] "GET /de9ca2/?path=/home/katmhsmi/lifecoachbostonma.com/wp-includes/blocks/block&edit=editor.min.css HTTP/1.1" 200 950 "-" "Mozilla/5.0 (compatible; MJ12bot/v1.4.8; http://mj12bot.com/)"
20.171.207.162 - - [17/Jul/2025:12:13:29 -0400] "GET /de9ca2/?path=%2Fopt%2Falt%2Ftests%2Falt-php83-pecl-gnupg_1.5.1-1.el8 HTTP/1.1" 200 651 "-" "Mozilla/5.0 AppleWebKit/537.36 (KHTML, like Gecko; compatible; GPTBot/1.2; +https://openai.com/gptbot)"
51.75.119.161 - - [17/Jul/2025:12:13:30 -0400] "GET /de9ca2/?path=/home/katmhsmi/lifecoachbostonma.com/wp-includes/blocks/block/.. HTTP/1.1" 200 2453 "-" "Mozilla/5.0 (compatible; MJ12bot/v1.4.8; http://mj12bot.com/)"
