66.249.74.160 - - [17/Jul/2025:10:52:30 -0400] "GET /index.phpsshopdetail/112064346 HTTP/1.1" 500 1034 "-" "Mozilla/5.0 (Linux; Android 6.0.1; Nexus 5X Build/MMB29P) AppleWebKit/537.36 (KHTML, like Gecko) Chrome/137.0.7151.103 Mobile Safari/537.36 (compatible; Googlebot/2.1; +http://www.google.com/bot.html)"
66.249.74.160 - - [17/Jul/2025:10:52:34 -0400] "GET /index.phpsshopdetail/112064346 HTTP/1.1" 500 1034 "-" "Mozilla/5.0 (Linux; Android 6.0.1; Nexus 5X Build/MMB29P) AppleWebKit/537.36 (KHTML, like Gecko) Chrome/137.0.7151.103 Mobile Safari/537.36 (compatible; Googlebot/2.1; +http://www.google.com/bot.html)"
66.249.74.137 - - [17/Jul/2025:10:53:05 -0400] "GET /robots.txt HTTP/1.1" 500 1034 "-" "Mozilla/5.0 (compatible; Googlebot/2.1; +http://www.google.com/bot.html)"
66.249.74.137 - - [17/Jul/2025:10:54:20 -0400] "GET /robots.txt HTTP/1.1" 500 1034 "-" "Mozilla/5.0 (compatible; Googlebot/2.1; +http://www.google.com/bot.html)"
66.249.74.161 - - [17/Jul/2025:10:54:34 -0400] "GET /index.phpsshopdetail/55888846 HTTP/1.1" 500 1034 "-" "Mozilla/5.0 (Linux; Android 6.0.1; Nexus 5X Build/MMB29P) AppleWebKit/537.36 (KHTML, like Gecko) Chrome/137.0.7151.103 Mobile Safari/537.36 (compatible; Googlebot/2.1; +http://www.google.com/bot.html)"
185.177.238.46 - - [17/Jul/2025:10:55:20 -0400] "POST /wp-adriv/8aeca59e29.php HTTP/1.1" 200 95 "https://katmoulton.com" "Mozilla/5.0 (Macintosh; Intel Mac OS X 10_15_7) AppleWebKit/605.1.15 (KHTML, like Gecko) Version/14.0 Safari/605.1.15"
66.249.74.160 - - [17/Jul/2025:10:55:30 -0400] "GET /shopdetail/37208546 HTTP/1.1" 500 1034 "-" "Mozilla/5.0 (compatible; Googlebot/2.1; +http://www.google.com/bot.html)"
66.249.74.161 - - [17/Jul/2025:10:55:30 -0400] "GET /robots.txt HTTP/1.1" 500 1034 "-" "Mozilla/5.0 (compatible; Googlebot/2.1; +http://www.google.com/bot.html)"
66.249.74.161 - - [17/Jul/2025:10:55:33 -0400] "GET /shopdetail/93708746 HTTP/1.1" 500 1034 "-" "Mozilla/5.0 (Linux; Android 6.0.1; Nexus 5X Build/MMB29P) AppleWebKit/537.36 (KHTML, like Gecko) Chrome/137.0.7151.103 Mobile Safari/537.36 (compatible; Googlebot/2.1; +http://www.google.com/bot.html)"
66.249.74.161 - - [17/Jul/2025:10:55:50 -0400] "GET /shopdetail/80919746 HTTP/1.1" 500 1034 "-" "Mozilla/5.0 (compatible; Googlebot/2.1; +http://www.google.com/bot.html)"
185.177.238.46 - - [17/Jul/2025:10:57:26 -0400] "POST /wp-adriv/8aeca59e29.php HTTP/1.1" 200 65 "https://katmoulton.com" "Mozilla/5.0 (Windows NT 10.0; Win64; x64) AppleWebKit/537.36 (KHTML, like Gecko) Chrome/114.0.0.0 Safari/537.36"
66.249.74.137 - - [17/Jul/2025:10:57:35 -0400] "GET /robots.txt HTTP/1.1" 500 1034 "-" "Mozilla/5.0 (compatible; Googlebot/2.1; +http://www.google.com/bot.html)"
66.249.74.162 - - [17/Jul/2025:10:57:55 -0400] "GET /robots.txt HTTP/1.1" 500 1034 "-" "Mozilla/5.0 (compatible; Googlebot/2.1; +http://www.google.com/bot.html)"
66.249.74.161 - - [17/Jul/2025:10:57:55 -0400] "GET /shopdetail/7040246 HTTP/1.1" 500 1034 "-" "Mozilla/5.0 (Linux; Android 6.0.1; Nexus 5X Build/MMB29P) AppleWebKit/537.36 (KHTML, like Gecko) Chrome/137.0.7151.103 Mobile Safari/537.36 (compatible; Googlebot/2.1; +http://www.google.com/bot.html)"
66.249.74.161 - - [17/Jul/2025:10:58:33 -0400] "GET /shopdetail/115972446 HTTP/1.1" 500 1034 "-" "Mozilla/5.0 (compatible; Googlebot/2.1; +http://www.google.com/bot.html)"
66.249.74.137 - - [17/Jul/2025:10:58:44 -0400] "GET /robots.txt HTTP/1.1" 500 1034 "-" "Mozilla/5.0 (compatible; Googlebot/2.1; +http://www.google.com/bot.html)"
66.249.74.137 - - [17/Jul/2025:10:59:46 -0400] "GET /robots.txt HTTP/1.1" 500 1034 "-" "Mozilla/5.0 (compatible; Googlebot/2.1; +http://www.google.com/bot.html)"
66.249.74.161 - - [17/Jul/2025:11:00:32 -0400] "GET /robots.txt HTTP/1.1" 500 1034 "-" "Mozilla/5.0 (compatible; Googlebot/2.1; +http://www.google.com/bot.html)"
66.249.74.161 - - [17/Jul/2025:11:00:32 -0400] "GET /shopdetail/19736246 HTTP/1.1" 500 1034 "-" "Mozilla/5.0 (Linux; Android 6.0.1; Nexus 5X Build/MMB29P) AppleWebKit/537.36 (KHTML, like Gecko) Chrome/137.0.7151.103 Mobile Safari/537.36 (compatible; Googlebot/2.1; +http://www.google.com/bot.html)"
66.249.74.137 - - [17/Jul/2025:11:00:49 -0400] "GET /robots.txt HTTP/1.1" 500 1034 "-" "Mozilla/5.0 (compatible; Googlebot/2.1; +http://www.google.com/bot.html)"
66.249.74.137 - - [17/Jul/2025:11:01:53 -0400] "GET /robots.txt HTTP/1.1" 500 1034 "-" "Mozilla/5.0 (compatible; Googlebot/2.1; +http://www.google.com/bot.html)"
66.249.74.137 - - [17/Jul/2025:11:03:08 -0400] "GET /robots.txt HTTP/1.1" 500 1034 "-" "Mozilla/5.0 (compatible; Googlebot/2.1; +http://www.google.com/bot.html)"
66.249.74.137 - - [17/Jul/2025:11:04:10 -0400] "GET /robots.txt HTTP/1.1" 500 1034 "-" "Mozilla/5.0 (compatible; Googlebot/2.1; +http://www.google.com/bot.html)"
66.249.74.137 - - [17/Jul/2025:11:05:13 -0400] "GET /robots.txt HTTP/1.1" 500 1034 "-" "Mozilla/5.0 (compatible; Googlebot/2.1; +http://www.google.com/bot.html)"
66.249.74.137 - - [17/Jul/2025:11:06:23 -0400] "GET /robots.txt HTTP/1.1" 500 1034 "-" "Mozilla/5.0 (compatible; Googlebot/2.1; +http://www.google.com/bot.html)"
114.119.134.10 - - [17/Jul/2025:11:06:49 -0400] "GET /cpanel HTTP/1.1" 301 0 "https://katmoulton.com/" "Mozilla/5.0 (Linux; Android 7.0;) AppleWebKit/537.36 (KHTML, like Gecko) Mobile Safari/537.36 (compatible; PetalBot;+https://webmaster.petalsearch.com/site/petalbot)"
66.249.74.137 - - [17/Jul/2025:11:07:25 -0400] "GET /robots.txt HTTP/1.1" 500 1034 "-" "Mozilla/5.0 (compatible; Googlebot/2.1; +http://www.google.com/bot.html)"
40.77.167.235 - - [17/Jul/2025:11:09:26 -0400] "GET /shopdetail/39215546 HTTP/1.1" 500 1034 "-" "Mozilla/5.0 AppleWebKit/537.36 (KHTML, like Gecko; compatible; bingbot/2.0; +http://www.bing.com/bingbot.htm) Chrome/116.0.1938.76 Safari/537.36"
77.75.76.164 - - [17/Jul/2025:11:09:43 -0400] "GET /sweet-surrender/ HTTP/1.1" 500 1215 "-" "Mozilla/5.0 (compatible; SeznamBot/4.0; +https://o-seznam.cz/napoveda/vyhledavani/en/seznambot-crawler/)"
66.249.74.137 - - [17/Jul/2025:11:10:32 -0400] "GET /robots.txt HTTP/1.1" 500 1034 "-" "Mozilla/5.0 (compatible; Googlebot/2.1; +http://www.google.com/bot.html)"
66.249.74.137 - - [17/Jul/2025:11:11:36 -0400] "GET /robots.txt HTTP/1.1" 500 1034 "-" "Mozilla/5.0 (compatible; Googlebot/2.1; +http://www.google.com/bot.html)"
66.249.74.137 - - [17/Jul/2025:11:12:45 -0400] "GET /robots.txt HTTP/1.1" 500 1034 "-" "Mozilla/5.0 (compatible; Googlebot/2.1; +http://www.google.com/bot.html)"
66.249.74.162 - - [17/Jul/2025:11:12:49 -0400] "GET /robots.txt HTTP/1.1" 500 1034 "-" "Mozilla/5.0 (compatible; Googlebot/2.1; +http://www.google.com/bot.html)"
66.249.74.160 - - [17/Jul/2025:11:12:49 -0400] "GET /?a=58352186679609&channel=482fd1&from=product.php%3Fid%3D1866796-4237%26name%3D%E2%98%85%E6%A5%BD%E5%A4%A9%E3%82%B9%E3%83%BC%E3%83%91%E3%83%BC%E3%82%BB%E3%83%BC%E3%83%AB+30%25OFF%E2%98%85+%E3%83%AA%E3%83%A5%E3%82%AF%E3%82%B9%E3%82%A8%E3%82%A4%E3%82%B1%E3%82%A4%E3%82%A8%E3%83%A0%E3%83%97%E3%83%A9%E3%82%B9+LUXEAKMPLUS+%E3%82%B4%E3%83%AB%E3%83%95+TRACK+LONG+PANTS+%E3%82%B5%E3%82%A4%E3%83%89%E3%83%AD%E3%82%B4%E3%83%88%E3%83%A9%E3%83%83%E3%82%AF%E3%83%91%E3%83%B3%E3%83%84+LAB-23004 HTTP/1.1" 500 1034 "-" "Mozilla/5.0 (compatible; Googlebot/2.1; +http://www.google.com/bot.html)"
66.249.74.161 - - [17/Jul/2025:11:13:48 -0400] "GET /shopdetail/107339746 HTTP/1.1" 500 1034 "-" "Mozilla/5.0 (Linux; Android 6.0.1; Nexus 5X Build/MMB29P) AppleWebKit/537.36 (KHTML, like Gecko) Chrome/137.0.7151.103 Mobile Safari/537.36 (compatible; Googlebot/2.1; +http://www.google.com/bot.html)"
66.249.74.137 - - [17/Jul/2025:11:13:48 -0400] "GET /robots.txt HTTP/1.1" 500 1034 "-" "Mozilla/5.0 (compatible; Googlebot/2.1; +http://www.google.com/bot.html)"
66.249.74.137 - - [17/Jul/2025:11:15:11 -0400] "GET /robots.txt HTTP/1.1" 500 1034 "-" "Mozilla/5.0 (compatible; Googlebot/2.1; +http://www.google.com/bot.html)"
66.249.74.137 - - [17/Jul/2025:11:16:21 -0400] "GET /robots.txt HTTP/1.1" 500 1034 "-" "Mozilla/5.0 (compatible; Googlebot/2.1; +http://www.google.com/bot.html)"
66.249.74.137 - - [17/Jul/2025:11:17:35 -0400] "GET /robots.txt HTTP/1.1" 500 1034 "-" "Mozilla/5.0 (compatible; Googlebot/2.1; +http://www.google.com/bot.html)"
66.249.74.162 - - [17/Jul/2025:11:18:48 -0400] "GET /robots.txt HTTP/1.1" 500 1034 "-" "Mozilla/5.0 (compatible; Googlebot/2.1; +http://www.google.com/bot.html)"
66.249.74.160 - - [17/Jul/2025:11:18:48 -0400] "GET /shopdetail/114275646 HTTP/1.1" 500 1034 "-" "Mozilla/5.0 (compatible; Googlebot/2.1; +http://www.google.com/bot.html)"
66.249.74.137 - - [17/Jul/2025:11:18:50 -0400] "GET /robots.txt HTTP/1.1" 500 1034 "-" "Mozilla/5.0 (compatible; Googlebot/2.1; +http://www.google.com/bot.html)"
66.249.74.137 - - [17/Jul/2025:11:20:23 -0400] "GET /robots.txt HTTP/1.1" 500 1034 "-" "Mozilla/5.0 (compatible; Googlebot/2.1; +http://www.google.com/bot.html)"
66.249.74.137 - - [17/Jul/2025:11:23:30 -0400] "GET /robots.txt HTTP/1.1" 500 1034 "-" "Mozilla/5.0 (compatible; Googlebot/2.1; +http://www.google.com/bot.html)"
66.249.74.137 - - [17/Jul/2025:11:24:48 -0400] "GET /robots.txt HTTP/1.1" 500 1034 "-" "Mozilla/5.0 (compatible; Googlebot/2.1; +http://www.google.com/bot.html)"
66.249.74.160 - - [17/Jul/2025:11:25:25 -0400] "GET /robots.txt HTTP/1.1" 500 1034 "-" "Mozilla/5.0 (compatible; Googlebot/2.1; +http://www.google.com/bot.html)"
66.249.74.161 - - [17/Jul/2025:11:25:25 -0400] "GET /shopdetail/89858146 HTTP/1.1" 500 1034 "-" "Mozilla/5.0 (compatible; Googlebot/2.1; +http://www.google.com/bot.html)"
66.249.74.137 - - [17/Jul/2025:11:26:01 -0400] "GET /robots.txt HTTP/1.1" 500 1034 "-" "Mozilla/5.0 (compatible; Googlebot/2.1; +http://www.google.com/bot.html)"
66.249.74.161 - - [17/Jul/2025:11:26:13 -0400] "GET /shopdetail/126293146 HTTP/1.1" 500 1034 "-" "Mozilla/5.0 (compatible; Googlebot/2.1; +http://www.google.com/bot.html)"
66.249.74.161 - - [17/Jul/2025:11:26:13 -0400] "GET /shopdetail/126293146 HTTP/1.1" 500 1034 "-" "Mozilla/5.0 (Linux; Android 6.0.1; Nexus 5X Build/MMB29P) AppleWebKit/537.36 (KHTML, like Gecko) Chrome/137.0.7151.103 Mobile Safari/537.36 (compatible; Googlebot/2.1; +http://www.google.com/bot.html)"
66.249.74.137 - - [17/Jul/2025:11:27:04 -0400] "GET /robots.txt HTTP/1.1" 500 1034 "-" "Mozilla/5.0 (compatible; Googlebot/2.1; +http://www.google.com/bot.html)"
66.249.74.137 - - [17/Jul/2025:11:28:14 -0400] "GET /robots.txt HTTP/1.1" 500 1034 "-" "Mozilla/5.0 (compatible; Googlebot/2.1; +http://www.google.com/bot.html)"
66.249.74.137 - - [17/Jul/2025:11:29:27 -0400] "GET /robots.txt HTTP/1.1" 500 1034 "-" "Mozilla/5.0 (compatible; Googlebot/2.1; +http://www.google.com/bot.html)"
216.126.236.40 - - [17/Jul/2025:11:30:06 -0400] "GET /wp-content/plugins/about.php HTTP/1.1" 500 1215 "-" "Mozlila/5.0 (Linux; Android 7.0; SM-G892A Bulid/NRD90M; wv) AppleWebKit/537.36 (KHTML, like Gecko) Version/4.0 Chrome/60.0.3112.107 Moblie Safari/537.36"
216.126.236.40 - - [17/Jul/2025:11:30:29 -0400] "GET /geju.php HTTP/1.1" 500 1215 "-" "Mozlila/5.0 (Linux; Android 7.0; SM-G892A Bulid/NRD90M; wv) AppleWebKit/537.36 (KHTML, like Gecko) Version/4.0 Chrome/60.0.3112.107 Moblie Safari/537.36"
66.249.74.160 - - [17/Jul/2025:11:30:32 -0400] "GET /robots.txt HTTP/1.1" 500 1034 "-" "Mozilla/5.0 (compatible; Googlebot/2.1; +http://www.google.com/bot.html)"
66.249.74.160 - - [17/Jul/2025:11:30:32 -0400] "GET /index.phpsshopdetail/80609446 HTTP/1.1" 500 1034 "-" "Mozilla/5.0 (compatible; Googlebot/2.1; +http://www.google.com/bot.html)"
66.249.74.137 - - [17/Jul/2025:11:30:32 -0400] "GET /robots.txt HTTP/1.1" 500 1034 "-" "Mozilla/5.0 (compatible; Googlebot/2.1; +http://www.google.com/bot.html)"
66.249.74.162 - - [17/Jul/2025:11:30:32 -0400] "GET /?a=58352186679609&channel=482fd1&from=product.php%3Fid%3D1866796-4237%26name%3D%E2%98%85%E6%A5%BD%E5%A4%A9%E3%82%B9%E3%83%BC%E3%83%91%E3%83%BC%E3%82%BB%E3%83%BC%E3%83%AB+30%25OFF%E2%98%85+%E3%83%AA%E3%83%A5%E3%82%AF%E3%82%B9%E3%82%A8%E3%82%A4%E3%82%B1%E3%82%A4%E3%82%A8%E3%83%A0%E3%83%97%E3%83%A9%E3%82%B9+LUXEAKMPLUS+%E3%82%B4%E3%83%AB%E3%83%95+TRACK+LONG+PANTS+%E3%82%B5%E3%82%A4%E3%83%89%E3%83%AD%E3%82%B4%E3%83%88%E3%83%A9%E3%83%83%E3%82%AF%E3%83%91%E3%83%B3%E3%83%84+LAB-23004 HTTP/1.1" 500 1034 "-" "Mozilla/5.0 (compatible; Googlebot/2.1; +http://www.google.com/bot.html)"
66.249.74.161 - - [17/Jul/2025:11:30:32 -0400] "GET /shopdetail/158796446 HTTP/1.1" 500 1034 "-" "Mozilla/5.0 (compatible; Googlebot/2.1; +http://www.google.com/bot.html)"
216.126.236.40 - - [17/Jul/2025:11:31:30 -0400] "GET /wp.php HTTP/1.1" 500 1215 "-" "Mozlila/5.0 (Linux; Android 7.0; SM-G892A Bulid/NRD90M; wv) AppleWebKit/537.36 (KHTML, like Gecko) Version/4.0 Chrome/60.0.3112.107 Moblie Safari/537.36"
66.249.74.137 - - [17/Jul/2025:11:31:40 -0400] "GET /robots.txt HTTP/1.1" 500 1034 "-" "Mozilla/5.0 (compatible; Googlebot/2.1; +http://www.google.com/bot.html)"
66.249.74.137 - - [17/Jul/2025:11:32:50 -0400] "GET /robots.txt HTTP/1.1" 500 1034 "-" "Mozilla/5.0 (compatible; Googlebot/2.1; +http://www.google.com/bot.html)"
66.249.74.137 - - [17/Jul/2025:11:33:58 -0400] "GET /robots.txt HTTP/1.1" 500 1034 "-" "Mozilla/5.0 (compatible; Googlebot/2.1; +http://www.google.com/bot.html)"
66.249.74.160 - - [17/Jul/2025:11:34:20 -0400] "GET /shopdetail/139319946 HTTP/1.1" 500 1034 "-" "Mozilla/5.0 (Linux; Android 6.0.1; Nexus 5X Build/MMB29P) AppleWebKit/537.36 (KHTML, like Gecko) Chrome/137.0.7151.103 Mobile Safari/537.36 (compatible; Googlebot/2.1; +http://www.google.com/bot.html)"
66.249.74.160 - - [17/Jul/2025:11:34:20 -0400] "GET /robots.txt HTTP/1.1" 500 1034 "-" "Mozilla/5.0 (compatible; Googlebot/2.1; +http://www.google.com/bot.html)"
66.249.74.137 - - [17/Jul/2025:11:37:05 -0400] "GET /robots.txt HTTP/1.1" 500 1034 "-" "Mozilla/5.0 (compatible; Googlebot/2.1; +http://www.google.com/bot.html)"
66.249.74.137 - - [17/Jul/2025:11:38:27 -0400] "GET /robots.txt HTTP/1.1" 500 1034 "-" "Mozilla/5.0 (compatible; Googlebot/2.1; +http://www.google.com/bot.html)"
66.249.74.137 - - [17/Jul/2025:11:39:28 -0400] "GET /robots.txt HTTP/1.1" 500 1034 "-" "Mozilla/5.0 (compatible; Googlebot/2.1; +http://www.google.com/bot.html)"
66.249.74.137 - - [17/Jul/2025:11:40:38 -0400] "GET /robots.txt HTTP/1.1" 500 1034 "-" "Mozilla/5.0 (compatible; Googlebot/2.1; +http://www.google.com/bot.html)"
66.249.74.160 - - [17/Jul/2025:11:40:55 -0400] "GET /robots.txt HTTP/1.1" 500 1034 "-" "Mozilla/5.0 (compatible; Googlebot/2.1; +http://www.google.com/bot.html)"
66.249.74.162 - - [17/Jul/2025:11:40:55 -0400] "GET /shopdetail/138825146 HTTP/1.1" 500 1034 "-" "Mozilla/5.0 (Linux; Android 6.0.1; Nexus 5X Build/MMB29P) AppleWebKit/537.36 (KHTML, like Gecko) Chrome/137.0.7151.103 Mobile Safari/537.36 (compatible; Googlebot/2.1; +http://www.google.com/bot.html)"
66.249.74.137 - - [17/Jul/2025:11:41:50 -0400] "GET /robots.txt HTTP/1.1" 500 1034 "-" "Mozilla/5.0 (compatible; Googlebot/2.1; +http://www.google.com/bot.html)"
66.249.74.137 - - [17/Jul/2025:11:42:53 -0400] "GET /robots.txt HTTP/1.1" 500 1034 "-" "Mozilla/5.0 (compatible; Googlebot/2.1; +http://www.google.com/bot.html)"
66.249.74.160 - - [17/Jul/2025:11:43:35 -0400] "GET /shopdetail/144001946 HTTP/1.1" 500 1034 "-" "Mozilla/5.0 (Linux; Android 6.0.1; Nexus 5X Build/MMB29P) AppleWebKit/537.36 (KHTML, like Gecko) Chrome/137.0.7151.103 Mobile Safari/537.36 (compatible; Googlebot/2.1; +http://www.google.com/bot.html)"
66.249.74.160 - - [17/Jul/2025:11:43:35 -0400] "GET /robots.txt HTTP/1.1" 500 1034 "-" "Mozilla/5.0 (compatible; Googlebot/2.1; +http://www.google.com/bot.html)"
66.249.74.160 - - [17/Jul/2025:11:43:44 -0400] "GET /index.php/vintagegame.html HTTP/1.1" 500 1034 "-" "Mozilla/5.0 (Linux; Android 6.0.1; Nexus 5X Build/MMB29P) AppleWebKit/537.36 (KHTML, like Gecko) Chrome/137.0.7151.103 Mobile Safari/537.36 (compatible; Googlebot/2.1; +http://www.google.com/bot.html)"
66.249.74.137 - - [17/Jul/2025:11:43:55 -0400] "GET /robots.txt HTTP/1.1" 500 1034 "-" "Mozilla/5.0 (compatible; Googlebot/2.1; +http://www.google.com/bot.html)"
66.249.74.162 - - [17/Jul/2025:11:44:25 -0400] "GET /?a=97301134904000&channel=240b5b&from=article.php%3Fid%3D1349040-21610%26name%3D10%E5%80%8B+%E3%83%AF%E3%83%B3%E3%82%BF%E3%83%83%E3%83%81%E3%83%97%E3%83%83%E3%82%B7%E3%83%A5%E3%82%A4%E3%83%B3%E3%82%A8%E3%82%A2%E7%A9%BA%E6%B0%97%E5%9C%A7%E3%83%95%E3%82%A3%E3%83%83%E3%83%86%E3%82%A3%E3%83%B3%E3%82%B0+%E3%82%AF%E3%82%A4%E3%83%83%E3%82%AF%E3%82%B3%E3%83%8D%E3%82%AF%E3%82%BF%E7%B6%99%E6%89%8B+%E3%83%97%E3%83%A9%E3%82%B9%E3%83%81%E3%83%83%E3%82%AF%E3%82%AC%E3%82%B9+%E3%83%96%E3%83%A9%E3%83%83%E3%82%AF+L%E5%AD%97%E5%9E%8B%E3%82%A8%E3%83%AB%E3%83%9C+4mm%E3%81%8B%E3%82%891 HTTP/1.1" 500 1034 "-" "Mozilla/5.0 (Linux; Android 6.0.1; Nexus 5X Build/MMB29P) AppleWebKit/537.36 (KHTML, like Gecko) Chrome/137.0.7151.103 Mobile Safari/537.36 (compatible; Googlebot/2.1; +http://www.google.com/bot.html)"
66.249.74.137 - - [17/Jul/2025:11:45:02 -0400] "GET /robots.txt HTTP/1.1" 500 1034 "-" "Mozilla/5.0 (compatible; Googlebot/2.1; +http://www.google.com/bot.html)"
40.77.167.77 - - [17/Jul/2025:11:46:01 -0400] "GET /sweet-surrender/ HTTP/1.1" 500 1034 "-" "Mozilla/5.0 AppleWebKit/537.36 (KHTML, like Gecko; compatible; bingbot/2.0; +http://www.bing.com/bingbot.htm) Chrome/116.0.1938.76 Safari/537.36"
66.249.74.160 - - [17/Jul/2025:11:46:09 -0400] "GET /index.phpsshopdetail/152357346 HTTP/1.1" 500 1034 "-" "Mozilla/5.0 (Linux; Android 6.0.1; Nexus 5X Build/MMB29P) AppleWebKit/537.36 (KHTML, like Gecko) Chrome/137.0.7151.103 Mobile Safari/537.36 (compatible; Googlebot/2.1; +http://www.google.com/bot.html)"
66.249.74.161 - - [17/Jul/2025:11:46:09 -0400] "GET /robots.txt HTTP/1.1" 500 1034 "-" "Mozilla/5.0 (compatible; Googlebot/2.1; +http://www.google.com/bot.html)"
66.249.74.137 - - [17/Jul/2025:11:46:10 -0400] "GET /robots.txt HTTP/1.1" 500 1034 "-" "Mozilla/5.0 (compatible; Googlebot/2.1; +http://www.google.com/bot.html)"
66.249.74.137 - - [17/Jul/2025:11:47:12 -0400] "GET /robots.txt HTTP/1.1" 500 1034 "-" "Mozilla/5.0 (compatible; Googlebot/2.1; +http://www.google.com/bot.html)"
66.249.74.160 - - [17/Jul/2025:11:48:20 -0400] "GET /robots.txt HTTP/1.1" 500 1034 "-" "Mozilla/5.0 (compatible; Googlebot/2.1; +http://www.google.com/bot.html)"
66.249.74.161 - - [17/Jul/2025:11:48:20 -0400] "GET /shopdetail/97009446 HTTP/1.1" 500 1034 "-" "Mozilla/5.0 (compatible; Googlebot/2.1; +http://www.google.com/bot.html)"
51.68.236.73 - - [17/Jul/2025:11:49:37 -0400] "GET /robots.txt HTTP/1.1" 500 1034 "-" "Mozilla/5.0 (compatible; MJ12bot/v2.0.2; http://mj12bot.com/)"
66.249.74.137 - - [17/Jul/2025:11:50:17 -0400] "GET /robots.txt HTTP/1.1" 500 1034 "-" "Mozilla/5.0 (compatible; Googlebot/2.1; +http://www.google.com/bot.html)"
45.14.195.16 - - [17/Jul/2025:11:51:00 -0400] "GET / HTTP/1.1" 500 2653 "-" "Mozilla/5.0 (Windows; U; Windows NT 6.0; en-US; rv:1.9.0.3) Gecko/2008092417 Firefox/3.0.3"
66.249.74.137 - - [17/Jul/2025:11:51:20 -0400] "GET /robots.txt HTTP/1.1" 500 1034 "-" "Mozilla/5.0 (compatible; Googlebot/2.1; +http://www.google.com/bot.html)"
66.249.74.137 - - [17/Jul/2025:11:52:29 -0400] "GET /robots.txt HTTP/1.1" 500 1034 "-" "Mozilla/5.0 (compatible; Googlebot/2.1; +http://www.google.com/bot.html)"
66.249.74.137 - - [17/Jul/2025:11:53:38 -0400] "GET /robots.txt HTTP/1.1" 500 1034 "-" "Mozilla/5.0 (compatible; Googlebot/2.1; +http://www.google.com/bot.html)"
66.249.74.137 - - [17/Jul/2025:11:54:51 -0400] "GET /robots.txt HTTP/1.1" 500 1034 "-" "Mozilla/5.0 (compatible; Googlebot/2.1; +http://www.google.com/bot.html)"
66.249.74.137 - - [17/Jul/2025:11:56:02 -0400] "GET /robots.txt HTTP/1.1" 500 1034 "-" "Mozilla/5.0 (compatible; Googlebot/2.1; +http://www.google.com/bot.html)"
66.249.74.162 - - [17/Jul/2025:11:56:14 -0400] "GET /shopdetail/128205446 HTTP/1.1" 500 1034 "-" "Mozilla/5.0 (compatible; Googlebot/2.1; +http://www.google.com/bot.html)"
66.249.74.161 - - [17/Jul/2025:11:56:14 -0400] "GET /robots.txt HTTP/1.1" 500 1034 "-" "Mozilla/5.0 (compatible; Googlebot/2.1; +http://www.google.com/bot.html)"
66.249.74.160 - - [17/Jul/2025:11:56:57 -0400] "GET /shopdetail/141023046 HTTP/1.1" 500 1034 "-" "Mozilla/5.0 (compatible; Googlebot/2.1; +http://www.google.com/bot.html)"
66.249.74.137 - - [17/Jul/2025:11:57:05 -0400] "GET /robots.txt HTTP/1.1" 500 1034 "-" "Mozilla/5.0 (compatible; Googlebot/2.1; +http://www.google.com/bot.html)"
66.249.74.137 - - [17/Jul/2025:11:58:13 -0400] "GET /robots.txt HTTP/1.1" 500 1034 "-" "Mozilla/5.0 (compatible; Googlebot/2.1; +http://www.google.com/bot.html)"
170.106.15.3 - - [17/Jul/2025:11:58:42 -0400] "GET / HTTP/1.1" 500 1215 "http://www.katmoulton.com" "Mozilla/5.0 (iPhone; CPU iPhone OS 13_2_3 like Mac OS X) AppleWebKit/605.1.15 (KHTML, like Gecko) Version/13.0.3 Mobile/15E148 Safari/604.1"
77.75.78.164 - - [17/Jul/2025:11:59:03 -0400] "GET /survivorarchetypes/ HTTP/1.1" 500 1215 "-" "Mozilla/5.0 (compatible; SeznamBot/4.0; +https://o-seznam.cz/napoveda/vyhledavani/en/seznambot-crawler/)"
66.249.74.137 - - [17/Jul/2025:11:59:15 -0400] "GET /robots.txt HTTP/1.1" 500 1034 "-" "Mozilla/5.0 (compatible; Googlebot/2.1; +http://www.google.com/bot.html)"
66.249.74.161 - - [17/Jul/2025:11:59:32 -0400] "GET /index.phpsshopdetail/55201146 HTTP/1.1" 500 1034 "-" "Mozilla/5.0 (Linux; Android 6.0.1; Nexus 5X Build/MMB29P) AppleWebKit/537.36 (KHTML, like Gecko) Chrome/137.0.7151.103 Mobile Safari/537.36 (compatible; Googlebot/2.1; +http://www.google.com/bot.html)"
66.249.74.162 - - [17/Jul/2025:11:59:32 -0400] "GET /robots.txt HTTP/1.1" 500 1034 "-" "Mozilla/5.0 (compatible; Googlebot/2.1; +http://www.google.com/bot.html)"
66.249.74.137 - - [17/Jul/2025:12:00:16 -0400] "GET /robots.txt HTTP/1.1" 500 1034 "-" "Mozilla/5.0 (compatible; Googlebot/2.1; +http://www.google.com/bot.html)"
66.249.74.137 - - [17/Jul/2025:12:03:34 -0400] "GET /robots.txt HTTP/1.1" 500 1034 "-" "Mozilla/5.0 (compatible; Googlebot/2.1; +http://www.google.com/bot.html)"
66.249.74.161 - - [17/Jul/2025:12:03:57 -0400] "GET /shopdetail/142981146 HTTP/1.1" 500 1034 "-" "Mozilla/5.0 (compatible; Googlebot/2.1; +http://www.google.com/bot.html)"
66.249.74.161 - - [17/Jul/2025:12:03:57 -0400] "GET /robots.txt HTTP/1.1" 500 1034 "-" "Mozilla/5.0 (compatible; Googlebot/2.1; +http://www.google.com/bot.html)"
66.249.74.162 - - [17/Jul/2025:12:04:20 -0400] "GET /shopdetail/133711846 HTTP/1.1" 500 1034 "-" "Mozilla/5.0 (compatible; Googlebot/2.1; +http://www.google.com/bot.html)"
66.249.74.137 - - [17/Jul/2025:12:04:47 -0400] "GET /robots.txt HTTP/1.1" 500 1034 "-" "Mozilla/5.0 (compatible; Googlebot/2.1; +http://www.google.com/bot.html)"
52.167.144.147 - - [17/Jul/2025:12:05:33 -0400] "GET /?a=92211120384000&channel=a4ccd7&from=brands.php%3Fid%3D1203840-4552%26name%3D%E3%83%87%E3%82%B8%E3%82%BF%E3%83%AB%E6%8F%A1%E5%8A%9B%E8%A8%88%E3%80%80%E3%83%9C%E3%83%BC%E3%83%88%E3%83%AC%E3%83%BC%E3%82%B5%E3%83%BC%E8%A9%A6%E9%A8%93 HTTP/1.1" 500 1034 "-" "Mozilla/5.0 AppleWebKit/537.36 (KHTML, like Gecko; compatible; bingbot/2.0; +http://www.bing.com/bingbot.htm) Chrome/116.0.1938.76 Safari/537.36"
66.249.74.137 - - [17/Jul/2025:12:05:49 -0400] "GET /robots.txt HTTP/1.1" 500 1034 "-" "Mozilla/5.0 (compatible; Googlebot/2.1; +http://www.google.com/bot.html)"
66.249.74.137 - - [17/Jul/2025:12:06:53 -0400] "GET /robots.txt HTTP/1.1" 500 1034 "-" "Mozilla/5.0 (compatible; Googlebot/2.1; +http://www.google.com/bot.html)"
66.249.74.137 - - [17/Jul/2025:12:07:54 -0400] "GET /robots.txt HTTP/1.1" 500 1034 "-" "Mozilla/5.0 (compatible; Googlebot/2.1; +http://www.google.com/bot.html)"
66.249.74.137 - - [17/Jul/2025:12:08:56 -0400] "GET /robots.txt HTTP/1.1" 500 1034 "-" "Mozilla/5.0 (compatible; Googlebot/2.1; +http://www.google.com/bot.html)"
66.249.74.137 - - [17/Jul/2025:12:09:58 -0400] "GET /robots.txt HTTP/1.1" 500 1034 "-" "Mozilla/5.0 (compatible; Googlebot/2.1; +http://www.google.com/bot.html)"
66.249.74.160 - - [17/Jul/2025:12:10:32 -0400] "GET /shopdetail/25200546 HTTP/1.1" 500 1034 "-" "Mozilla/5.0 (compatible; Googlebot/2.1; +http://www.google.com/bot.html)"
66.249.74.161 - - [17/Jul/2025:12:10:32 -0400] "GET /robots.txt HTTP/1.1" 500 1034 "-" "Mozilla/5.0 (compatible; Googlebot/2.1; +http://www.google.com/bot.html)"
66.249.74.137 - - [17/Jul/2025:12:11:02 -0400] "GET /robots.txt HTTP/1.1" 500 1034 "-" "Mozilla/5.0 (compatible; Googlebot/2.1; +http://www.google.com/bot.html)"
66.249.74.160 - - [17/Jul/2025:12:12:02 -0400] "GET /shopdetail/39485846 HTTP/1.1" 500 1034 "-" "Mozilla/5.0 (Linux; Android 6.0.1; Nexus 5X Build/MMB29P) AppleWebKit/537.36 (KHTML, like Gecko) Chrome/137.0.7151.103 Mobile Safari/537.36 (compatible; Googlebot/2.1; +http://www.google.com/bot.html)"
66.249.74.162 - - [17/Jul/2025:12:12:02 -0400] "GET /robots.txt HTTP/1.1" 500 1034 "-" "Mozilla/5.0 (compatible; Googlebot/2.1; +http://www.google.com/bot.html)"
66.249.74.137 - - [17/Jul/2025:12:12:28 -0400] "GET /robots.txt HTTP/1.1" 500 1034 "-" "Mozilla/5.0 (compatible; Googlebot/2.1; +http://www.google.com/bot.html)"
66.249.74.162 - - [17/Jul/2025:12:13:12 -0400] "GET /robots.txt HTTP/1.1" 500 1034 "-" "Mozilla/5.0 (compatible; Googlebot/2.1; +http://www.google.com/bot.html)"
66.249.74.162 - - [17/Jul/2025:12:13:12 -0400] "GET /shopdetail/72474446 HTTP/1.1" 500 1034 "-" "Mozilla/5.0 (Linux; Android 6.0.1; Nexus 5X Build/MMB29P) AppleWebKit/537.36 (KHTML, like Gecko) Chrome/137.0.7151.103 Mobile Safari/537.36 (compatible; Googlebot/2.1; +http://www.google.com/bot.html)"
66.249.74.137 - - [17/Jul/2025:12:13:36 -0400] "GET /robots.txt HTTP/1.1" 500 1034 "-" "Mozilla/5.0 (compatible; Googlebot/2.1; +http://www.google.com/bot.html)"
66.249.74.162 - - [17/Jul/2025:12:14:31 -0400] "GET /index.phpsshopdetail/135662946 HTTP/1.1" 500 1034 "-" "Mozilla/5.0 (Linux; Android 6.0.1; Nexus 5X Build/MMB29P) AppleWebKit/537.36 (KHTML, like Gecko) Chrome/137.0.7151.103 Mobile Safari/537.36 (compatible; Googlebot/2.1; +http://www.google.com/bot.html)"
66.249.74.162 - - [17/Jul/2025:12:14:31 -0400] "GET /robots.txt HTTP/1.1" 500 1034 "-" "Mozilla/5.0 (compatible; Googlebot/2.1; +http://www.google.com/bot.html)"
66.249.74.137 - - [17/Jul/2025:12:16:42 -0400] "GET /robots.txt HTTP/1.1" 500 1034 "-" "Mozilla/5.0 (compatible; Googlebot/2.1; +http://www.google.com/bot.html)"
66.249.74.137 - - [17/Jul/2025:12:17:44 -0400] "GET /robots.txt HTTP/1.1" 500 1034 "-" "Mozilla/5.0 (compatible; Googlebot/2.1; +http://www.google.com/bot.html)"
66.249.74.137 - - [17/Jul/2025:12:18:51 -0400] "GET /robots.txt HTTP/1.1" 500 1034 "-" "Mozilla/5.0 (compatible; Googlebot/2.1; +http://www.google.com/bot.html)"
66.249.74.137 - - [17/Jul/2025:12:20:04 -0400] "GET /robots.txt HTTP/1.1" 500 1034 "-" "Mozilla/5.0 (compatible; Googlebot/2.1; +http://www.google.com/bot.html)"
66.249.74.160 - - [17/Jul/2025:12:20:20 -0400] "GET /robots.txt HTTP/1.1" 500 1034 "-" "Mozilla/5.0 (compatible; Googlebot/2.1; +http://www.google.com/bot.html)"
66.249.74.161 - - [17/Jul/2025:12:20:20 -0400] "GET /index.phpsshopdetail/32980246 HTTP/1.1" 500 1034 "-" "Mozilla/5.0 (Linux; Android 6.0.1; Nexus 5X Build/MMB29P) AppleWebKit/537.36 (KHTML, like Gecko) Chrome/137.0.7151.103 Mobile Safari/537.36 (compatible; Googlebot/2.1; +http://www.google.com/bot.html)"
66.249.74.160 - - [17/Jul/2025:12:20:52 -0400] "GET /shopdetail/9128446 HTTP/1.1" 500 1034 "-" "Mozilla/5.0 (Linux; Android 6.0.1; Nexus 5X Build/MMB29P) AppleWebKit/537.36 (KHTML, like Gecko) Chrome/137.0.7151.103 Mobile Safari/537.36 (compatible; Googlebot/2.1; +http://www.google.com/bot.html)"
66.249.74.161 - - [17/Jul/2025:12:20:52 -0400] "GET /shopdetail/9128446 HTTP/1.1" 500 1034 "-" "Mozilla/5.0 (compatible; Googlebot/2.1; +http://www.google.com/bot.html)"
66.249.74.137 - - [17/Jul/2025:12:21:06 -0400] "GET /robots.txt HTTP/1.1" 500 1034 "-" "Mozilla/5.0 (compatible; Googlebot/2.1; +http://www.google.com/bot.html)"
66.249.74.137 - - [17/Jul/2025:12:22:33 -0400] "GET /robots.txt HTTP/1.1" 500 1034 "-" "Mozilla/5.0 (compatible; Googlebot/2.1; +http://www.google.com/bot.html)"
66.249.74.137 - - [17/Jul/2025:12:23:35 -0400] "GET /robots.txt HTTP/1.1" 500 1034 "-" "Mozilla/5.0 (compatible; Googlebot/2.1; +http://www.google.com/bot.html)"
66.249.74.137 - - [17/Jul/2025:12:24:50 -0400] "GET /robots.txt HTTP/1.1" 500 1034 "-" "Mozilla/5.0 (compatible; Googlebot/2.1; +http://www.google.com/bot.html)"
66.249.74.137 - - [17/Jul/2025:12:25:51 -0400] "GET /robots.txt HTTP/1.1" 500 1034 "-" "Mozilla/5.0 (compatible; Googlebot/2.1; +http://www.google.com/bot.html)"
66.249.74.137 - - [17/Jul/2025:12:27:34 -0400] "GET /robots.txt HTTP/1.1" 500 1034 "-" "Mozilla/5.0 (compatible; Googlebot/2.1; +http://www.google.com/bot.html)"
66.249.74.160 - - [17/Jul/2025:12:27:56 -0400] "GET /index.phpsshopdetail/108588946 HTTP/1.1" 500 1034 "-" "Mozilla/5.0 (Linux; Android 6.0.1; Nexus 5X Build/MMB29P) AppleWebKit/537.36 (KHTML, like Gecko) Chrome/137.0.7151.103 Mobile Safari/537.36 (compatible; Googlebot/2.1; +http://www.google.com/bot.html)"
66.249.74.162 - - [17/Jul/2025:12:27:56 -0400] "GET /robots.txt HTTP/1.1" 500 1034 "-" "Mozilla/5.0 (compatible; Googlebot/2.1; +http://www.google.com/bot.html)"
20.15.133.160 - - [17/Jul/2025:12:30:12 -0400] "GET /shopdetail/75693846 HTTP/1.1" 500 1034 "-" "Mozilla/5.0 AppleWebKit/537.36 (KHTML, like Gecko; compatible; bingbot/2.0; +http://www.bing.com/bingbot.htm) Chrome/116.0.1938.76 Safari/537.36"
66.249.74.137 - - [17/Jul/2025:12:31:15 -0400] "GET /robots.txt HTTP/1.1" 500 1034 "-" "Mozilla/5.0 (compatible; Googlebot/2.1; +http://www.google.com/bot.html)"
66.249.74.137 - - [17/Jul/2025:12:32:21 -0400] "GET /robots.txt HTTP/1.1" 500 1034 "-" "Mozilla/5.0 (compatible; Googlebot/2.1; +http://www.google.com/bot.html)"
66.249.74.162 - - [17/Jul/2025:12:33:01 -0400] "GET /robots.txt HTTP/1.1" 500 1034 "-" "Mozilla/5.0 (compatible; Googlebot/2.1; +http://www.google.com/bot.html)"
66.249.74.162 - - [17/Jul/2025:12:33:01 -0400] "GET /index.phpsshopdetail/122021746 HTTP/1.1" 500 1034 "-" "Mozilla/5.0 (compatible; Googlebot/2.1; +http://www.google.com/bot.html)"
66.249.74.137 - - [17/Jul/2025:12:33:29 -0400] "GET /robots.txt HTTP/1.1" 500 1034 "-" "Mozilla/5.0 (compatible; Googlebot/2.1; +http://www.google.com/bot.html)"
66.249.74.161 - - [17/Jul/2025:12:34:19 -0400] "GET /robots.txt HTTP/1.1" 500 1034 "-" "Mozilla/5.0 (compatible; Googlebot/2.1; +http://www.google.com/bot.html)"
66.249.74.160 - - [17/Jul/2025:12:34:19 -0400] "GET /shopdetail/14431546 HTTP/1.1" 500 1034 "-" "Mozilla/5.0 (Linux; Android 6.0.1; Nexus 5X Build/MMB29P) AppleWebKit/537.36 (KHTML, like Gecko) Chrome/137.0.7151.103 Mobile Safari/537.36 (compatible; Googlebot/2.1; +http://www.google.com/bot.html)"
66.249.74.137 - - [17/Jul/2025:12:34:44 -0400] "GET /robots.txt HTTP/1.1" 500 1034 "-" "Mozilla/5.0 (compatible; Googlebot/2.1; +http://www.google.com/bot.html)"
77.75.76.164 - - [17/Jul/2025:12:34:57 -0400] "GET /work-with-me HTTP/1.1" 500 1215 "-" "Mozilla/5.0 (compatible; SeznamBot/4.0; +https://o-seznam.cz/napoveda/vyhledavani/en/seznambot-crawler/)"
66.249.74.162 - - [17/Jul/2025:12:35:25 -0400] "GET /shopdetail/100155246 HTTP/1.1" 500 1034 "-" "Mozilla/5.0 (compatible; Googlebot/2.1; +http://www.google.com/bot.html)"
66.249.74.161 - - [17/Jul/2025:12:35:25 -0400] "GET /robots.txt HTTP/1.1" 500 1034 "-" "Mozilla/5.0 (compatible; Googlebot/2.1; +http://www.google.com/bot.html)"
66.249.74.162 - - [17/Jul/2025:12:35:28 -0400] "GET /index.phpsshopdetail/1147546 HTTP/1.1" 500 1034 "-" "Mozilla/5.0 (compatible; Googlebot/2.1; +http://www.google.com/bot.html)"
66.249.74.160 - - [17/Jul/2025:12:36:06 -0400] "GET /shopdetail/60148546 HTTP/1.1" 500 1034 "-" "Mozilla/5.0 (Linux; Android 6.0.1; Nexus 5X Build/MMB29P) AppleWebKit/537.36 (KHTML, like Gecko) Chrome/137.0.7151.103 Mobile Safari/537.36 (compatible; Googlebot/2.1; +http://www.google.com/bot.html)"
66.249.74.137 - - [17/Jul/2025:12:36:23 -0400] "GET /robots.txt HTTP/1.1" 500 1034 "-" "Mozilla/5.0 (compatible; Googlebot/2.1; +http://www.google.com/bot.html)"
66.249.74.137 - - [17/Jul/2025:12:37:27 -0400] "GET /robots.txt HTTP/1.1" 500 1034 "-" "Mozilla/5.0 (compatible; Googlebot/2.1; +http://www.google.com/bot.html)"
66.249.74.137 - - [17/Jul/2025:12:38:29 -0400] "GET /robots.txt HTTP/1.1" 500 1034 "-" "Mozilla/5.0 (compatible; Googlebot/2.1; +http://www.google.com/bot.html)"
66.249.74.137 - - [17/Jul/2025:12:39:32 -0400] "GET /robots.txt HTTP/1.1" 500 1034 "-" "Mozilla/5.0 (compatible; Googlebot/2.1; +http://www.google.com/bot.html)"
66.249.74.137 - - [17/Jul/2025:12:40:52 -0400] "GET /robots.txt HTTP/1.1" 500 1034 "-" "Mozilla/5.0 (compatible; Googlebot/2.1; +http://www.google.com/bot.html)"
66.249.74.160 - - [17/Jul/2025:12:41:25 -0400] "GET /shopdetail/108937646 HTTP/1.1" 500 1034 "-" "Mozilla/5.0 (compatible; Googlebot/2.1; +http://www.google.com/bot.html)"
66.249.74.161 - - [17/Jul/2025:12:41:25 -0400] "GET /robots.txt HTTP/1.1" 500 1034 "-" "Mozilla/5.0 (compatible; Googlebot/2.1; +http://www.google.com/bot.html)"
66.249.74.162 - - [17/Jul/2025:12:41:25 -0400] "GET /shopdetail/108937646 HTTP/1.1" 500 1034 "-" "Mozilla/5.0 (Linux; Android 6.0.1; Nexus 5X Build/MMB29P) AppleWebKit/537.36 (KHTML, like Gecko) Chrome/137.0.7151.103 Mobile Safari/537.36 (compatible; Googlebot/2.1; +http://www.google.com/bot.html)"
66.249.74.137 - - [17/Jul/2025:12:44:05 -0400] "GET /robots.txt HTTP/1.1" 500 1034 "-" "Mozilla/5.0 (compatible; Googlebot/2.1; +http://www.google.com/bot.html)"
66.249.74.137 - - [17/Jul/2025:12:45:14 -0400] "GET /robots.txt HTTP/1.1" 500 1034 "-" "Mozilla/5.0 (compatible; Googlebot/2.1; +http://www.google.com/bot.html)"
66.249.74.137 - - [17/Jul/2025:12:46:21 -0400] "GET /robots.txt HTTP/1.1" 500 1034 "-" "Mozilla/5.0 (compatible; Googlebot/2.1; +http://www.google.com/bot.html)"
66.249.74.137 - - [17/Jul/2025:12:47:33 -0400] "GET /robots.txt HTTP/1.1" 500 1034 "-" "Mozilla/5.0 (compatible; Googlebot/2.1; +http://www.google.com/bot.html)"
66.249.74.137 - - [17/Jul/2025:12:48:39 -0400] "GET /robots.txt HTTP/1.1" 500 1034 "-" "Mozilla/5.0 (compatible; Googlebot/2.1; +http://www.google.com/bot.html)"
66.249.74.137 - - [17/Jul/2025:12:49:41 -0400] "GET /robots.txt HTTP/1.1" 500 1034 "-" "Mozilla/5.0 (compatible; Googlebot/2.1; +http://www.google.com/bot.html)"
66.249.74.137 - - [17/Jul/2025:12:50:43 -0400] "GET /robots.txt HTTP/1.1" 500 1034 "-" "Mozilla/5.0 (compatible; Googlebot/2.1; +http://www.google.com/bot.html)"
66.249.74.161 - - [17/Jul/2025:12:51:51 -0400] "GET /shopdetail/29748246 HTTP/1.1" 500 1034 "-" "Mozilla/5.0 (compatible; Googlebot/2.1; +http://www.google.com/bot.html)"
66.249.74.162 - - [17/Jul/2025:12:51:51 -0400] "GET /robots.txt HTTP/1.1" 500 1034 "-" "Mozilla/5.0 (compatible; Googlebot/2.1; +http://www.google.com/bot.html)"
66.249.74.137 - - [17/Jul/2025:12:51:56 -0400] "GET /robots.txt HTTP/1.1" 500 1034 "-" "Mozilla/5.0 (compatible; Googlebot/2.1; +http://www.google.com/bot.html)"
66.249.74.162 - - [17/Jul/2025:12:52:31 -0400] "GET /index.phpsshopdetail/70496346 HTTP/1.1" 500 1034 "-" "Mozilla/5.0 (compatible; Googlebot/2.1; +http://www.google.com/bot.html)"
66.249.74.137 - - [17/Jul/2025:12:52:58 -0400] "GET /robots.txt HTTP/1.1" 500 1034 "-" "Mozilla/5.0 (compatible; Googlebot/2.1; +http://www.google.com/bot.html)"
43.159.132.207 - - [17/Jul/2025:12:53:08 -0400] "GET / HTTP/1.1" 500 1215 "http://executivecoach.boston" "Mozilla/5.0 (iPhone; CPU iPhone OS 13_2_3 like Mac OS X) AppleWebKit/605.1.15 (KHTML, like Gecko) Version/13.0.3 Mobile/15E148 Safari/604.1"
66.249.74.137 - - [17/Jul/2025:12:54:00 -0400] "GET /robots.txt HTTP/1.1" 500 1034 "-" "Mozilla/5.0 (compatible; Googlebot/2.1; +http://www.google.com/bot.html)"
66.249.74.129 - - [17/Jul/2025:12:55:13 -0400] "GET /index.php/safe_search/config/shopdetail/155059146/shopdetail/145333646/feature/idol/gradol.html/shopdetail/89902446/pcmypage/shopdetail/68497846/hobby/boardgame/index.html HTTP/1.1" 500 1034 "-" "Mozilla/5.0 (Linux; Android 6.0.1; Nexus 5X Build/MMB29P) AppleWebKit/537.36 (KHTML, like Gecko) Chrome/137.0.7151.103 Mobile Safari/537.36 (compatible; Googlebot/2.1; +http://www.google.com/bot.html)"
66.249.74.137 - - [17/Jul/2025:12:55:30 -0400] "GET /index.php/zhHant/product/surugaya/98389501/feature/index.html/shopdetail/163548646/shopdetail/103767246 HTTP/1.1" 500 1034 "-" "Mozilla/5.0 (Linux; Android 6.0.1; Nexus 5X Build/MMB29P) AppleWebKit/537.36 (KHTML, like Gecko) Chrome/137.0.7151.103 Mobile Safari/537.36 (compatible; Googlebot/2.1; +http://www.google.com/bot.html)"
66.249.74.160 - - [17/Jul/2025:12:55:41 -0400] "GET /shopdetail/128820946 HTTP/1.1" 500 1034 "-" "Mozilla/5.0 (Linux; Android 6.0.1; Nexus 5X Build/MMB29P) AppleWebKit/537.36 (KHTML, like Gecko) Chrome/137.0.7151.103 Mobile Safari/537.36 (compatible; Googlebot/2.1; +http://www.google.com/bot.html)"
66.249.74.160 - - [17/Jul/2025:12:55:41 -0400] "GET /robots.txt HTTP/1.1" 500 1034 "-" "Mozilla/5.0 (compatible; Googlebot/2.1; +http://www.google.com/bot.html)"
66.249.74.137 - - [17/Jul/2025:12:55:47 -0400] "GET /index.php/safe_search/config/shopdetail/155059146/shopdetail/145333646/feature/idol/gradol.html/shopdetail/89902446/pcmypage/shopdetail/68497846/shopdetail/16825046 HTTP/1.1" 500 1034 "-" "Mozilla/5.0 (Linux; Android 6.0.1; Nexus 5X Build/MMB29P) AppleWebKit/537.36 (KHTML, like Gecko) Chrome/137.0.7151.103 Mobile Safari/537.36 (compatible; Googlebot/2.1; +http://www.google.com/bot.html)"
66.249.74.129 - - [17/Jul/2025:12:56:05 -0400] "GET /index.php/zhHant/product/surugaya/82387705/shopdetail/108851946/shopdetail/14596546/feature/yokohama_maruicity/index.html/shopdetail/105719946/shopdetail/26650846/kaden.html HTTP/1.1" 500 1034 "-" "Mozilla/5.0 (Linux; Android 6.0.1; Nexus 5X Build/MMB29P) AppleWebKit/537.36 (KHTML, like Gecko) Chrome/137.0.7151.103 Mobile Safari/537.36 (compatible; Googlebot/2.1; +http://www.google.com/bot.html)"
66.249.74.137 - - [17/Jul/2025:12:56:37 -0400] "GET /index.php/product/edit/27625597/shopdetail/100893046/shopdetail/164941446/feature/osu_main/index.html HTTP/1.1" 500 1034 "-" "Mozilla/5.0 (Linux; Android 6.0.1; Nexus 5X Build/MMB29P) AppleWebKit/537.36 (KHTML, like Gecko) Chrome/137.0.7151.103 Mobile Safari/537.36 (compatible; Googlebot/2.1; +http://www.google.com/bot.html)"
66.249.74.137 - - [17/Jul/2025:12:56:46 -0400] "GET /index.php/zhHant/product/surugaya/98389501/feature/index.html/shopdetail/102017046/product_archives/shopdetail/63065646/shopdetail/14123646 HTTP/1.1" 500 1034 "-" "Mozilla/5.0 (Linux; Android 6.0.1; Nexus 5X Build/MMB29P) AppleWebKit/537.36 (KHTML, like Gecko) Chrome/137.0.7151.103 Mobile Safari/537.36 (compatible; Googlebot/2.1; +http://www.google.com/bot.html)"
66.249.74.137 - - [17/Jul/2025:12:56:57 -0400] "GET /index.php/safe_search/config/shopdetail/155354846/shopdetail/34142946/feature/utsunomiya/index.html HTTP/1.1" 500 1034 "-" "Mozilla/5.0 (Linux; Android 6.0.1; Nexus 5X Build/MMB29P) AppleWebKit/537.36 (KHTML, like Gecko) Chrome/137.0.7151.103 Mobile Safari/537.36 (compatible; Googlebot/2.1; +http://www.google.com/bot.html)"
66.249.74.128 - - [17/Jul/2025:12:57:14 -0400] "GET /robots.txt HTTP/1.1" 500 1034 "-" "Mozilla/5.0 (compatible; Googlebot/2.1; +http://www.google.com/bot.html)"
66.249.74.129 - - [17/Jul/2025:12:57:14 -0400] "GET /index.php/zhHant/product/surugaya/98389501/feature/index.html/shopdetail/134989546/product_archives/shopdetail/29933946 HTTP/1.1" 500 1034 "-" "Mozilla/5.0 (Linux; Android 6.0.1; Nexus 5X Build/MMB29P) AppleWebKit/537.36 (KHTML, like Gecko) Chrome/137.0.7151.103 Mobile Safari/537.36 (compatible; Googlebot/2.1; +http://www.google.com/bot.html)"
66.249.74.128 - - [17/Jul/2025:12:57:37 -0400] "GET /index.php/safe_search/config/shopdetail/155059146/shopdetail/145333646/feature/idol/gradol.html/shopdetail/89902446/pcmypage/shopdetail/114607446/cd.html HTTP/1.1" 500 1034 "-" "Mozilla/5.0 (Linux; Android 6.0.1; Nexus 5X Build/MMB29P) AppleWebKit/537.36 (KHTML, like Gecko) Chrome/137.0.7151.103 Mobile Safari/537.36 (compatible; Googlebot/2.1; +http://www.google.com/bot.html)"
66.249.74.137 - - [17/Jul/2025:12:57:52 -0400] "GET /shopdetail/75558446 HTTP/1.1" 500 1034 "-" "Mozilla/5.0 (Linux; Android 6.0.1; Nexus 5X Build/MMB29P) AppleWebKit/537.36 (KHTML, like Gecko) Chrome/137.0.7151.103 Mobile Safari/537.36 (compatible; Googlebot/2.1; +http://www.google.com/bot.html)"
66.249.74.137 - - [17/Jul/2025:12:57:52 -0400] "GET /index.php/safe_search/config/shopdetail/155059146/shopdetail/145333646/feature/idol/gradol.html/shopdetail/89902446/pcmypage/shopdetail/37105946/shopdetail/38643746 HTTP/1.1" 500 1034 "-" "Mozilla/5.0 (Linux; Android 6.0.1; Nexus 5X Build/MMB29P) AppleWebKit/537.36 (KHTML, like Gecko) Chrome/137.0.7151.103 Mobile Safari/537.36 (compatible; Googlebot/2.1; +http://www.google.com/bot.html)"
43.167.232.38 - - [17/Jul/2025:12:58:00 -0400] "GET / HTTP/1.1" 500 1215 "http://katmoulton.com" "Mozilla/5.0 (iPhone; CPU iPhone OS 13_2_3 like Mac OS X) AppleWebKit/605.1.15 (KHTML, like Gecko) Version/13.0.3 Mobile/15E148 Safari/604.1"
66.249.74.160 - - [17/Jul/2025:12:58:14 -0400] "GET /shopdetail/133366246 HTTP/1.1" 500 1034 "-" "Mozilla/5.0 (compatible; Googlebot/2.1; +http://www.google.com/bot.html)"
66.249.74.162 - - [17/Jul/2025:12:58:14 -0400] "GET /robots.txt HTTP/1.1" 500 1034 "-" "Mozilla/5.0 (compatible; Googlebot/2.1; +http://www.google.com/bot.html)"
66.249.74.129 - - [17/Jul/2025:12:58:36 -0400] "GET /index.php/zhHant/product/surugaya/82387705/shopdetail/108851946/shopdetail/14596546/feature/yokohama_maruicity/index.html/shopdetail/45903746/shopdetail/148518246/man/kaitori/ansin.html HTTP/1.1" 500 1034 "-" "Mozilla/5.0 (Linux; Android 6.0.1; Nexus 5X Build/MMB29P) AppleWebKit/537.36 (KHTML, like Gecko) Chrome/137.0.7151.103 Mobile Safari/537.36 (compatible; Googlebot/2.1; +http://www.google.com/bot.html)"
66.249.74.129 - - [17/Jul/2025:12:58:36 -0400] "GET /robots.txt HTTP/1.1" 500 1034 "-" "Mozilla/5.0 (compatible; Googlebot/2.1; +http://www.google.com/bot.html)"
66.249.74.128 - - [17/Jul/2025:12:58:44 -0400] "GET /index.php/product/edit/11532883/pcmypage/shopdetail/112806346/shopdetail/80227846 HTTP/1.1" 500 1034 "-" "Mozilla/5.0 (Linux; Android 6.0.1; Nexus 5X Build/MMB29P) AppleWebKit/537.36 (KHTML, like Gecko) Chrome/137.0.7151.103 Mobile Safari/537.36 (compatible; Googlebot/2.1; +http://www.google.com/bot.html)"
66.249.74.137 - - [17/Jul/2025:12:58:53 -0400] "GET /index.php/safe_search/config/shopdetail/155354846/shopdetail/34142946/hobby/boardgame/index.html HTTP/1.1" 500 1034 "-" "Mozilla/5.0 (Linux; Android 6.0.1; Nexus 5X Build/MMB29P) AppleWebKit/537.36 (KHTML, like Gecko) Chrome/137.0.7151.103 Mobile Safari/537.36 (compatible; Googlebot/2.1; +http://www.google.com/bot.html)"
66.249.74.128 - - [17/Jul/2025:12:59:02 -0400] "GET /index.php/product/edit/33705312/shopdetail/127098246/shopdetail/73656246/feature/campaign/index.html/shopdetail/128015346/shopdetail/154976046 HTTP/1.1" 500 1034 "-" "Mozilla/5.0 (Linux; Android 6.0.1; Nexus 5X Build/MMB29P) AppleWebKit/537.36 (KHTML, like Gecko) Chrome/137.0.7151.103 Mobile Safari/537.36 (compatible; Googlebot/2.1; +http://www.google.com/bot.html)"
66.249.74.128 - - [17/Jul/2025:12:59:15 -0400] "GET /index.php/safe_search/config/shopdetail/155354846/shopdetail/34142946/toreka/figure_menu.html HTTP/1.1" 500 1034 "-" "Mozilla/5.0 (Linux; Android 6.0.1; Nexus 5X Build/MMB29P) AppleWebKit/537.36 (KHTML, like Gecko) Chrome/137.0.7151.103 Mobile Safari/537.36 (compatible; Googlebot/2.1; +http://www.google.com/bot.html)"
66.249.74.137 - - [17/Jul/2025:12:59:33 -0400] "GET /index.php/safe_search/config/shopdetail/155059146/shopdetail/145333646/feature/idol/gradol.html/shopdetail/89902446/pcmypage/shopdetail/37105946/toreka/figure_menu.html HTTP/1.1" 500 1034 "-" "Mozilla/5.0 (Linux; Android 6.0.1; Nexus 5X Build/MMB29P) AppleWebKit/537.36 (KHTML, like Gecko) Chrome/137.0.7151.103 Mobile Safari/537.36 (compatible; Googlebot/2.1; +http://www.google.com/bot.html)"
66.249.74.137 - - [17/Jul/2025:12:59:50 -0400] "GET /index.php/zhHant/product/surugaya/82387705/shopdetail/108851946/shopdetail/14596546/feature/yokohama_maruicity/index.html/shopdetail/158620046/shopdetail/76804746/toreka/figure_menu.html HTTP/1.1" 500 1034 "-" "Mozilla/5.0 (Linux; Android 6.0.1; Nexus 5X Build/MMB29P) AppleWebKit/537.36 (KHTML, like Gecko) Chrome/137.0.7151.103 Mobile Safari/537.36 (compatible; Googlebot/2.1; +http://www.google.com/bot.html)"
66.249.74.137 - - [17/Jul/2025:12:59:50 -0400] "GET /robots.txt HTTP/1.1" 500 1034 "-" "Mozilla/5.0 (compatible; Googlebot/2.1; +http://www.google.com/bot.html)"
66.249.74.128 - - [17/Jul/2025:13:00:07 -0400] "GET /index.php/safe_search/config/shopdetail/155059146/shopdetail/145333646/feature/idol/gradol.html/shopdetail/89902446/pcmypage/shopdetail/35206346/recruit HTTP/1.1" 500 1034 "-" "Mozilla/5.0 (Linux; Android 6.0.1; Nexus 5X Build/MMB29P) AppleWebKit/537.36 (KHTML, like Gecko) Chrome/137.0.7151.103 Mobile Safari/537.36 (compatible; Googlebot/2.1; +http://www.google.com/bot.html)"
66.249.74.137 - - [17/Jul/2025:13:00:25 -0400] "GET /index.php/safe_search/config/shopdetail/155059146/shopdetail/145333646/feature/idol/gradol.html/shopdetail/119308546/shopdetail/22330346 HTTP/1.1" 500 1034 "-" "Mozilla/5.0 (Linux; Android 6.0.1; Nexus 5X Build/MMB29P) AppleWebKit/537.36 (KHTML, like Gecko) Chrome/137.0.7151.103 Mobile Safari/537.36 (compatible; Googlebot/2.1; +http://www.google.com/bot.html)"
66.249.74.137 - - [17/Jul/2025:13:00:57 -0400] "GET /index.php/product/edit/11532883/pcmypage/shopdetail/112806346/shopdetail/140876346 HTTP/1.1" 500 1034 "-" "Mozilla/5.0 (Linux; Android 6.0.1; Nexus 5X Build/MMB29P) AppleWebKit/537.36 (KHTML, like Gecko) Chrome/137.0.7151.103 Mobile Safari/537.36 (compatible; Googlebot/2.1; +http://www.google.com/bot.html)"
66.249.74.137 - - [17/Jul/2025:13:00:57 -0400] "GET /robots.txt HTTP/1.1" 500 1034 "-" "Mozilla/5.0 (compatible; Googlebot/2.1; +http://www.google.com/bot.html)"
66.249.74.129 - - [17/Jul/2025:13:01:06 -0400] "GET /index.php/product/edit/27625597/shopdetail/100893046/shopdetail/96712346/pcmypage//cd.html HTTP/1.1" 500 1034 "-" "Mozilla/5.0 (Linux; Android 6.0.1; Nexus 5X Build/MMB29P) AppleWebKit/537.36 (KHTML, like Gecko) Chrome/137.0.7151.103 Mobile Safari/537.36 (compatible; Googlebot/2.1; +http://www.google.com/bot.html)"
66.249.74.128 - - [17/Jul/2025:13:01:17 -0400] "GET /index.php/product/edit/49845240/shopdetail/15947846/shopdetail/23773546/hobby.html/shopdetail/18498246 HTTP/1.1" 500 1034 "-" "Mozilla/5.0 (Linux; Android 6.0.1; Nexus 5X Build/MMB29P) AppleWebKit/537.36 (KHTML, like Gecko) Chrome/137.0.7151.103 Mobile Safari/537.36 (compatible; Googlebot/2.1; +http://www.google.com/bot.html)"
66.249.74.137 - - [17/Jul/2025:13:01:27 -0400] "GET /shopdetail/119723746 HTTP/1.1" 500 1034 "-" "Mozilla/5.0 (compatible; Googlebot/2.1; +http://www.google.com/bot.html)"
66.249.74.129 - - [17/Jul/2025:13:02:09 -0400] "GET /robots.txt HTTP/1.1" 500 1034 "-" "Mozilla/5.0 (compatible; Googlebot/2.1; +http://www.google.com/bot.html)"
66.249.74.137 - - [17/Jul/2025:13:02:09 -0400] "GET /index.php/product/edit/49845240/shopdetail/15947846/shopdetail/23773546/hobby.html/pcmypage?callback=/product%2Fdetail%2F22014940 HTTP/1.1" 500 1034 "-" "Mozilla/5.0 (Linux; Android 6.0.1; Nexus 5X Build/MMB29P) AppleWebKit/537.36 (KHTML, like Gecko) Chrome/137.0.7151.103 Mobile Safari/537.36 (compatible; Googlebot/2.1; +http://www.google.com/bot.html)"
Upload File
Create Folder